000
CXUS51 KAKQ 010810
CF6OFP
PRELIMINARY LOCAL CLIMATOLOGICAL DATA (WS FORM: F-6)
STATION: RICHMOND/HANOVER
MONTH: DECEMBER
YEAR: 2021
LATITUDE: 37 42 N
LONGITUDE: 77 26 W
TEMPERATURE IN F: :PCPN: SNOW: WIND :SUNSHINE: SKY :PK WND
================================================================================
1 2 3 4 5 6A 6B 7 8 9 10 11 12 13 14 15 16 17 18
12Z AVG MX 2MIN
DY MAX MIN AVG DEP HDD CDD WTR SNW DPTH SPD SPD DIR MIN PSBL S-S WX SPD DR
================================================================================
1 60 32 46 2 19 0 T M M 3.4 8 190 M M 1 M M
2 69 40 55 11 10 0 0.00 M M 7.9 16 230 M M 1 30 230
3 65 40 53 9 12 0 0.00 M M 3.1 8 230 M M 0 M M
4 59 34 47 4 18 0 0.00 M M 1.2 6 99 M M 0 M M
5 58 31 45 2 20 0 0.00 M M 2.3 6 100 M M 5 1 M M
6 72 41 57 14 8 0 0.00 M M 9.6 18 310 M M 4 31 310
7 50 29 40 -3 25 0 0.00 M M 3.0 10 320 M M 0 23 320
8 44 28 36 -6 29 0 T M M 0.8 4 330 M M 5 8 M M
9 45 24 35 -7 30 0 0.00 M M 2.1 9 160 M M 0 M M
10 54 31 43 1 22 0 0.00 M M 6.5 10 190 M M 7 M M
11 72 53 63 21 2 0 0.27 M M 11.2 18 240 M M 9 1 35 220
12 56 30 43 1 22 0 0.00 M M 4.5 15 310 M M 1 23 310
13 58 27 43 2 22 0 0.00 M M 2.7 12 230 M M 0 M M
14 60 28 44 3 21 0 0.00 M M 1.5 7 40 M M 0 8 M M
15 61 31 46 5 19 0 0.00 M M 0.7 3 290 M M 2 12 M M
16 70 37 54 13 11 0 0.00 M M 9.3 21 220 M M 0 1 30 230
17 73 58 66 26 0 1 0.00 M M 4.8 10 220 M M 5 23 220
18 65 53 59 19 6 0 0.18 M M 4.1 8 210 M M 10 1 M M
19 65 33 49 9 16 0 0.22 M M 5.8 12 360 M M 6 1 23 99
20 43 26 35 -5 30 0 0.00 M M 2.0 6 99 M M 0 M M
21 41 25 33 -7 32 0 0.11 M M 0.8 6 90 M M 7 1 M M
22 57 30 44 4 21 0 0.02 M M 3.9 12 310 M M 3 1 M M
23 45 24 35 -4 30 0 0.00 M M 1.8 9 180 M M 0 13 170
24 63 36 50 11 15 0 0.00 M M 8.3 15 190 M M 0 21 190
25 72 54 63 24 2 0 0.00 M M 11.4 21 250 M M 1 30 230
26 71 44 58 19 7 0 0.00 M M 3.3 14 290 M M 0 12 17 290
27 49 37 43 4 22 0 0.00 M M 1.2 7 80 M M 6 M M
28 62 44 53 14 12 0 0.00 M M 2.8 10 180 M M 4 14 150
29 66 52 59 21 6 0 0.32 M M 4.5 12 210 M M 7 1 M M
30 55 51 53 15 12 0 0.03 M M 2.0 5 10 M M 10 1 M M
31 64 52 58 20 7 0 0.11 M M 3.9 9 180 M M 8 1 M M
================================================================================
SM 1844 1155 508 1 1.26 M 130.3 M 102
================================================================================
AV 59.5 37.3 4.2 FASTST M M 3 MAX(MPH)
MISC ----> 21 250 35 220
================================================================================
NOTES:
# LAST OF SEVERAL OCCURRENCES
COLUMN 17 PEAK WIND IN M.P.H.
PRELIMINARY LOCAL CLIMATOLOGICAL DATA (WS FORM: F-6) , PAGE 2
STATION: RICHMOND/HANOVER
MONTH: DECEMBER
YEAR: 2021
LATITUDE: 37 42 N
LONGITUDE: 77 26 W
[TEMPERATURE DATA] [PRECIPITATION DATA] SYMBOLS USED IN COLUMN 16
AVERAGE MONTHLY: 48.4 TOTAL FOR MONTH: 1.26 1 = FOG OR MIST
DPTR FM NORMAL: 7.5 DPTR FM NORMAL: -2.42 2 = FOG REDUCING VISIBILITY
HIGHEST: 73 ON 17 GRTST 24HR 0.32 ON 29-29 TO 1/4 MILE OR LESS
LOWEST: 24 ON 23, 9 3 = THUNDER
SNOW, ICE PELLETS, HAIL 4 = ICE PELLETS
TOTAL MONTH: M 5 = HAIL
GRTST 24HR M ON M 6 = FREEZING RAIN OR DRIZZLE
GRTST DEPTH: M ON M 7 = DUSTSTORM OR SANDSTORM:
VSBY 1/2 MILE OR LESS
8 = SMOKE OR HAZE
[NO. OF DAYS WITH] [WEATHER - DAYS WITH] 9 = BLOWING SNOW
X = TORNADO
MAX 32 OR BELOW: 0 0.01 INCH OR MORE: 8
MAX 90 OR ABOVE: 0 0.10 INCH OR MORE: 6
MIN 32 OR BELOW: 14 0.50 INCH OR MORE: 0
MIN 0 OR BELOW: 0 1.00 INCH OR MORE: 0
[HDD (BASE 65) ]
TOTAL THIS MO. 508 CLEAR (SCALE 0-3) 17
DPTR FM NORMAL -241 PTCLDY (SCALE 4-7) 11
TOTAL FM JUL 1 1111 CLOUDY (SCALE 8-10) 3
DPTR FM NORMAL -391
[CDD (BASE 65) ]
TOTAL THIS MO. 1
DPTR FM NORMAL 0 [PRESSURE DATA]
TOTAL FM JAN 1 1695 HIGHEST SLP M ON M
DPTR FM NORMAL 274 LOWEST SLP M ON M
[REMARKS]
#FINAL-12-21#