000
CXHW52 PHFO 011702
CF6OGG
PRELIMINARY LOCAL CLIMATOLOGICAL DATA (WS FORM: F-6)
STATION: KAHULUI HI
MONTH: NOVEMBER
YEAR: 2021
LATITUDE: 20 53 N
LONGITUDE: 156 26 W
TEMPERATURE IN F: :PCPN: SNOW: WIND :SUNSHINE: SKY :PK WND
================================================================================
1 2 3 4 5 6A 6B 7 8 9 10 11 12 13 14 15 16 17 18
12Z AVG MX 2MIN
DY MAX MIN AVG DEP HDD CDD WTR SNW DPTH SPD SPD DIR MIN PSBL S-S WX SPD DR
================================================================================
1 87 64 76 -2 0 11 T M M 6.1 14 200 M M 3 18 17 210
2 87 67 77 -1 0 12 0.00 M M 6.4 15 30 M M 4 8 19 30
3 88 67 78 0 0 13 0.00 M M 11.9 29 50 M M 2 34 40
4 89 73 81 3 0 16 0.00 M M 15.8 31 40 M M 3 36 50
5 90 75 83 5 0 18 0.00 M M 17.8 29 50 M M 1 39 50
6 90 76 83 5 0 18 0.00 M M 18.4 30 70 M M 1 39 60
7 87 73 80 2 0 15 T M M 15.6 28 40 M M 3 33 40
8 88 66 77 -1 0 12 0.00 M M 13.8 25 50 M M 1 32 50
9 88 66 77 -1 0 12 0.00 M M 6.5 16 30 M M 1 20 30
10 90 64 77 -1 0 12 0.00 M M 6.9 17 20 M M 1 21 40
11 88 63 76 -2 0 11 0.00 M M 9.0 21 70 M M 3 27 60
12 88 66 77 0 0 12 0.00 M M 5.0 14 320 M M 2 8 17 330
13 88 65 77 0 0 12 0.00 M M 6.5 15 30 M M 3 18 20
14 82 74 78 1 0 13 0.04 M M 3.5 9 50 M M 6 18 12 320
15 87 70 79 2 0 14 T M M 9.2 22 40 M M 4 18 28 40
16 89 68 79 2 0 14 0.00 M M 5.1 13 40 M M 2 18 19 330
17 86 70 78 1 0 13 0.00 M M 8.2 16 30 M M 3 19 40
18 87 69 78 1 0 13 0.00 M M 10.2 24 30 M M 2 29 30
19 89 66 78 1 0 13 0.00 M M 7.8 23 50 M M 1 29 40
20 90 65 78 1 0 13 0.00 M M 7.0 21 30 M M 2 29 50
21 89 70 80 3 0 15 0.00 M M 12.9 25 30 M M 2 33 60
22 84 64 74 -3 0 9 0.00 M M 11.2 26 70 M M 4 35 80
23 87 65 76 0 0 11 0.00 M M 8.5 22 40 M M 2 27 30
24 87 60 74 -2 0 9 0.00 M M 7.3 20 30 M M 1 27 40
25 85 60 73 -3 0 8 0.00 M M 13.2 28 50 M M 2 35 70
26 83 65 74 -2 0 9 0.00 M M 11.6 23 30 M M 1 27 20
27 84 62 73 -3 0 8 T M M 9.2 22 20 M M 4 26 40
28 84 70 77 1 0 12 T M M 15.1 26 50 M M 5 1 33 30
29 83 68 76 0 0 11 0.17 M M 14.8 31 30 M M 3 1 35 30
30 89 68 79 3 0 14 T M M 11.8 23 50 M M 2 30 60
================================================================================
SM 2613 2019 0 373 0.21 M 306.3 M 74
================================================================================
AV 87.1 67.3 10.2 FASTST M M 2 MAX(MPH)
MISC ----> # 31 40 # 39 50
================================================================================
NOTES:
# LAST OF SEVERAL OCCURRENCES
COLUMN 17 PEAK WIND IN M.P.H.
PRELIMINARY LOCAL CLIMATOLOGICAL DATA (WS FORM: F-6) , PAGE 2
STATION: KAHULUI HI
MONTH: NOVEMBER
YEAR: 2021
LATITUDE: 20 53 N
LONGITUDE: 156 26 W
[TEMPERATURE DATA] [PRECIPITATION DATA] SYMBOLS USED IN COLUMN 16
AVERAGE MONTHLY: 77.2 TOTAL FOR MONTH: 0.21 1 = FOG OR MIST
DPTR FM NORMAL: 0.1 DPTR FM NORMAL: -1.60 2 = FOG REDUCING VISIBILITY
HIGHEST: 90 ON 20,10 GRTST 24HR 0.17 ON 28-29 TO 1/4 MILE OR LESS
LOWEST: 60 ON 25,24 3 = THUNDER
SNOW, ICE PELLETS, HAIL 4 = ICE PELLETS
TOTAL MONTH: M 5 = HAIL
GRTST 24HR M ON M 6 = FREEZING RAIN OR DRIZZLE
GRTST DEPTH: M ON M 7 = DUSTSTORM OR SANDSTORM:
VSBY 1/2 MILE OR LESS
8 = SMOKE OR HAZE
[NO. OF DAYS WITH] [WEATHER - DAYS WITH] 9 = BLOWING SNOW
X = TORNADO
MAX 32 OR BELOW: 0 0.01 INCH OR MORE: 2
MAX 90 OR ABOVE: 4 0.10 INCH OR MORE: 1
MIN 32 OR BELOW: 0 0.50 INCH OR MORE: 0
MIN 0 OR BELOW: 0 1.00 INCH OR MORE: 0
[HDD (BASE 65) ]
TOTAL THIS MO. 0 CLEAR (SCALE 0-3) 23
DPTR FM NORMAL 0 PTCLDY (SCALE 4-7) 7
TOTAL FM JUL 1 0 CLOUDY (SCALE 8-10) 0
DPTR FM NORMAL 0
[CDD (BASE 65) ]
TOTAL THIS MO. 373
DPTR FM NORMAL 10 [PRESSURE DATA]
TOTAL FM JAN 1 3994 HIGHEST SLP 30.15 ON 7
DPTR FM NORMAL -130 LOWEST SLP 29.85 ON 30
[REMARKS]
#FINAL-11-21#