760
CXUS54 KOUN 181559
CF6OKC
PRELIMINARY LOCAL CLIMATOLOGICAL DATA (WS FORM: F-6)
STATION: OKLAHOMA CITY
MONTH: DECEMBER
YEAR: 2020
LATITUDE: 35 24 N
LONGITUDE: 97 36 W
TEMPERATURE IN F: :PCPN: SNOW: WIND :SUNSHINE: SKY :PK WND
================================================================================
1 2 3 4 5 6A 6B 7 8 9 10 11 12 13 14 15 16 17 18
12Z AVG MX 2MIN
DY MAX MIN AVG DEP HDD CDD WTR SNW DPTH SPD SPD DIR MIN PSBL S-S WX SPD DR
================================================================================
1 56 26 41 -3 24 0 0.00 0.0 0 13.0 23 140 M M 1 28 140
2 44 37 41 -3 24 0 0.09 0.0 0 9.9 21 320 M M 9 1 23 320
3 41 25 33 -10 32 0 0.04 T 0 12.0 24 340 M M 8 1 28 330
4 54 22 38 -5 27 0 0.00 0.0 0 5.9 12 280 M M 0 17 280
5 56 25 41 -2 24 0 0.00 0.0 0 7.5 17 340 M M 3 21 330
6 56 30 43 1 22 0 0.00 0.0 0 9.8 16 330 M M 2 21 320
7 63 27 45 3 20 0 0.00 0.0 0 6.1 12 330 M M 0 14 340
8 64 32 48 6 17 0 0.00 0.0 0 6.4 13 330 M M 1 17 330
9 71 35 53 11 12 0 0.00 0.0 0 4.2 10 220 M M 1 13 220
10 72 33 53 12 12 0 T 0.0 0 9.4 22 180 M M 3 26 190
11 57 36 47 6 18 0 0.04 0.0 0 11.1 20 340 M M 7 1 25 340
12 44 28 36 -5 29 0 0.00 0.0 0 10.0 22 330 M M 6 27 330
13 36 22 29 -12 36 0 0.55 3.4 0 14.7 25 350 M M 9 12456 31 340
14 39 18 29 -11 36 0 0.00 0.0 2 6.7 14 90 M M 4 1 16 90
15 32 27 30 -10 35 0 0.22 3.2 1 9.8 18 110 M M 10 12 23 110
16 34 24 29 -11 36 0 0.00 0.0 4 6.5 14 330 M M 7 1 15 330
17 52 22 37 -3 28 0 0.00 0.0 2 5.9 12 170 M M 2 1 14 150
18 57 37 47 7 18 0 0.00 0.0 0 15.6 35 200 M M 8 47 190
19 49 30 40 0 25 0 0.00 0.0 0 8.3 16 360 M M 2 19 360
20 56 27 42 2 23 0 0.00 0.0 0 8.0 20 320 M M 2 22 340
21 65 34 50 11 15 0 0.00 0.0 0 7.0 15 20 M M 3 17 30
22 68 33 51 12 14 0 0.00 0.0 0 14.3 29 190 M M 4 36 180
23 59 27 43 4 22 0 0.00 0.0 0 24.1 41 330 M M 3 50 320
24 49 20 35 -4 30 0 0.00 0.0 0 10.3 30 310 M M 2 38 320
25 58 21 40 1 25 0 0.00 0.0 0 7.4 16 220 M M 0 19 230
26 64 29 47 8 18 0 0.00 0.0 0 12.5 25 210 M M 1 31 230
27 63 44 54 15 11 0 0.00 0.0 0 17.0 28 190 M M 4 35 190
28 48 37 43 4 22 0 T 0.0 0 11.5 17 80 M M 8 23 80
29 57 39 48 9 17 0 0.38 0.0 0 16.6 30 350 M M 10 13 37 150
30 42 31 37 -2 28 0 0.74 0.0 0 15.0 25 360 M M 9 13 30 360
31 35 27 31 -8 34 0 0.68 T 0 15.5 33 20 M M 8 146 41 20
================================================================================
SM 1641 905 734 0 2.74 6.6 332.0 M 137
================================================================================
AV 52.9 29.2 10.7 FASTST M M 4 MAX(MPH)
MISC ----> 41 330 50 320
================================================================================
NOTES:
# LAST OF SEVERAL OCCURRENCES
COLUMN 17 PEAK WIND IN M.P.H.
PRELIMINARY LOCAL CLIMATOLOGICAL DATA (WS FORM: F-6) , PAGE 2
STATION: OKLAHOMA CITY
MONTH: DECEMBER
YEAR: 2020
LATITUDE: 35 24 N
LONGITUDE: 97 36 W
[TEMPERATURE DATA] [PRECIPITATION DATA] SYMBOLS USED IN COLUMN 16
AVERAGE MONTHLY: 41.1 TOTAL FOR MONTH: 2.74 1 = FOG OR MIST
DPTR FM NORMAL: 0.5 DPTR FM NORMAL: 0.86 2 = FOG REDUCING VISIBILITY
HIGHEST: 72 ON 10 GRTST 24HR 1.12 ON 29-30 TO 1/4 MILE OR LESS
LOWEST: 18 ON 14 3 = THUNDER
SNOW, ICE PELLETS, HAIL 4 = ICE PELLETS
TOTAL MONTH: 6.6 INCHES 5 = HAIL
GRTST 24HR 3.4 ON 13-13 6 = FREEZING RAIN OR DRIZZLE
GRTST DEPTH: 4 ON 16 7 = DUSTSTORM OR SANDSTORM:
VSBY 1/2 MILE OR LESS
8 = SMOKE OR HAZE
[NO. OF DAYS WITH] [WEATHER - DAYS WITH] 9 = BLOWING SNOW
X = TORNADO
MAX 32 OR BELOW: 1 0.01 INCH OR MORE: 8
MAX 90 OR ABOVE: 0 0.10 INCH OR MORE: 5
MIN 32 OR BELOW: 21 0.50 INCH OR MORE: 3
MIN 0 OR BELOW: 0 1.00 INCH OR MORE: 0
[HDD (BASE 65) ]
TOTAL THIS MO. 734 CLEAR (SCALE 0-3) 15
DPTR FM NORMAL -22 PTCLDY (SCALE 4-7) 9
TOTAL FM JUL 1 1370 CLOUDY (SCALE 8-10) 7
DPTR FM NORMAL 14
[CDD (BASE 65) ]
TOTAL THIS MO. 0
DPTR FM NORMAL 0 [PRESSURE DATA]
TOTAL FM JAN 1 1778 HIGHEST SLP 30.38 ON 28
DPTR FM NORMAL -321 LOWEST SLP 29.64 ON 23
[REMARKS]
#FINAL-12-20#