000
CXUS54 KOUN 011438
CF6OKC
PRELIMINARY LOCAL CLIMATOLOGICAL DATA (WS FORM: F-6)
STATION: OKLAHOMA CITY
MONTH: OCTOBER
YEAR: 2023
LATITUDE: 35 24 N
LONGITUDE: 97 36 W
TEMPERATURE IN F: :PCPN: SNOW: WIND :SUNSHINE: SKY :PK WND
================================================================================
1 2 3 4 5 6A 6B 7 8 9 10 11 12 13 14 15 16 17 18
12Z AVG MX 2MIN
DY MAX MIN AVG DEP HDD CDD WTR SNW DPTH SPD SPD DIR MIN PSBL S-S WX SPD DR
================================================================================
1 89 62 76 9 0 11 0.00 0.0 0 8.4 15 150 M M 5 21 150
2 89 61 75 8 0 10 0.00 0.0 0 9.7 17 140 M M 5 23 130
3 88 67 78 12 0 13 0.00 0.0 0 13.8 23 170 M M 7 34 180
4 81 63 72 6 0 7 1.15 0.0 0 8.0 18 10 M M 8 13 25 330
5 81 63 72 6 0 7 0.00 0.0 0 7.6 18 340 M M 5 1 26 330
6 76 53 65 0 0 0 0.00 0.0 0 11.7 23 360 M M 4 32 30
7 66 43 55 -10 10 0 0.00 0.0 0 5.3 10 360 M M 2 15 30
8 79 43 61 -3 4 0 0.00 0.0 0 8.0 17 220 M M 0 25 190
9 83 51 67 3 0 2 0.00 0.0 0 6.5 12 70 M M 1 16 80
10 87 58 73 9 0 8 0.00 0.0 0 9.4 20 180 M M 1 28 190
11 81 61 71 8 0 6 0.00 0.0 0 17.1 29 180 M M 4 40 160
12 76 63 70 7 0 5 0.26 0.0 0 19.6 28 170 M M 8 13 38 170
13 69 52 61 -1 4 0 T 0.0 0 18.2 32 320 M M 2 13 41 320
14 63 47 55 -7 10 0 0.00 0.0 0 16.2 26 330 M M 1 35 330
15 61 45 53 -9 12 0 0.00 0.0 0 14.0 23 350 M M 5 32 340
16 63 38 51 -10 14 0 0.00 0.0 0 6.6 16 330 M M 1 24 10
17 74 37 56 -5 9 0 0.00 0.0 0 8.3 16 180 M M 0 23 180
18 81 48 65 5 0 0 0.00 0.0 0 9.1 17 190 M M 1 22 190
19 83 44 64 4 1 0 0.00 0.0 0 5.5 15 300 M M 1 21 290
20 87 55 71 11 0 6 0.00 0.0 0 5.4 10 340 M M 0 14 310
21 89 55 72 13 0 7 0.00 0.0 0 7.1 20 210 M M 7 27 220
22 88 56 72 13 0 7 0.00 0.0 0 10.4 20 160 M M 5 31 180
23 82 64 73 15 0 8 T 0.0 0 14.9 25 160 M M 7 36 170
24 72 61 67 9 0 2 1.60 0.0 0 16.6 24 170 M M 10 1 35 160
25 74 64 69 11 0 4 0.22 0.0 0 14.5 25 180 M M 10 1 36 180
26 81 64 73 16 0 8 0.01 0.0 0 14.0 23 180 M M 6 1 34 170
27 73 48 61 4 4 0 T 0.0 0 15.0 28 340 M M 7 34 340
28 49 37 43 -13 22 0 0.24 0.0 0 13.1 22 350 M M 10 1 27 350
29 38 34 36 -20 29 0 0.57 0.0 0 20.1 28 360 M M 10 1 39 350
30 46 27 37 -19 28 0 0.00 0.0 0 11.8 28 10 M M 2 39 350
31 48 25 37 -18 28 0 0.00 0.0 0 10.8 24 350 M M 0 1 32 360
================================================================================
SM 2297 1589 175 111 4.05 0.0 356.7 M 135
================================================================================
AV 74.1 51.3 11.5 FASTST M M 4 MAX(MPH)
MISC ----> 32 320 41 320
================================================================================
NOTES:
# LAST OF SEVERAL OCCURRENCES
COLUMN 17 PEAK WIND IN M.P.H.
PRELIMINARY LOCAL CLIMATOLOGICAL DATA (WS FORM: F-6) , PAGE 2
STATION: OKLAHOMA CITY
MONTH: OCTOBER
YEAR: 2023
LATITUDE: 35 24 N
LONGITUDE: 97 36 W
[TEMPERATURE DATA] [PRECIPITATION DATA] SYMBOLS USED IN COLUMN 16
AVERAGE MONTHLY: 62.7 TOTAL FOR MONTH: 4.05 1 = FOG OR MIST
DPTR FM NORMAL: 1.6 DPTR FM NORMAL: 0.73 2 = FOG REDUCING VISIBILITY
HIGHEST: 89 ON 21, 2 GRTST 24HR 1.60 ON 24-24 TO 1/4 MILE OR LESS
LOWEST: 25 ON 31 3 = THUNDER
SNOW, ICE PELLETS, HAIL 4 = ICE PELLETS
TOTAL MONTH: 0.0 INCH 5 = HAIL
GRTST 24HR 0.0 6 = FREEZING RAIN OR DRIZZLE
GRTST DEPTH: 0 7 = DUSTSTORM OR SANDSTORM:
VSBY 1/2 MILE OR LESS
8 = SMOKE OR HAZE
[NO. OF DAYS WITH] [WEATHER - DAYS WITH] 9 = BLOWING SNOW
X = TORNADO
MAX 32 OR BELOW: 0 0.01 INCH OR MORE: 7
MAX 90 OR ABOVE: 0 0.10 INCH OR MORE: 6
MIN 32 OR BELOW: 2 0.50 INCH OR MORE: 3
MIN 0 OR BELOW: 0 1.00 INCH OR MORE: 2
[HDD (BASE 65) ]
TOTAL THIS MO. 175 CLEAR (SCALE 0-3) 13
DPTR FM NORMAL -2 PTCLDY (SCALE 4-7) 14
TOTAL FM JUL 1 175 CLOUDY (SCALE 8-10) 4
DPTR FM NORMAL -21
[CDD (BASE 65) ]
TOTAL THIS MO. 111
DPTR FM NORMAL 55 [PRESSURE DATA]
TOTAL FM JAN 1 2162 HIGHEST SLP 30.52 ON 31
DPTR FM NORMAL 300 LOWEST SLP 29.47 ON 12
[REMARKS]
#FINAL-10-23#