610
CXUS55 KSEW 030153
CF6OLM
PRELIMINARY LOCAL CLIMATOLOGICAL DATA (WS FORM: F-6)
STATION: OLYMPIA WA AIRPORT
MONTH: OCTOBER
YEAR: 2020
LATITUDE: 46 58 N
LONGITUDE: 122 54 W
TEMPERATURE IN F: :PCPN: SNOW: WIND :SUNSHINE: SKY :PK WND
================================================================================
1 2 3 4 5 6A 6B 7 8 9 10 11 12 13 14 15 16 17 18
12Z AVG MX 2MIN
DY MAX MIN AVG DEP HDD CDD WTR SNW DPTH SPD SPD DIR MIN PSBL S-S WX SPD DR
================================================================================
1 71 49 60 6 5 0 0.00 0.0 0 2.2 8 10 M M 6 128 10 20
2 74 46 60 6 5 0 0.00 0.0 0 1.4 7 20 M M 6 128 9 20
3 64 54 59 5 6 0 0.00 0.0 0 3.1 7 20 M M 10 128 9 20
4 62 50 56 2 9 0 0.00 0.0 0 1.6 7 20 M M 10 12 10 10
5 68 48 58 5 7 0 0.00 0.0 0 4.8 15 20 M M 5 12 18 20
6 72 47 60 7 5 0 0.00 0.0 0 4.4 10 30 M M 3 12 14 20
7 68 45 57 4 8 0 0.00 0.0 0 0.8 6 200 M M 4 128 7 110
8 67 50 59 7 6 0 0.00 0.0 0 6.0 15 190 M M 6 20 190
9 69 51 60 8 5 0 0.71 0.0 0 5.1 14 220 M M 9 1 19 220
10 61 49 55 3 10 0 0.83 0.0 0 9.4 20 270 M M 7 1 26 270
11 59 47 53 1 12 0 0.88 0.0 0 11.3 24 190 M M 7 1 34 170
12 62 47 55 4 10 0 0.02 0.0 0 7.5 21 240 M M 4 1 29 250
13 62 49 56 5 9 0 0.81 0.0 0 13.3 33 260 M M 7 1 45 270
14 62 41 52 1 13 0 0.02 0.0 0 7.6 17 270 M M 4 1 22 260
15 62 36 49 -1 16 0 0.00 0.0 0 2.2 12 210 M M 7 12 14 210
16 63 51 57 7 8 0 0.06 0.0 0 10.8 21 220 M M 8 18 26 210
17 62 50 56 6 9 0 T 0.0 0 8.7 17 220 M M 8 22 230
18 65 50 58 8 7 0 0.38 0.0 0 9.7 16 200 M M 9 18 21 230
19 61 43 52 3 13 0 0.00 0.0 0 9.6 18 260 M M 6 8 24 250
20 61 42 52 3 13 0 0.00 0.0 0 2.6 12 220 M M 2 1 13 270
21 59 35 47 -2 18 0 0.01 0.0 0 6.8 21 80 M M 5 12 26 60
22 52 31 42 -7 23 0 0.00 0.0 0 1.3 7 40 M M 7 12 10 20
23 48 31 40 -8 25 0 0.21 0.0 0 8.0 22 220 M M 10 128 32 220
24 51 36 44 -4 21 0 T 0.0 0 8.1 17 60 M M 6 22 60
25 49 26 38 -10 27 0 0.00 0.0 0 6.6 15 10 M M 0 22 30
26 53 26 40 -8 25 0 T 0.0 0 2.0 8 350 M M 2 12 350
27 59 27 43 -5 22 0 0.00 0.0 0 1.4 6 180 M M 4 1 10 210
28 63 36 50 3 15 0 0.00 0.0 0 3.1 9 210 M M 5 12 12 250
29 62 39 51 4 14 0 0.00 0.0 0 2.9 10 200 M M 7 12 14 200
30 58 33 46 -1 19 0 0.11 0.0 0 7.9 18 250 M M 4 1 25 260
31 56 28 42 -5 23 0 0.00 0.0 0 3.3 14 60 M M 2 12 18 30
================================================================================
SM 1905 1293 408 0 4.04 0.0 173.5 M 180
================================================================================
AV 61.5 41.7 5.6 FASTST M M 6 MAX(MPH)
MISC ----> # 33 260 # 45 270
================================================================================
NOTES:
# LAST OF SEVERAL OCCURRENCES
COLUMN 17 PEAK WIND IN M.P.H.
PRELIMINARY LOCAL CLIMATOLOGICAL DATA (WS FORM: F-6) , PAGE 2
STATION: OLYMPIA WA AIRPORT
MONTH: OCTOBER
YEAR: 2020
LATITUDE: 46 58 N
LONGITUDE: 122 54 W
[TEMPERATURE DATA] [PRECIPITATION DATA] SYMBOLS USED IN COLUMN 16
AVERAGE MONTHLY: 51.6 TOTAL FOR MONTH: 4.04 1 = FOG OR MIST
DPTR FM NORMAL: 1.3 DPTR FM NORMAL: -0.56 2 = FOG REDUCING VISIBILITY
HIGHEST: 74 ON 2 GRTST 24HR 0.88 ON 11-11 TO 1/4 MILE OR LESS
LOWEST: 26 ON 26,25 3 = THUNDER
SNOW, ICE PELLETS, HAIL 4 = ICE PELLETS
TOTAL MONTH: 0.0 INCH 5 = HAIL
GRTST 24HR 0.0 6 = FREEZING RAIN OR DRIZZLE
GRTST DEPTH: 0 7 = DUSTSTORM OR SANDSTORM:
VSBY 1/2 MILE OR LESS
8 = SMOKE OR HAZE
[NO. OF DAYS WITH] [WEATHER - DAYS WITH] 9 = BLOWING SNOW
X = TORNADO
MAX 32 OR BELOW: 0 0.01 INCH OR MORE: 11
MAX 90 OR ABOVE: 0 0.10 INCH OR MORE: 7
MIN 32 OR BELOW: 6 0.50 INCH OR MORE: 4
MIN 0 OR BELOW: 0 1.00 INCH OR MORE: 0
[HDD (BASE 65) ]
TOTAL THIS MO. 408 CLEAR (SCALE 0-3) 5
DPTR FM NORMAL -46 PTCLDY (SCALE 4-7) 19
TOTAL FM JUL 1 622 CLOUDY (SCALE 8-10) 7
DPTR FM NORMAL -172
[CDD (BASE 65) ]
TOTAL THIS MO. 0
DPTR FM NORMAL 0 [PRESSURE DATA]
TOTAL FM JAN 1 144 HIGHEST SLP 30.62 ON 15
DPTR FM NORMAL 38 LOWEST SLP 29.55 ON 10
[REMARKS]
CORRECTEDK0K
#FINAL-10-20#