000
CXUS55 KTWC 010855
CF6OLS
PRELIMINARY LOCAL CLIMATOLOGICAL DATA (WS FORM: F-6)
STATION: NOGALES AZ AIRPORT
MONTH: OCTOBER
YEAR: 2020
LATITUDE: 31 25 N
LONGITUDE: 110 51 W
TEMPERATURE IN F: :PCPN: SNOW: WIND :SUNSHINE: SKY :PK WND
================================================================================
1 2 3 4 5 6A 6B 7 8 9 10 11 12 13 14 15 16 17 18
12Z AVG MX 2MIN
DY MAX MIN AVG DEP HDD CDD WTR SNW DPTH SPD SPD DIR MIN PSBL S-S WX SPD DR
================================================================================
1 100 55 78 8 0 13 0.00 M M 3.4 13 260 M M 0 17 260
2 99 55 77 7 0 12 0.00 M M 2.7 12 260 M M 0 16 270
3 97 56 77 7 0 12 0.00 M M 4.0 14 260 M M 0 18 280
4 99 52 76 7 0 11 0.00 M M 4.0 10 220 M M 0 15 220
5 97 54 76 7 0 11 0.00 M M 4.5 14 310 M M M 20 290
6 97 54 76 7 0 11 0.00 M M 3.7 13 290 M M M 23 310
7 97 54 76 8 0 11 0.00 M M 4.5 13 250 M M M 20 240
8 93 54 74 6 0 9 0.00 M M 5.1 18 230 M M M 31 220
9 92 53 73 5 0 8 0.00 M M 5.9 21 200 M M M 29 210
10 90 52 71 4 0 6 0.00 M M 7.9 23 200 M M M 30 210
11 89 51 70 3 0 5 0.00 M M 4.0 17 210 M M M 22 220
12 93 52 73 7 0 8 0.00 M M 3.3 10 30 M M 0 15 220
13 97 57 77 11 0 12 0.00 M M 4.5 14 260 M M 0 19 280
14 96 56 76 10 0 11 0.00 M M 5.0 18 240 M M 0 27 260
15 92 56 74 8 0 9 0.00 M M 4.2 13 310 M M 0 18 320
16 98 53 76 11 0 11 0.00 M M 3.7 14 200 M M 0 19 220
17 94 54 74 9 0 9 0.00 M M 4.1 15 250 M M 0 21 250
18 92 51 72 8 0 7 0.00 M M 3.5 12 320 M M 0 18 270
19 93 50 72 8 0 7 0.00 M M 3.5 14 260 M M 0 20 250
20 92 48 70 6 0 5 0.00 M M 2.9 10 310 M M 0 15 280
21 91 50 71 7 0 6 0.00 M M 3.9 15 170 M M 0 20 220
22 87 52 70 7 0 5 0.00 M M 4.6 18 200 M M 0 25 210
23 87 55 71 8 0 6 0.00 M M 5.1 16 220 M M 0 22 170
24 90 55 73 10 0 8 0.00 M M 4.5 16 240 M M 0 24 180
25 83 58 71 9 0 6 T M M 9.2 33 210 M M 0 44 220
26 67 35 51 -11 14 0 0.00 M M 9.0 20 260 M M 5 27 270
27 55 27 41 -21 24 0 0.00 M M 6.6 15 310 M M 0 22 330
28 66 31 49 -13 16 0 0.00 M M 5.7 16 290 M M 0 21 260
29 80 40 60 -1 5 0 0.00 M M 4.6 15 180 M M 0 18 180
30 85 45 65 4 0 0 0.00 M M 4.7 10 200 M M 0 15 210
31 85 46 66 5 0 1 0.00 M M 2.6 13 170 M M 0 17 170
================================================================================
SM 2773 1561 59 220 T M 144.9 M 5
================================================================================
AV 89.5 50.4 4.7 FASTST M M 0 MAX(MPH)
MISC ----> 33 210 44 220
================================================================================
NOTES:
# LAST OF SEVERAL OCCURRENCES
COLUMN 17 PEAK WIND IN M.P.H.
PRELIMINARY LOCAL CLIMATOLOGICAL DATA (WS FORM: F-6) , PAGE 2
STATION: NOGALES AZ AIRPORT
MONTH: OCTOBER
YEAR: 2020
LATITUDE: 31 25 N
LONGITUDE: 110 51 W
[TEMPERATURE DATA] [PRECIPITATION DATA] SYMBOLS USED IN COLUMN 16
AVERAGE MONTHLY: 69.9 TOTAL FOR MONTH: T 1 = FOG OR MIST
DPTR FM NORMAL: 4.6 DPTR FM NORMAL: -1.13 2 = FOG REDUCING VISIBILITY
HIGHEST: 100 ON 1 GRTST 24HR T ON 25-25 TO 1/4 MILE OR LESS
LOWEST: 27 ON 27 3 = THUNDER
SNOW, ICE PELLETS, HAIL 4 = ICE PELLETS
TOTAL MONTH: M 5 = HAIL
GRTST 24HR M ON M 6 = FREEZING RAIN OR DRIZZLE
GRTST DEPTH: M ON M 7 = DUSTSTORM OR SANDSTORM:
VSBY 1/2 MILE OR LESS
8 = SMOKE OR HAZE
[NO. OF DAYS WITH] [WEATHER - DAYS WITH] 9 = BLOWING SNOW
X = TORNADO
MAX 32 OR BELOW: 0 0.01 INCH OR MORE: 0
MAX 90 OR ABOVE: 21 0.10 INCH OR MORE: 0
MIN 32 OR BELOW: 2 0.50 INCH OR MORE: 0
MIN 0 OR BELOW: 0 1.00 INCH OR MORE: 0
[HDD (BASE 65) ]
TOTAL THIS MO. 59 CLEAR (SCALE 0-3) 23
DPTR FM NORMAL -8 PTCLDY (SCALE 4-7) 1
TOTAL FM JUL 1 59 CLOUDY (SCALE 8-10) 7
DPTR FM NORMAL -8
[CDD (BASE 65) ]
TOTAL THIS MO. 220
DPTR FM NORMAL 142 [PRESSURE DATA]
TOTAL FM JAN 1 2542 HIGHEST SLP M ON M
DPTR FM NORMAL 708 LOWEST SLP 29.67 ON 25
[REMARKS]
#FINAL-10-20#