000
CXAK56 PAFG 011001
CF6OME
PRELIMINARY LOCAL CLIMATOLOGICAL DATA (WS FORM: F-6)
STATION: NOME AK
MONTH: AUGUST
YEAR: 2022
LATITUDE: 64 30 N
LONGITUDE: 165 26 W
TEMPERATURE IN F: :PCPN: SNOW: WIND :SUNSHINE: SKY :PK WND
================================================================================
1 2 3 4 5 6A 6B 7 8 9 10 11 12 13 14 15 16 17 18
12Z AVG MX 2MIN
DY MAX MIN AVG DEP HDD CDD WTR SNW DPTH SPD SPD DIR MIN PSBL S-S WX SPD DR
================================================================================
1 71 55 63 12 2 0 T M M 5.9 12 170 M M 7 14 160
2 68 50 59 8 6 0 0.00 M M 9.3 22 260 M M 2 26 260
3 60 47 54 3 11 0 0.00 M M 6.5 13 130 M M 9 1 15 130
4 58 50 54 3 11 0 0.16 M M 7.9 18 210 M M 10 18 23 150
5 56 42 49 -2 16 0 T M M 9.2 21 310 M M 10 26 310
6 53 39 46 -5 19 0 0.03 M M 11.4 21 220 M M 5 1 24 210
7 51 45 48 -3 17 0 0.29 M M 12.4 21 120 M M 10 18 26 130
8 57 38 48 -3 17 0 0.15 M M 15.1 26 280 M M 9 1 32 280
9 52 43 48 -3 17 0 0.00 M M 11.5 22 280 M M 6 27 280
10 51 48 50 -1 15 0 0.01 M M 9.0 15 220 M M 10 1 18 220
11 52 48 50 -1 15 0 0.00 M M 7.4 12 180 M M 10 1 14 180
12 51 48 50 -1 15 0 0.01 M M 6.7 13 260 M M 10 1 15 260
13 52 43 48 -3 17 0 0.17 M M 8.5 18 350 M M 9 1 23 350
14 58 42 50 0 15 0 0.00 M M 13.1 28 350 M M 4 34 10
15 51 35 43 -7 22 0 0.00 M M 6.6 15 360 M M 4 19 360
16 54 36 45 -5 20 0 0.00 M M 12.2 23 10 M M 2 31 20
17 54 41 48 -2 17 0 0.00 M M 8.6 17 360 M M 9 21 360
18 51 45 48 -2 17 0 0.09 M M 6.7 14 180 M M 10 1 17 140
19 62 44 53 3 12 0 0.02 M M 8.4 14 40 M M 7 18 20 90
20 68 48 58 8 7 0 0.00 M M 13.0 22 30 M M 0 27 40
21 67 47 57 7 8 0 0.00 M M 9.1 16 40 M M 3 20 40
22 59 44 52 2 13 0 0.00 M M 7.3 14 260 M M 1 16 260
23 53 41 47 -3 18 0 0.00 M M 8.3 22 250 M M 4 128 24 250
24 53 38 46 -4 19 0 0.05 M M 6.8 15 120 M M 9 1 19 130
25 54 49 52 2 13 0 0.57 M M 17.4 29 150 M M 10 1 35 150
26 51 49 50 0 15 0 0.37 M M 7.9 14 210 M M 10 1 15 170
27 57 47 52 3 13 0 0.01 M M 5.6 17 10 M M 10 22 360
28 57 40 49 0 16 0 0.00 M M 10.8 18 280 M M 2 22 280
29 49 32 41 -8 24 0 T M M 4.9 14 290 M M 6 16 290
30 51 48 50 1 15 0 1.33 M M 17.3 26 140 M M 10 1 32 140
31 51 48 50 1 15 0 0.57 M M 7.3 14 140 M M 10 1 17 140
================================================================================
SM 1732 1370 457 0 3.83 M 292.1 M 218
================================================================================
AV 55.9 44.2 9.4 FASTST M M 7 MAX(MPH)
MISC ----> 29 150 35 150
================================================================================
NOTES:
# LAST OF SEVERAL OCCURRENCES
COLUMN 17 PEAK WIND IN M.P.H.
PRELIMINARY LOCAL CLIMATOLOGICAL DATA (WS FORM: F-6) , PAGE 2
STATION: NOME AK
MONTH: AUGUST
YEAR: 2022
LATITUDE: 64 30 N
LONGITUDE: 165 26 W
[TEMPERATURE DATA] [PRECIPITATION DATA] SYMBOLS USED IN COLUMN 16
AVERAGE MONTHLY: 50.0 TOTAL FOR MONTH: 3.83 1 = FOG OR MIST
DPTR FM NORMAL: -0.2 DPTR FM NORMAL: 0.61 2 = FOG REDUCING VISIBILITY
HIGHEST: 71 ON 1 GRTST 24HR 1.70 ON 30-31 TO 1/4 MILE OR LESS
LOWEST: 32 ON 29 3 = THUNDER
SNOW, ICE PELLETS, HAIL 4 = ICE PELLETS
TOTAL MONTH: M 5 = HAIL
GRTST 24HR M ON M 6 = FREEZING RAIN OR DRIZZLE
GRTST DEPTH: M ON M 7 = DUSTSTORM OR SANDSTORM:
VSBY 1/2 MILE OR LESS
8 = SMOKE OR HAZE
[NO. OF DAYS WITH] [WEATHER - DAYS WITH] 9 = BLOWING SNOW
X = TORNADO
MAX 32 OR BELOW: 0 0.01 INCH OR MORE: 15
MAX 90 OR ABOVE: 0 0.10 INCH OR MORE: 8
MIN 32 OR BELOW: 1 0.50 INCH OR MORE: 3
MIN 0 OR BELOW: 0 1.00 INCH OR MORE: 1
[HDD (BASE 65) ]
TOTAL THIS MO. 457 CLEAR (SCALE 0-3) 6
DPTR FM NORMAL -2 PTCLDY (SCALE 4-7) 8
TOTAL FM JUL 1 849 CLOUDY (SCALE 8-10) 17
DPTR FM NORMAL -11
[CDD (BASE 65) ]
TOTAL THIS MO. 0
DPTR FM NORMAL 0 [PRESSURE DATA]
TOTAL FM JAN 1 0 HIGHEST SLP M ON M
DPTR FM NORMAL -3 LOWEST SLP 29.19 ON 31
[REMARKS]
#FINAL-08-22#