000
CXUS56 KOTX 010910
CF6OMK
PRELIMINARY LOCAL CLIMATOLOGICAL DATA (WS FORM: F-6)
STATION: OMAK WA AIRPORT
MONTH: APRIL
YEAR: 2021
LATITUDE: 48 27 N
LONGITUDE: 119 31 W
TEMPERATURE IN F: :PCPN: SNOW: WIND :SUNSHINE: SKY :PK WND
================================================================================
1 2 3 4 5 6A 6B 7 8 9 10 11 12 13 14 15 16 17 18
12Z AVG MX 2MIN
DY MAX MIN AVG DEP HDD CDD WTR SNW DPTH SPD SPD DIR MIN PSBL S-S WX SPD DR
================================================================================
1 67 30 49 2 16 0 0.00 M M 7.2 21 200 M M 0 27 200
2 66 28 47 0 18 0 0.00 M M 6.4 18 200 M M 0 23 210
3 69 37 53 6 12 0 0.00 M M 7.0 16 200 M M 0 21 200
4 61 39 50 2 15 0 0.00 M M 12.2 26 10 M M 4 34 10
5 64 28 46 -2 19 0 0.00 M M 9.1 20 360 M M 0 23 360
6 68 28 48 0 17 0 0.00 M M 8.9 23 140 M M 0 29 140
7 59 37 48 0 17 0 0.00 M M 7.3 26 260 M M 2 32 250
8 57 31 44 -4 21 0 T M M 6.1 29 10 M M 3 35 20
9 61 30 46 -3 19 0 0.00 M M 11.7 28 140 M M 2 36 140
10 54 26 40 -9 25 0 0.00 M M 12.9 26 20 M M 5 34 30
11 58 23 41 -8 24 0 0.00 M M 9.3 21 20 M M 0 25 20
12 59 29 44 -5 21 0 0.00 M M 11.3 22 10 M M 3 26 360
13 64 38 51 1 14 0 0.00 M M 14.2 24 350 M M 0 31 360
14 74 37 56 6 9 0 0.00 M M 13.1 24 10 M M 0 30 360
15 77 44 61 11 4 0 0.00 M M 11.3 22 20 M M 0 26 360
16 76 35 56 6 9 0 0.00 M M 5.1 15 290 M M 0 18 290
17 80 37 59 9 6 0 0.00 M M 5.2 15 190 M M 0 25 140
18 84 38 61 11 4 0 0.00 M M 9.7 37 360 M M 1 45 360
19 65 40 53 2 12 0 0.00 M M 7.5 16 360 M M 0 22 360
20 67 31 49 -2 16 0 0.00 M M 5.6 12 200 M M 0 15 200
21 76 32 54 3 11 0 0.00 M M 5.9 15 290 M M 0 20 290
22 69 40 55 4 10 0 0.00 M M 17.0 33 20 M M 1 40 30
23 70 37 54 2 11 0 0.00 M M 8.2 22 10 M M 2 28 10
24 56 47 52 0 13 0 0.23 M M 7.7 17 10 M M 10 1 22 10
25 54 40 47 -5 18 0 0.25 M M 5.3 18 10 M M 9 23 10
26 67 34 51 -1 14 0 T M M 5.1 20 340 M M 1 24 70
27 68 37 53 1 12 0 0.00 M M 5.9 14 170 M M 1 29 180
28 69 40 55 2 10 0 0.00 M M 5.8 17 200 M M 3 22 220
29 77 51 64 11 1 0 0.00 M M 4.3 13 210 M M 0 16 200
30 79 51 65 12 0 0 0.00 M M 8.0 22 320 M M 1 27 320
================================================================================
SM 2015 1075 398 0 0.48 M 254.3 M 48
================================================================================
AV 67.2 35.8 8.5 FASTST M M 2 MAX(MPH)
MISC ----> 37 360 45 360
================================================================================
NOTES:
# LAST OF SEVERAL OCCURRENCES
COLUMN 17 PEAK WIND IN M.P.H.
PRELIMINARY LOCAL CLIMATOLOGICAL DATA (WS FORM: F-6) , PAGE 2
STATION: OMAK WA AIRPORT
MONTH: APRIL
YEAR: 2021
LATITUDE: 48 27 N
LONGITUDE: 119 31 W
[TEMPERATURE DATA] [PRECIPITATION DATA] SYMBOLS USED IN COLUMN 16
AVERAGE MONTHLY: 51.5 TOTAL FOR MONTH: 0.48 1 = FOG OR MIST
DPTR FM NORMAL: 1.5 DPTR FM NORMAL: -0.56 2 = FOG REDUCING VISIBILITY
HIGHEST: 84 ON 18 GRTST 24HR 0.48 ON 24-25 TO 1/4 MILE OR LESS
LOWEST: 23 ON 11 3 = THUNDER
SNOW, ICE PELLETS, HAIL 4 = ICE PELLETS
TOTAL MONTH: M 5 = HAIL
GRTST 24HR M ON M 6 = FREEZING RAIN OR DRIZZLE
GRTST DEPTH: M ON M 7 = DUSTSTORM OR SANDSTORM:
VSBY 1/2 MILE OR LESS
8 = SMOKE OR HAZE
[NO. OF DAYS WITH] [WEATHER - DAYS WITH] 9 = BLOWING SNOW
X = TORNADO
MAX 32 OR BELOW: 0 0.01 INCH OR MORE: 2
MAX 90 OR ABOVE: 0 0.10 INCH OR MORE: 2
MIN 32 OR BELOW: 11 0.50 INCH OR MORE: 0
MIN 0 OR BELOW: 0 1.00 INCH OR MORE: 0
[HDD (BASE 65) ]
TOTAL THIS MO. 398 CLEAR (SCALE 0-3) 24
DPTR FM NORMAL -51 PTCLDY (SCALE 4-7) 4
TOTAL FM JUL 1 5432 CLOUDY (SCALE 8-10) 2
DPTR FM NORMAL -608
[CDD (BASE 65) ]
TOTAL THIS MO. 0
DPTR FM NORMAL -1 [PRESSURE DATA]
TOTAL FM JAN 1 0 HIGHEST SLP M ON M
DPTR FM NORMAL -1 LOWEST SLP 29.61 ON 25
[REMARKS]
#FINAL-04-21#