000
CXUS56 KBOI 011002
CF6ONO
PRELIMINARY LOCAL CLIMATOLOGICAL DATA (WS FORM: F-6)
STATION: ONTARIO OR
MONTH: AUGUST
YEAR: 2020
LATITUDE: 44 1 N
LONGITUDE: 117 1 W
TEMPERATURE IN F: :PCPN: SNOW: WIND :SUNSHINE: SKY :PK WND
================================================================================
1 2 3 4 5 6A 6B 7 8 9 10 11 12 13 14 15 16 17 18
12Z AVG MX 2MIN
DY MAX MIN AVG DEP HDD CDD WTR SNW DPTH SPD SPD DIR MIN PSBL S-S WX SPD DR
================================================================================
1 103 74 89 12 0 24 0.00 M M 6.5 17 320 M M 0 24 330
2 104 73 89 12 0 24 0.00 M M 9.0 28 320 M M 0 35 330
3 99 74 87 10 0 22 0.00 M M 15.8 30 320 M M 0 42 320
4 95 67 81 4 0 16 0.00 M M 5.8 17 320 M M 0 22 310
5 100 59 80 4 0 15 0.00 M M 4.6 21 340 M M 1 26 320
6 97 68 83 7 0 18 0.00 M M 13.3 30 340 M M 0 36 340
7 86 57 72 -4 0 7 0.00 M M 8.8 25 330 M M 0 33 320
8 93 54 74 -2 0 9 0.00 M M 5.4 22 340 M M 0 28 340
9 94 65 80 4 0 15 0.00 M M 12.3 21 340 M M 0 27 340
10 92 62 77 2 0 12 0.00 M M 5.1 14 320 M M 0 8 19 320
11 97 54 76 1 0 11 0.00 M M 3.6 17 240 M M 0 23 250
12 87 63 75 0 0 10 0.00 M M 7.3 16 340 M M 0 21 310
13 91 53 72 -2 0 7 0.00 M M 5.1 13 350 M M 0 18 360
14 93 53 73 -1 0 8 0.00 M M 4.3 18 300 M M 0 24 300
15 98 50 74 0 0 9 0.00 M M 2.5 9 250 M M 0 13 250
16 100 60 80 6 0 15 T M M 4.4 30 240 M M 0 8 40 250
17 100 65 83 10 0 18 T M M 2.6 36 260 M M 0 8 47 260
18 102 65 84 11 0 19 T M M 2.9 10 250 M M 0 14 240
19 91 66 79 6 0 14 0.00 M M 1.8 12 110 M M 0 16 110
20 93 61 77 5 0 12 0.00 M M 4.8 14 270 M M 0 8 16 260
21 88 57 73 1 0 8 0.00 M M 1.2 9 330 M M 2 8 10 330
22 92 64 78 6 0 13 0.00 M M 4.6 13 320 M M 0 18 350
23 93 58 76 5 0 11 0.00 M M 0.8 7 150 M M 0 8 9 140
24 87 61 74 3 0 9 0.00 M M 4.0 10 10 M M 0 8 15 10
25 94 60 77 6 0 12 T M M 3.4 15 340 M M 1 8 17 340
26 92 61 77 7 0 12 T M M 4.7 21 250 M M 0 3 27 250
27 93 66 80 10 0 15 0.01 M M 5.6 14 330 M M 0 3 18 320
28 94 56 75 5 0 10 0.00 M M 3.5 13 320 M M 0 8 17 320
29 94 51 73 4 0 8 0.00 M M 4.2 21 330 M M 0 26 330
30 84 60 72 3 0 7 0.00 M M 13.5 31 310 M M 0 38 300
31 81 53 67 -2 0 2 0.00 M M 8.9 24 330 M M 4 31 340
================================================================================
SM 2907 1890 0 392 0.01 M 180.3 M 8
================================================================================
AV 93.8 61.0 5.8 FASTST M M 0 MAX(MPH)
MISC ----> 36 260 47 260
================================================================================
NOTES:
# LAST OF SEVERAL OCCURRENCES
COLUMN 17 PEAK WIND IN M.P.H.
PRELIMINARY LOCAL CLIMATOLOGICAL DATA (WS FORM: F-6) , PAGE 2
STATION: ONTARIO OR
MONTH: AUGUST
YEAR: 2020
LATITUDE: 44 1 N
LONGITUDE: 117 1 W
[TEMPERATURE DATA] [PRECIPITATION DATA] SYMBOLS USED IN COLUMN 16
AVERAGE MONTHLY: 77.4 TOTAL FOR MONTH: 0.01 1 = FOG OR MIST
DPTR FM NORMAL: 4.1 DPTR FM NORMAL: -0.17 2 = FOG REDUCING VISIBILITY
HIGHEST: 104 ON 2 GRTST 24HR 0.01 ON 26-27 TO 1/4 MILE OR LESS
LOWEST: 50 ON 15 3 = THUNDER
SNOW, ICE PELLETS, HAIL 4 = ICE PELLETS
TOTAL MONTH: M 5 = HAIL
GRTST 24HR M ON M 6 = FREEZING RAIN OR DRIZZLE
GRTST DEPTH: M ON M 7 = DUSTSTORM OR SANDSTORM:
VSBY 1/2 MILE OR LESS
8 = SMOKE OR HAZE
[NO. OF DAYS WITH] [WEATHER - DAYS WITH] 9 = BLOWING SNOW
X = TORNADO
MAX 32 OR BELOW: 0 0.01 INCH OR MORE: 1
MAX 90 OR ABOVE: 25 0.10 INCH OR MORE: 0
MIN 32 OR BELOW: 0 0.50 INCH OR MORE: 0
MIN 0 OR BELOW: 0 1.00 INCH OR MORE: 0
[HDD (BASE 65) ]
TOTAL THIS MO. 0 CLEAR (SCALE 0-3) 30
DPTR FM NORMAL -11 PTCLDY (SCALE 4-7) 1
TOTAL FM JUL 1 0 CLOUDY (SCALE 8-10) 0
DPTR FM NORMAL -12
[CDD (BASE 65) ]
TOTAL THIS MO. 392
DPTR FM NORMAL 122 [PRESSURE DATA]
TOTAL FM JAN 1 998 HIGHEST SLP M ON M
DPTR FM NORMAL 205 LOWEST SLP 29.60 ON 5
[REMARKS]
#FINAL-08-20#