000
CXUS56 KBOI 111517
CF6ONO
PRELIMINARY LOCAL CLIMATOLOGICAL DATA (WS FORM: F-6)
STATION: ONTARIO OR
MONTH: DECEMBER
YEAR: 2023
LATITUDE: 44 1 N
LONGITUDE: 117 1 W
TEMPERATURE IN F: :PCPN: SNOW: WIND :SUNSHINE: SKY :PK WND
================================================================================
1 2 3 4 5 6A 6B 7 8 9 10 11 12 13 14 15 16 17 18
12Z AVG MX 2MIN
DY MAX MIN AVG DEP HDD CDD WTR SNW DPTH SPD SPD DIR MIN PSBL S-S WX SPD DR
================================================================================
1 35 24 30 -4 35 0 0.16 M M 1.9 7 250 M M 9 12 9 160
2 41 30 36 2 29 0 0.01 M M 2.3 20 340 M M 8 12 23 340
3 39 34 37 3 28 0 0.25 M M 3.1 9 10 M M 10 1 13 10
4 50 34 42 8 23 0 0.00 M M 2.1 9 360 M M 6 12 11 30
5 54 36 45 12 20 0 0.00 M M 2.2 8 270 M M 4 12 10 250
6 45 35 40 7 25 0 0.01 M M 4.0 15 270 M M 8 12 20 250
7 51 36 44 11 21 0 0.05 M M 8.1 25 330 M M 6 1 35 330
8 45 29 37 4 28 0 0.00 M M 7.8 16 280 M M 3 21 280
9 42 23 33 1 32 0 0.00 M M 2.4 9 290 M M 3 14 140
10 39 34 37 5 28 0 0.18 M M 3.3 8 360 M M 10 1 12 40
11 38 34 36 4 29 0 0.07 M M 4.0 9 250 M M 10 1 10 260
12 47 34 41 9 24 0 0.00 M M 3.9 9 330 M M 8 1 11 350
13 41 35 38 6 27 0 0.00 M M 3.3 8 260 M M 10 10 250
14 42 35 39 7 26 0 0.00 M M 1.6 7 100 M M 10 10 110
15 40 28 34 3 31 0 0.00 M M 1.8 7 200 M M 7 18 10 90
16 35 24 30 -1 35 0 0.00 M M 1.4 7 160 M M 7 12 9 170
17 35 30 33 2 32 0 0.00 M M 0.6 8 200 M M 10 1 9 200
18 37 29 33 2 32 0 T M M 1.6 8 90 M M 8 1 13 90
19 41 31 36 5 29 0 0.18 M M 3.1 10 240 M M 10 168 14 250
20 39 33 36 5 29 0 0.01 M M 1.8 9 270 M M 9 12 12 260
21 39 36 38 7 27 0 0.00 M M 3.1 7 20 M M 10 12 9 10
22 38 34 36 5 29 0 T M M 3.5 14 250 M M 10 12 17 260
23 44 26 35 5 30 0 0.00 M M 9.6 23 330 M M 1 29 330
24 35 19 27 -3 38 0 0.00 M M 2.8 8 30 M M 1 11 20
25 35 20 28 -2 37 0 0.00 M M 1.5 7 260 M M 5 8 9 270
26 35 31 33 3 32 0 0.04 M M 2.6 9 160 M M 10 18 11 150
27 39 32 36 6 29 0 0.00 M M 6.4 14 110 M M 5 20 100
28 44 28 36 6 29 0 0.00 M M 3.2 9 110 M M 3 13 110
29 44 26 35 5 30 0 0.00 M M 3.7 9 260 M M 0 1 11 260
30 49 30 40 10 25 0 0.00 M M 3.5 9 250 M M 0 12 260
31 48 27 38 8 27 0 0.00 M M 1.6 8 250 M M 2 18 9 250
================================================================================
SM 1286 937 896 0 0.96 M 101.8 M 203
================================================================================
AV 41.5 30.2 3.3 FASTST M M 7 MAX(MPH)
MISC ----> 25 330 35 330
================================================================================
NOTES:
# LAST OF SEVERAL OCCURRENCES
COLUMN 17 PEAK WIND IN M.P.H.
PRELIMINARY LOCAL CLIMATOLOGICAL DATA (WS FORM: F-6) , PAGE 2
STATION: ONTARIO OR
MONTH: DECEMBER
YEAR: 2023
LATITUDE: 44 1 N
LONGITUDE: 117 1 W
[TEMPERATURE DATA] [PRECIPITATION DATA] SYMBOLS USED IN COLUMN 16
AVERAGE MONTHLY: 35.9 TOTAL FOR MONTH: 0.96 1 = FOG OR MIST
DPTR FM NORMAL: 4.3 DPTR FM NORMAL: -0.43 2 = FOG REDUCING VISIBILITY
HIGHEST: 54 ON 5 GRTST 24HR 0.26 ON 2- 3 TO 1/4 MILE OR LESS
LOWEST: 19 ON 24 3 = THUNDER
SNOW, ICE PELLETS, HAIL 4 = ICE PELLETS
TOTAL MONTH: M 5 = HAIL
GRTST 24HR M ON M 6 = FREEZING RAIN OR DRIZZLE
GRTST DEPTH: M ON M 7 = DUSTSTORM OR SANDSTORM:
VSBY 1/2 MILE OR LESS
8 = SMOKE OR HAZE
[NO. OF DAYS WITH] [WEATHER - DAYS WITH] 9 = BLOWING SNOW
X = TORNADO
MAX 32 OR BELOW: 0 0.01 INCH OR MORE: 10
MAX 90 OR ABOVE: 0 0.10 INCH OR MORE: 4
MIN 32 OR BELOW: 18 0.50 INCH OR MORE: 0
MIN 0 OR BELOW: 0 1.00 INCH OR MORE: 0
[HDD (BASE 65) ]
TOTAL THIS MO. 896 CLEAR (SCALE 0-3) 7
DPTR FM NORMAL -138 PTCLDY (SCALE 4-7) 10
TOTAL FM JUL 1 1975 CLOUDY (SCALE 8-10) 14
DPTR FM NORMAL -277
[CDD (BASE 65) ]
TOTAL THIS MO. 0
DPTR FM NORMAL 0 [PRESSURE DATA]
TOTAL FM JAN 1 1302 HIGHEST SLP 30.68 ON 9
DPTR FM NORMAL 202 LOWEST SLP 29.78 ON 6
[REMARKS]
#FINAL-12-23#