000
CXUS56 KSGX 170941
CF6ONT
PRELIMINARY LOCAL CLIMATOLOGICAL DATA (WS FORM: F-6)
STATION: ONTARIO INTL AIRPORT CA
MONTH: MARCH
YEAR: 2023
LATITUDE: 34 2 N
LONGITUDE: 117 37 W
TEMPERATURE IN F: :PCPN: SNOW: WIND :SUNSHINE: SKY :PK WND
================================================================================
1 2 3 4 5 6A 6B 7 8 9 10 11 12 13 14 15 16 17 18
12Z AVG MX 2MIN
DY MAX MIN AVG DEP HDD CDD WTR SNW DPTH SPD SPD DIR MIN PSBL S-S WX SPD DR
================================================================================
1 52 42 47 -12 18 0 1.48 M M 12.3 24 270 M M 6 1358 32 230
2 61 33 47 -12 18 0 0.00 M M 5.8 14 230 M M 1 17 270
3 61 38 50 -9 15 0 0.00 M M 3.3 14 230 M M 2 8 17 230
4 58 41 50 -9 15 0 0.00 M M 6.8 15 240 M M 5 18 20 240
5 53 43 48 -11 17 0 0.01 M M 7.2 15 230 M M 8 1 18 240
6 59 47 53 -6 12 0 0.01 M M 7.5 16 260 M M 8 1 22 240
7 61 43 52 -7 13 0 0.00 M M 3.7 15 220 M M 4 19 210
8 60 40 50 -10 15 0 0.00 M M 4.1 14 200 M M 7 17 210
9 69 43 56 -4 9 0 0.00 0.0 M 4.6 13 250 M M 6 M M
10 55 49 52 -8 13 0 0.87 0.0 M 3.5 10 40 M M 9 1 14 350
11 64 40 52 -8 13 0 0.16 0.0 M 4.1 15 230 M M 9 18 18 230
12 67 55 61 1 4 0 T M M 5.7 14 260 M M 8 1 18 230
13 67 53 60 0 5 0 0.00 M M 4.7 14 270 M M 9 18 18 280
14 58 51 55 -5 10 0 1.46 M M 2.9 10 270 M M 9 18 13 260
15 60 50 55 -5 10 0 1.10 M M 7.3 18 220 M M 10 1 25 210
16 61 48 55 -5 10 0 T M M 5.1 13 220 M M 8 1 15 220
17 69 44 57 -3 8 0 0.00 M M 3.0 10 210 M M 6 18 13 200
18 74 47 61 1 4 0 0.00 M M 4.7 14 240 M M 5 20 80
19 65 51 58 -3 7 0 0.12 M M 4.5 15 280 M M 9 18 20 50
20 61 50 56 -5 9 0 0.17 M M 7.1 18 230 M M 10 1 24 210
21 59 45 52 -9 13 0 1.07 M M 9.6 25 230 M M 9 138 32 210
22 58 44 51 -10 14 0 0.71 M M 5.6 17 250 M M 9 1 26 260
23 56 45 51 -10 14 0 0.05 M M 4.3 14 250 M M 9 18 19 240
24 64 43 54 -7 11 0 0.00 M M 4.2 20 200 M M 4 1 24 210
25 64 40 52 -9 13 0 0.00 M M 4.6 17 240 M M 2 21 230
26 63 40 52 -9 13 0 0.00 M M 4.3 18 210 M M 4 23 210
27 69 40 55 -6 10 0 0.00 M M 6.2 17 90 M M 4 23 70
28 71 44 58 -3 7 0 0.00 M M 6.9 17 220 M M 4 23 240
29 59 45 52 -9 13 0 0.49 M M 7.9 20 220 M M 8 18 26 220
30 57 44 51 -10 14 0 0.16 M M 5.0 14 200 M M 7 13 20 200
31 66 41 54 -8 11 0 0.00 M M 3.2 13 270 M M 5 15 270
================================================================================
SM 1921 1379 358 0 7.86 0.0 169.7 M 204
================================================================================
AV 62.0 44.5 5.5 FASTST M M 7 MAX(MPH)
MISC ----> 25 230 # 32 230
================================================================================
NOTES:
# LAST OF SEVERAL OCCURRENCES
COLUMN 17 PEAK WIND IN M.P.H.
PRELIMINARY LOCAL CLIMATOLOGICAL DATA (WS FORM: F-6) , PAGE 2
STATION: ONTARIO INTL AIRPORT CA
MONTH: MARCH
YEAR: 2023
LATITUDE: 34 2 N
LONGITUDE: 117 37 W
[TEMPERATURE DATA] [PRECIPITATION DATA] SYMBOLS USED IN COLUMN 16
AVERAGE MONTHLY: 53.2 TOTAL FOR MONTH: 7.86 1 = FOG OR MIST
DPTR FM NORMAL: -7.0 DPTR FM NORMAL: 6.22 2 = FOG REDUCING VISIBILITY
HIGHEST: 74 ON 18 GRTST 24HR 2.53 ON 14-15 TO 1/4 MILE OR LESS
LOWEST: 33 ON 2 3 = THUNDER
SNOW, ICE PELLETS, HAIL 4 = ICE PELLETS
TOTAL MONTH: 0.0 INCH 5 = HAIL
GRTST 24HR 0.0 6 = FREEZING RAIN OR DRIZZLE
GRTST DEPTH: M ON M 7 = DUSTSTORM OR SANDSTORM:
VSBY 1/2 MILE OR LESS
8 = SMOKE OR HAZE
[NO. OF DAYS WITH] [WEATHER - DAYS WITH] 9 = BLOWING SNOW
X = TORNADO
MAX 32 OR BELOW: 0 0.01 INCH OR MORE: 14
MAX 90 OR ABOVE: 0 0.10 INCH OR MORE: 11
MIN 32 OR BELOW: 0 0.50 INCH OR MORE: 6
MIN 0 OR BELOW: 0 1.00 INCH OR MORE: 4
[HDD (BASE 65) ]
TOTAL THIS MO. 358 CLEAR (SCALE 0-3) 3
DPTR FM NORMAL 186 PTCLDY (SCALE 4-7) 17
TOTAL FM JUL 1 1719 CLOUDY (SCALE 8-10) 11
DPTR FM NORMAL 575
[CDD (BASE 65) ]
TOTAL THIS MO. 0
DPTR FM NORMAL -23 [PRESSURE DATA]
TOTAL FM JAN 1 0 HIGHEST SLP 30.26 ON 24
DPTR FM NORMAL -36 LOWEST SLP 29.67 ON 1
[REMARKS]
#FINAL-03-23#