000
CXUS56 KSGX 011245
CF6ONT
PRELIMINARY LOCAL CLIMATOLOGICAL DATA (WS FORM: F-6)
STATION: ONTARIO INTL AIRPORT CA
MONTH: MAY
YEAR: 2020
LATITUDE: 34 2 N
LONGITUDE: 117 37 W
TEMPERATURE IN F: :PCPN: SNOW: WIND :SUNSHINE: SKY :PK WND
================================================================================
1 2 3 4 5 6A 6B 7 8 9 10 11 12 13 14 15 16 17 18
12Z AVG MX 2MIN
DY MAX MIN AVG DEP HDD CDD WTR SNW DPTH SPD SPD DIR MIN PSBL S-S WX SPD DR
================================================================================
1 82 60 71 6 0 6 0.00 0.0 0 6.1 15 240 M M 4 18 22 230
2 83 58 71 6 0 6 0.00 0.0 0 6.5 18 270 M M 2 1 24 270
3 82 57 70 5 0 5 0.00 0.0 0 6.3 18 230 M M 2 23 240
4 90 56 73 7 0 8 0.00 0.0 0 5.1 17 260 M M 0 23 280
5 96 63 80 14 0 15 0.00 0.0 0 4.8 16 250 M M 1 22 220
6 98 65 82 16 0 17 0.00 0.0 0 5.5 15 240 M M 6 19 220
7 99 67 83 17 0 18 0.00 0.0 0 5.9 17 240 M M 7 8 22 260
8 93 65 79 13 0 14 0.00 0.0 0 6.2 18 240 M M 4 24 270
9 86 61 74 8 0 9 0.00 0.0 0 7.2 16 260 M M 3 18 22 260
10 83 60 72 6 0 7 0.00 0.0 0 9.1 17 260 M M 5 18 24 260
11 81 58 70 3 0 5 0.00 0.0 0 8.3 18 220 M M 5 25 230
12 75 57 66 -1 0 1 0.00 0.0 0 9.5 22 230 M M 7 27 220
13 75 55 65 -2 0 0 0.00 0.0 0 7.4 18 210 M M 4 24 230
14 80 56 68 1 0 3 0.00 0.0 0 6.7 21 220 M M 3 25 210
15 83 58 71 4 0 6 0.00 0.0 0 7.4 16 240 M M 2 23 250
16 89 61 75 8 0 10 0.00 0.0 0 6.8 16 250 M M 4 28 260
17 84 60 72 5 0 7 0.00 0.0 0 8.3 20 260 M M 4 25 260
18 69 58 64 -4 1 0 0.13 0.0 0 8.2 18 270 M M 9 1 23 270
19 73 53 63 -5 2 0 0.00 0.0 0 8.8 21 240 M M 4 26 240
20 80 54 67 -1 0 2 0.00 0.0 0 6.5 17 270 M M 1 24 220
21 89 58 74 6 0 9 0.00 0.0 0 6.3 17 260 M M 1 29 260
22 82 58 70 2 0 5 0.00 0.0 0 8.2 21 270 M M 2 27 260
23 79 59 69 1 0 4 0.00 0.0 0 7.4 20 230 M M 4 24 220
24 88 56 72 4 0 7 0.00 0.0 0 6.1 18 240 M M 2 24 250
25 92 56 74 6 0 9 0.00 0.0 0 6.5 22 270 M M 2 8 28 270
26 95 63 79 11 0 14 0.00 0.0 0 5.1 21 250 M M 0 26 250
27 95 64 80 11 0 15 0.00 0.0 0 6.3 16 260 M M 1 22 240
28 88 60 74 5 0 9 0.00 0.0 0 7.2 17 270 M M 1 18 23 270
29 80 61 71 2 0 6 0.00 0.0 0 8.5 18 240 M M 7 18 24 260
30 82 62 72 3 0 7 0.00 0.0 0 8.9 20 260 M M 7 26 260
31 87 59 73 4 0 8 0.00 0.0 0 4.5 20 230 M M 7 22 220
================================================================================
SM 2638 1838 3 232 0.13 0.0 215.6 M 111
================================================================================
AV 85.1 59.3 7.0 FASTST M M 4 MAX(MPH)
MISC ----> # 22 230 # 29 260
================================================================================
NOTES:
# LAST OF SEVERAL OCCURRENCES
COLUMN 17 PEAK WIND IN M.P.H.
PRELIMINARY LOCAL CLIMATOLOGICAL DATA (WS FORM: F-6) , PAGE 2
STATION: ONTARIO INTL AIRPORT CA
MONTH: MAY
YEAR: 2020
LATITUDE: 34 2 N
LONGITUDE: 117 37 W
[TEMPERATURE DATA] [PRECIPITATION DATA] SYMBOLS USED IN COLUMN 16
AVERAGE MONTHLY: 72.2 TOTAL FOR MONTH: 0.13 1 = FOG OR MIST
DPTR FM NORMAL: 5.0 DPTR FM NORMAL: -0.17 2 = FOG REDUCING VISIBILITY
HIGHEST: 99 ON 7 GRTST 24HR 0.13 ON 18-18 TO 1/4 MILE OR LESS
LOWEST: 53 ON 19 3 = THUNDER
SNOW, ICE PELLETS, HAIL 4 = ICE PELLETS
TOTAL MONTH: 0.0 INCH 5 = HAIL
GRTST 24HR 0.0 6 = FREEZING RAIN OR DRIZZLE
GRTST DEPTH: 0 7 = DUSTSTORM OR SANDSTORM:
VSBY 1/2 MILE OR LESS
8 = SMOKE OR HAZE
[NO. OF DAYS WITH] [WEATHER - DAYS WITH] 9 = BLOWING SNOW
X = TORNADO
MAX 32 OR BELOW: 0 0.01 INCH OR MORE: 1
MAX 90 OR ABOVE: 8 0.10 INCH OR MORE: 1
MIN 32 OR BELOW: 0 0.50 INCH OR MORE: 0
MIN 0 OR BELOW: 0 1.00 INCH OR MORE: 0
[HDD (BASE 65) ]
TOTAL THIS MO. 3 CLEAR (SCALE 0-3) 14
DPTR FM NORMAL -36 PTCLDY (SCALE 4-7) 16
TOTAL FM JUL 1 1249 CLOUDY (SCALE 8-10) 1
DPTR FM NORMAL -283
[CDD (BASE 65) ]
TOTAL THIS MO. 232
DPTR FM NORMAL 125 [PRESSURE DATA]
TOTAL FM JAN 1 337 HIGHEST SLP 30.05 ON 20
DPTR FM NORMAL 171 LOWEST SLP 29.76 ON 16
[REMARKS]
#FINAL-05-20#