000
CXUS54 KMRX 011130
CF6OQT
PRELIMINARY LOCAL CLIMATOLOGICAL DATA (WS FORM: F-6)
STATION: OAK RIDGE
MONTH: FEBRUARY
YEAR: 2023
LATITUDE: 36 1 N
LONGITUDE: 84 14 W
TEMPERATURE IN F: :PCPN: SNOW: WIND :SUNSHINE: SKY :PK WND
================================================================================
1 2 3 4 5 6A 6B 7 8 9 10 11 12 13 14 15 16 17 18
12Z AVG MX 2MIN
DY MAX MIN AVG DEP HDD CDD WTR SNW DPTH SPD SPD DIR MIN PSBL S-S WX SPD DR
================================================================================
1 42 35 39 -1 26 0 0.20 M M 2.1 8 80 M M 10 1 13 70
2 43 36 40 0 25 0 0.37 M M 1.0 6 80 M M 9 1 9 80
3 41 28 35 -5 30 0 0.00 M M 4.5 13 340 M M 1 23 360
4 48 22 35 -6 30 0 0.00 M M 1.6 8 260 M M 0 13 270
5 57 31 44 3 21 0 0.00 M M 2.7 13 190 M M 1 21 180
6 62 31 47 6 18 0 0.00 M M 0.7 7 130 M M 0 10 140
7 66 34 50 9 15 0 0.00 M M 1.9 15 190 M M 0 26 220
8 53 45 49 8 16 0 0.07 M M 0.9 6 80 M M 9 18 10 260
9 67 46 57 15 8 0 T M M 5.5 18 200 M M 5 12 34 210
10 58 36 47 5 18 0 0.00 M M 1.7 8 60 M M 1 14 350
11 51 39 45 3 20 0 0.01 M M 5.1 10 40 M M 2 19 30
12 47 33 40 -2 25 0 0.98 M M 3.1 13 60 M M 8 12 26 40
13 62 30 46 4 19 0 T M M 1.7 10 270 M M 4 12 17 290
14 67 32 50 7 15 0 0.00 M M 1.0 13 200 M M 0 23 200
15 63 50 57 14 8 0 0.33 M M 2.0 12 240 M M 10 1 23 260
16 70 57 64 21 1 0 1.57 M M 3.9 21 300 M M 10 1 31 300
17 62 33 48 4 17 0 1.08 M M 5.6 14 280 M M 10 1 25 240
18 53 26 40 -4 25 0 0.00 M M 0.7 7 80 M M 1 11 90
19 60 38 49 5 16 0 0.00 M M 4.6 14 200 M M 0 26 260
20 54 47 51 7 14 0 0.04 M M 1.4 8 270 M M 7 12 280
21 70 52 61 17 4 0 0.00 M M 2.9 13 270 M M 5 1 22 280
22 77 55 66 21 0 1 T M M 6.8 21 190 M M 7 8 34 210
23 82 64 73 28 0 8 0.31 M M 5.1 20 210 M M 6 1 34 200
24 67 51 59 14 6 0 T M M 3.8 12 350 M M 8 24 360
25 55 48 52 6 13 0 0.39 M M 1.5 8 210 M M 10 1 17 260
26 58 48 53 7 12 0 0.02 M M 1.2 7 270 M M 10 1 12 250
27 68 53 61 15 4 0 0.25 M M 4.9 20 190 M M 7 1 42 200
28 76 46 61 15 4 0 0.00 M M 1.9 10 270 M M 0 18 270
================================================================================
SM 1679 1146 410 9 5.62 M 79.8 M 141
================================================================================
AV 60.0 40.9 2.9 FASTST M M 5 MAX(MPH)
MISC ----> # 21 300 42 200
================================================================================
NOTES:
# LAST OF SEVERAL OCCURRENCES
COLUMN 17 PEAK WIND IN M.P.H.
PRELIMINARY LOCAL CLIMATOLOGICAL DATA (WS FORM: F-6) , PAGE 2
STATION: OAK RIDGE
MONTH: FEBRUARY
YEAR: 2023
LATITUDE: 36 1 N
LONGITUDE: 84 14 W
[TEMPERATURE DATA] [PRECIPITATION DATA] SYMBOLS USED IN COLUMN 16
AVERAGE MONTHLY: 50.4 TOTAL FOR MONTH: 5.62 1 = FOG OR MIST
DPTR FM NORMAL: 7.4 DPTR FM NORMAL: 0.03 2 = FOG REDUCING VISIBILITY
HIGHEST: 82 ON 23 GRTST 24HR 2.46 ON 16-17 TO 1/4 MILE OR LESS
LOWEST: 22 ON 4 3 = THUNDER
SNOW, ICE PELLETS, HAIL 4 = ICE PELLETS
TOTAL MONTH: M 5 = HAIL
GRTST 24HR M ON M 6 = FREEZING RAIN OR DRIZZLE
GRTST DEPTH: M ON M 7 = DUSTSTORM OR SANDSTORM:
VSBY 1/2 MILE OR LESS
8 = SMOKE OR HAZE
[NO. OF DAYS WITH] [WEATHER - DAYS WITH] 9 = BLOWING SNOW
X = TORNADO
MAX 32 OR BELOW: 0 0.01 INCH OR MORE: 13
MAX 90 OR ABOVE: 0 0.10 INCH OR MORE: 9
MIN 32 OR BELOW: 7 0.50 INCH OR MORE: 3
MIN 0 OR BELOW: 0 1.00 INCH OR MORE: 2
[HDD (BASE 65) ]
TOTAL THIS MO. 410 CLEAR (SCALE 0-3) 11
DPTR FM NORMAL -206 PTCLDY (SCALE 4-7) 9
TOTAL FM JUL 1 2442 CLOUDY (SCALE 8-10) 8
DPTR FM NORMAL -365
[CDD (BASE 65) ]
TOTAL THIS MO. 9
DPTR FM NORMAL 8 [PRESSURE DATA]
TOTAL FM JAN 1 9 HIGHEST SLP 30.60 ON 4
DPTR FM NORMAL 9 LOWEST SLP 29.48 ON 27
[REMARKS]
#FINAL-02-23#