000
CXUS54 KMRX 011030
CF6OQT
PRELIMINARY LOCAL CLIMATOLOGICAL DATA (WS FORM: F-6)
STATION: OAK RIDGE
MONTH: SEPTEMBER
YEAR: 2022
LATITUDE: 36 1 N
LONGITUDE: 84 14 W
TEMPERATURE IN F: :PCPN: SNOW: WIND :SUNSHINE: SKY :PK WND
================================================================================
1 2 3 4 5 6A 6B 7 8 9 10 11 12 13 14 15 16 17 18
12Z AVG MX 2MIN
DY MAX MIN AVG DEP HDD CDD WTR SNW DPTH SPD SPD DIR MIN PSBL S-S WX SPD DR
================================================================================
1 89 61 75 -1 0 10 0.00 M M 0.8 7 90 M M 0 13 60
2 89 66 78 2 0 13 0.06 M M 1.1 5 99 M M 3 M M
3 81 71 76 0 0 11 0.51 M M 0.3 6 80 M M 8 1 9 80
4 80 70 75 0 0 10 0.04 M M 0.7 6 260 M M 6 9 270
5 78 71 75 0 0 10 1.89 M M 0.0 5 80 M M 9 1 8 90
6 86 70 78 3 0 13 0.19 M M 1.1 8 280 M M 6 18 16 280
7 85 67 76 1 0 11 T M M 0.8 8 80 M M 5 12 19 20
8 84 62 73 -1 0 8 0.00 M M 2.0 9 70 M M 2 15 70
9 85 64 75 1 0 10 0.00 M M 1.8 8 100 M M 2 16 90
10 73 67 70 -4 0 5 0.38 M M 0.6 5 60 M M 8 1 9 360
11 83 67 75 1 0 10 0.61 M M 1.2 13 290 M M 8 18 22 260
12 77 56 67 -6 0 2 T M M 2.7 10 270 M M 4 1 18 270
13 81 53 67 -6 0 2 0.00 M M 1.7 9 310 M M 2 17 310
14 79 57 68 -5 0 3 0.00 M M 1.3 9 80 M M 2 15 70
15 82 58 70 -2 0 5 T M M 0.9 7 70 M M 0 14 70
16 83 59 71 -1 0 6 0.00 M M 0.3 7 70 M M 3 12 12 60
17 84 62 73 1 0 8 0.00 M M 0.2 6 120 M M 3 1 9 200
18 84 60 72 0 0 7 0.00 M M 0.1 7 270 M M 4 12 9 280
19 85 59 72 1 0 7 0.00 M M 1.2 7 270 M M 3 12 12 270
20 91 66 79 8 0 14 0.00 M M 0.8 8 70 M M 2 12 13 80
21 91 64 78 8 0 13 0.00 M M 0.6 5 160 M M 2 12 9 130
22 84 60 72 2 0 7 0.00 M M 1.2 13 330 M M 2 23 310
23 75 50 63 -7 2 0 0.00 M M 1.5 8 50 M M 0 18 80
24 76 54 65 -4 0 0 0.01 M M 0.2 6 290 M M 3 11 220
25 81 60 71 2 0 6 0.01 M M 1.9 9 260 M M 3 12 16 230
26 77 51 64 -5 1 0 0.00 M M 2.8 15 270 M M 2 12 26 300
27 73 45 59 -9 6 0 0.00 M M 1.4 9 300 M M 0 18 250
28 68 42 55 -13 10 0 0.00 M M 2.4 10 80 M M 0 20 10
29 74 48 61 -7 4 0 0.00 M M 4.6 12 70 M M 0 25 90
30 76 51 64 -3 1 0 0.00 M M 3.8 10 70 M M 0 19 330
================================================================================
SM 2434 1791 24 191 3.70 M 40.0 M 92
================================================================================
AV 81.1 59.7 1.3 FASTST M M 3 MAX(MPH)
MISC ----> 15 270 26 300
================================================================================
NOTES:
# LAST OF SEVERAL OCCURRENCES
COLUMN 17 PEAK WIND IN M.P.H.
PRELIMINARY LOCAL CLIMATOLOGICAL DATA (WS FORM: F-6) , PAGE 2
STATION: OAK RIDGE
MONTH: SEPTEMBER
YEAR: 2022
LATITUDE: 36 1 N
LONGITUDE: 84 14 W
[TEMPERATURE DATA] [PRECIPITATION DATA] SYMBOLS USED IN COLUMN 16
AVERAGE MONTHLY: 70.4 TOTAL FOR MONTH: 3.70 1 = FOG OR MIST
DPTR FM NORMAL: -1.6 DPTR FM NORMAL: -0.13 2 = FOG REDUCING VISIBILITY
HIGHEST: 91 ON 21,20 GRTST 24HR 1.93 ON 4- 5 TO 1/4 MILE OR LESS
LOWEST: 42 ON 28 3 = THUNDER
SNOW, ICE PELLETS, HAIL 4 = ICE PELLETS
TOTAL MONTH: M 5 = HAIL
GRTST 24HR M ON M 6 = FREEZING RAIN OR DRIZZLE
GRTST DEPTH: M ON M 7 = DUSTSTORM OR SANDSTORM:
VSBY 1/2 MILE OR LESS
8 = SMOKE OR HAZE
[NO. OF DAYS WITH] [WEATHER - DAYS WITH] 9 = BLOWING SNOW
X = TORNADO
MAX 32 OR BELOW: 0 0.01 INCH OR MORE: 9
MAX 90 OR ABOVE: 2 0.10 INCH OR MORE: 5
MIN 32 OR BELOW: 0 0.50 INCH OR MORE: 3
MIN 0 OR BELOW: 0 1.00 INCH OR MORE: 1
[HDD (BASE 65) ]
TOTAL THIS MO. 24 CLEAR (SCALE 0-3) 20
DPTR FM NORMAL 8 PTCLDY (SCALE 4-7) 8
TOTAL FM JUL 1 24 CLOUDY (SCALE 8-10) 2
DPTR FM NORMAL 10
[CDD (BASE 65) ]
TOTAL THIS MO. 191
DPTR FM NORMAL -35 [PRESSURE DATA]
TOTAL FM JAN 1 1730 HIGHEST SLP 30.34 ON 28
DPTR FM NORMAL 146 LOWEST SLP 29.79 ON 25
[REMARKS]
#FINAL-09-22#