000
CXUS51 KAKQ 010710
CF6ORF
PRELIMINARY LOCAL CLIMATOLOGICAL DATA (WS FORM: F-6)
STATION: NORFOLK VA
MONTH: JUNE
YEAR: 2023
LATITUDE: 36 54 N
LONGITUDE: 76 12 W
TEMPERATURE IN F: :PCPN: SNOW: WIND :SUNSHINE: SKY :PK WND
================================================================================
1 2 3 4 5 6A 6B 7 8 9 10 11 12 13 14 15 16 17 18
12Z AVG MX 2MIN
DY MAX MIN AVG DEP HDD CDD WTR SNW DPTH SPD SPD DIR MIN PSBL S-S WX SPD DR
================================================================================
1 67 63 65 -7 0 0 0.02 0.0 0 11.0 16 30 M M 10 1 22 30
2 75 64 70 -3 0 5 0.00 0.0 0 7.4 15 30 M M 5 1 17 30
3 73 59 66 -7 0 1 T 0.0 0 11.5 23 50 M M 8 12 31 60
4 66 54 60 -13 5 0 T 0.0 0 11.8 24 30 M M 6 30 40
5 74 52 63 -11 2 0 0.00 0.0 0 6.0 13 200 M M 1 18 190
6 81 59 70 -4 0 5 0.00 0.0 0 5.9 12 280 M M 1 17 260
7 75 60 68 -6 0 3 0.72 0.0 0 6.1 15 280 M M 6 138 24 300
8 73 57 65 -10 0 0 T 0.0 0 5.4 23 30 M M 3 138 34 20
9 77 55 66 -9 0 1 T 0.0 0 5.0 17 350 M M 3 18 23 360
10 85 60 73 -2 0 8 0.00 0.0 0 5.7 14 130 M M 0 8 20 110
11 88 64 76 0 0 11 0.00 0.0 0 12.6 21 180 M M 2 8 30 160
12 87 72 80 4 0 15 0.02 0.0 0 11.9 21 230 M M 5 138 26 150
13 78 67 73 -3 0 8 0.00 0.0 0 7.6 15 150 M M 4 19 160
14 87 64 76 0 0 11 T 0.0 0 9.3 26 230 M M 3 35 230
15 83 71 77 0 0 12 T 0.0 0 5.0 13 130 M M 3 16 150
16 89 62 76 -1 0 11 1.92 0.0 0 6.8 24 320 M M 3 13 37 300
17 82 65 74 -3 0 9 0.00 0.0 0 6.3 14 20 M M 1 1 21 360
18 81 65 73 -5 0 8 0.00 0.0 0 6.3 12 110 M M 2 15 110
19 87 69 78 0 0 13 0.00 0.0 0 9.1 18 160 M M 0 28 140
20 77 69 73 -5 0 8 0.08 0.0 0 12.3 22 40 M M 8 1 30 40
21 72 69 71 -7 0 6 0.74 0.0 0 13.8 30 40 M M 10 1 41 40
22 80 68 74 -5 0 9 T 0.0 0 8.4 16 180 M M 7 1 26 150
23 80 71 76 -3 0 11 2.18 0.0 0 8.5 24 210 M M 7 123 34 220
24 87 71 79 0 0 14 0.14 0.0 0 7.6 23 210 M M 6 13 28 220
25 86 69 78 -1 0 13 0.83 0.0 0 5.4 40 220 M M 2 123 47 230
26 89 74 82 2 0 17 T 0.0 0 14.4 25 220 M M 1 32 220
27 89 68 79 -1 0 14 0.45 0.0 0 8.4 30 260 M M 3 138 47 330
28 87 70 79 -1 0 14 0.00 0.0 0 4.5 10 90 M M 2 19 110
29 81 71 76 -4 0 11 0.00 0.0 0 5.5 12 30 M M 1 18 14 30
30 85 69 77 -3 0 12 T 0.0 0 5.3 13 140 M M 1 18 16 140
================================================================================
SM 2421 1951 7 250 7.10 0.0 244.8 M 114
================================================================================
AV 80.7 65.0 8.2 FASTST M M 4 MAX(MPH)
MISC ----> 40 220 # 47 230
================================================================================
NOTES:
# LAST OF SEVERAL OCCURRENCES
COLUMN 17 PEAK WIND IN M.P.H.
PRELIMINARY LOCAL CLIMATOLOGICAL DATA (WS FORM: F-6) , PAGE 2
STATION: NORFOLK VA
MONTH: JUNE
YEAR: 2023
LATITUDE: 36 54 N
LONGITUDE: 76 12 W
[TEMPERATURE DATA] [PRECIPITATION DATA] SYMBOLS USED IN COLUMN 16
AVERAGE MONTHLY: 72.9 TOTAL FOR MONTH: 7.10 1 = FOG OR MIST
DPTR FM NORMAL: -3.8 DPTR FM NORMAL: 2.67 2 = FOG REDUCING VISIBILITY
HIGHEST: 89 ON 27,26 GRTST 24HR 2.18 ON 22-23 TO 1/4 MILE OR LESS
LOWEST: 52 ON 5 3 = THUNDER
SNOW, ICE PELLETS, HAIL 4 = ICE PELLETS
TOTAL MONTH: 0.0 INCH 5 = HAIL
GRTST 24HR 0.0 6 = FREEZING RAIN OR DRIZZLE
GRTST DEPTH: 0 7 = DUSTSTORM OR SANDSTORM:
VSBY 1/2 MILE OR LESS
8 = SMOKE OR HAZE
[NO. OF DAYS WITH] [WEATHER - DAYS WITH] 9 = BLOWING SNOW
X = TORNADO
MAX 32 OR BELOW: 0 0.01 INCH OR MORE: 10
MAX 90 OR ABOVE: 0 0.10 INCH OR MORE: 7
MIN 32 OR BELOW: 0 0.50 INCH OR MORE: 5
MIN 0 OR BELOW: 0 1.00 INCH OR MORE: 2
[HDD (BASE 65) ]
TOTAL THIS MO. 7 CLEAR (SCALE 0-3) 18
DPTR FM NORMAL 3 PTCLDY (SCALE 4-7) 10
TOTAL FM JUL 1 2641 CLOUDY (SCALE 8-10) 2
DPTR FM NORMAL -426
[CDD (BASE 65) ]
TOTAL THIS MO. 250
DPTR FM NORMAL -103 [PRESSURE DATA]
TOTAL FM JAN 1 390 HIGHEST SLP M ON M
DPTR FM NORMAL -179 LOWEST SLP 29.58 ON 16
[REMARKS]
#FINAL-06-23#