000
CXUS51 KAKQ 010710
CF6ORF
PRELIMINARY LOCAL CLIMATOLOGICAL DATA (WS FORM: F-6)
STATION: NORFOLK VA
MONTH: AUGUST
YEAR: 2022
LATITUDE: 36 54 N
LONGITUDE: 76 12 W
TEMPERATURE IN F: :PCPN: SNOW: WIND :SUNSHINE: SKY :PK WND
================================================================================
1 2 3 4 5 6A 6B 7 8 9 10 11 12 13 14 15 16 17 18
12Z AVG MX 2MIN
DY MAX MIN AVG DEP HDD CDD WTR SNW DPTH SPD SPD DIR MIN PSBL S-S WX SPD DR
================================================================================
1 89 73 81 0 0 16 0.48 0.0 0 6.9 22 340 M M 3 13 30 350
2 92 75 84 4 0 19 0.00 0.0 0 8.6 12 230 M M 0 8 16 290
3 88 77 83 3 0 18 0.00 0.0 0 M 12 130 M M M 15 130
4 94 76 85 5 0 20 0.00 0.0 0 7.6 22 210 M M 2 8 25 210
5 91 75 83 3 0 18 T 0.0 0 9.4 18 220 M M 2 13 23 210
6 90 75 83 3 0 18 0.00 0.0 0 8.1 16 150 M M 2 21 170
7 90 74 82 2 0 17 0.00 0.0 0 8.0 20 200 M M 2 25 180
8 92 76 84 4 0 19 0.00 0.0 0 12.7 18 220 M M 1 24 210
9 95 77 86 6 0 21 0.00 0.0 0 12.2 22 210 M M 1 25 230
10 95 73 84 4 0 19 0.18 0.0 0 9.3 25 350 M M 1 13 38 360
11 87 73 80 0 0 15 0.08 0.0 0 5.8 15 220 M M 4 13 20 330
12 80 69 75 -5 0 10 T 0.0 0 5.2 15 10 M M 3 19 350
13 81 66 74 -6 0 9 0.00 0.0 0 6.0 17 20 M M 0 22 30
14 81 66 74 -6 0 9 0.00 0.0 0 4.8 14 70 M M 0 19 60
15 76 69 73 -6 0 8 0.02 0.0 0 7.0 15 70 M M 7 8 17 60
16 80 69 75 -4 0 10 0.00 0.0 0 10.6 18 60 M M 3 24 40
17 81 67 74 -5 0 9 0.00 0.0 0 11.2 23 30 M M 0 27 30
18 85 64 75 -4 0 10 0.00 0.0 0 4.7 13 140 M M 1 17 150
19 85 66 76 -3 0 11 0.00 0.0 0 4.9 13 140 M M 0 18 140
20 84 72 78 -1 0 13 0.09 0.0 0 5.5 14 60 M M 3 1 19 80
21 85 72 79 0 0 14 0.12 0.0 0 5.2 24 210 M M 3 1 30 210
22 86 72 79 0 0 14 0.24 0.0 0 6.9 14 230 M M 6 1 18 240
23 84 73 79 0 0 14 0.00 0.0 0 5.4 10 30 M M 1 13 360
24 87 73 80 2 0 15 0.00 0.0 0 4.6 10 360 M M 0 1 13 10
25 89 71 80 2 0 15 T 0.0 0 6.7 14 200 M M 4 21 120
26 90 69 80 2 0 15 0.00 0.0 0 6.7 13 170 M M 1 17 200
27 92 73 83 5 0 18 0.00 0.0 0 5.4 14 140 M M 0 20 140
28 89 72 81 3 0 16 0.00 0.0 0 4.4 13 60 M M 0 17 80
29 87 76 82 4 0 17 0.00 0.0 0 6.6 14 30 M M 2 19 110
30 94 74 84 6 0 19 0.00 0.0 0 8.2 18 210 M M 2 25 220
31 88 74 81 3 0 16 0.00 0.0 0 5.1 16 10 M M 1 20 360
================================================================================
SM 2707 2231 0 462 1.21 0.0 213.7 M 55
================================================================================
AV 87.3 72.0 7.1 FASTST M M 2 MAX(MPH)
MISC ----> 25 350 38 360
================================================================================
NOTES:
# LAST OF SEVERAL OCCURRENCES
COLUMN 17 PEAK WIND IN M.P.H.
PRELIMINARY LOCAL CLIMATOLOGICAL DATA (WS FORM: F-6) , PAGE 2
STATION: NORFOLK VA
MONTH: AUGUST
YEAR: 2022
LATITUDE: 36 54 N
LONGITUDE: 76 12 W
[TEMPERATURE DATA] [PRECIPITATION DATA] SYMBOLS USED IN COLUMN 16
AVERAGE MONTHLY: 79.6 TOTAL FOR MONTH: 1.21 1 = FOG OR MIST
DPTR FM NORMAL: 0.4 DPTR FM NORMAL: -4.67 2 = FOG REDUCING VISIBILITY
HIGHEST: 95 ON 10, 9 GRTST 24HR 0.48 ON 1- 1 TO 1/4 MILE OR LESS
LOWEST: 64 ON 18 3 = THUNDER
SNOW, ICE PELLETS, HAIL 4 = ICE PELLETS
TOTAL MONTH: 0.0 INCH 5 = HAIL
GRTST 24HR 0.0 6 = FREEZING RAIN OR DRIZZLE
GRTST DEPTH: 0 7 = DUSTSTORM OR SANDSTORM:
VSBY 1/2 MILE OR LESS
8 = SMOKE OR HAZE
[NO. OF DAYS WITH] [WEATHER - DAYS WITH] 9 = BLOWING SNOW
X = TORNADO
MAX 32 OR BELOW: 0 0.01 INCH OR MORE: 7
MAX 90 OR ABOVE: 11 0.10 INCH OR MORE: 4
MIN 32 OR BELOW: 0 0.50 INCH OR MORE: 0
MIN 0 OR BELOW: 0 1.00 INCH OR MORE: 0
[HDD (BASE 65) ]
TOTAL THIS MO. 0 CLEAR (SCALE 0-3) 24
DPTR FM NORMAL 0 PTCLDY (SCALE 4-7) 6
TOTAL FM JUL 1 0 CLOUDY (SCALE 8-10) 1
DPTR FM NORMAL 0
[CDD (BASE 65) ]
TOTAL THIS MO. 462
DPTR FM NORMAL 20 [PRESSURE DATA]
TOTAL FM JAN 1 1531 HIGHEST SLP M ON M
DPTR FM NORMAL 21 LOWEST SLP 29.80 ON 30
[REMARKS]
#FINAL-08-22#