000
CXUS51 KBOX 010910
CF6ORH
PRELIMINARY LOCAL CLIMATOLOGICAL DATA (WS FORM: F-6)
STATION: WORCESTER MA
MONTH: DECEMBER
YEAR: 2023
LATITUDE: 42 16 N
LONGITUDE: 71 52 W
TEMPERATURE IN F: :PCPN: SNOW: WIND :SUNSHINE: SKY :PK WND
================================================================================
1 2 3 4 5 6A 6B 7 8 9 10 11 12 13 14 15 16 17 18
12Z AVG MX 2MIN
DY MAX MIN AVG DEP HDD CDD WTR SNW DPTH SPD SPD DIR MIN PSBL S-S WX SPD DR
================================================================================
1 52 36 44 9 21 0 0.08 0.0 M 9.3 16 230 M M 4 1 23 220
2 46 41 44 9 21 0 T 0.0 M 6.7 16 270 M M 10 12 26 280
3 44 36 40 6 25 0 0.75 0.0 M 8.6 17 60 M M 10 12 30 70
4 49 37 43 9 22 0 0.11 0.0 M 7.8 18 270 M M 8 1 27 280
5 38 28 33 -1 32 0 T 0.0 M 7.3 16 350 M M 6 1 25 300
6 36 23 30 -3 35 0 T T M 7.3 17 310 M M 6 27 330
7 29 18 24 -9 41 0 0.00 0.0 M 8.9 M 300 M M 1 20 290
8 41 18 30 -3 35 0 0.00 0.0 M 5.4 16 300 M M 2 21 290
9 52 33 43 11 22 0 0.00 0.0 M 6.2 14 200 M M 8 12 20 200
10 60 44 52 20 13 0 1.33 0.0 M 11.6 29 190 M M 10 12 40 180
11 59 32 46 14 19 0 1.09 0.0 M 16.7 29 290 M M 9 1 41 270
12 40 32 36 5 29 0 0.00 0.0 M 12.3 29 290 M M 2 43 290
13 40 28 34 3 31 0 T 0.0 M 12.1 28 300 M M 2 36 300
14 33 21 27 -4 38 0 0.00 0.0 M 10.4 18 240 M M 0 24 300
15 53 28 41 10 24 0 0.00 0.0 M 15.8 28 290 M M 0 40 280
16 50 36 43 13 22 0 0.00 0.0 M 6.9 14 350 M M 1 19 30
17 54 36 45 15 20 0 0.43 0.0 M 6.1 15 130 M M 10 12 22 110
18 61 42 52 22 13 0 2.83 0.0 M 19.4 36 150 M M 9 1 54 140
19 42 29 36 6 29 0 0.00 0.0 M 12.1 18 300 M M 4 26 310
20 41 27 34 5 31 0 0.00 0.0 M 12.1 22 320 M M 0 31 320
21 33 20 27 -2 38 0 0.00 0.0 M 10.3 20 340 M M 1 29 340
22 34 16 25 -4 40 0 0.00 0.0 M 4.8 12 330 M M 0 17 320
23 40 24 32 4 33 0 T 0.0 M 5.9 14 180 M M 5 19 140
24 44 34 39 11 26 0 0.07 0.0 M 2.8 6 190 M M 10 128 9 190
25 51 35 43 15 22 0 0.00 0.0 M 2.2 7 210 M M 9 12 8 220
26 53 37 45 17 20 0 0.00 0.0 M 6.9 13 280 M M 0 1 17 270
27 53 44 49 21 16 0 0.03 0.0 M 5.3 12 260 M M 9 12 16 250
28 45 40 43 16 22 0 0.59 0.0 M 10.2 20 40 M M 10 12 29 30
29 45 39 42 15 23 0 0.02 0.0 M 5.9 12 260 M M 10 12 19 20
30 42 33 38 11 27 0 0.06 0.0 M 9.7 15 300 M M 10 1 22 280
31 36 31 34 7 31 0 0.00 0.0 M 8.1 16 290 M M 9 22 310
================================================================================
SM 1396 978 821 0 7.39 T 275.1 M 175
================================================================================
AV 45.0 31.5 8.9 FASTST M M 6 MAX(MPH)
MISC ----> 36 150 54 140
================================================================================
NOTES:
# LAST OF SEVERAL OCCURRENCES
COLUMN 17 PEAK WIND IN M.P.H.
PRELIMINARY LOCAL CLIMATOLOGICAL DATA (WS FORM: F-6) , PAGE 2
STATION: WORCESTER MA
MONTH: DECEMBER
YEAR: 2023
LATITUDE: 42 16 N
LONGITUDE: 71 52 W
[TEMPERATURE DATA] [PRECIPITATION DATA] SYMBOLS USED IN COLUMN 16
AVERAGE MONTHLY: 38.3 TOTAL FOR MONTH: 7.39 1 = FOG OR MIST
DPTR FM NORMAL: 7.8 DPTR FM NORMAL: 3.11 2 = FOG REDUCING VISIBILITY
HIGHEST: 61 ON 18 GRTST 24HR 3.25 ON 17-18 TO 1/4 MILE OR LESS
LOWEST: 16 ON 22 3 = THUNDER
SNOW, ICE PELLETS, HAIL 4 = ICE PELLETS
TOTAL MONTH: T 5 = HAIL
GRTST 24HR T ON 6- 6 6 = FREEZING RAIN OR DRIZZLE
GRTST DEPTH: M ON M 7 = DUSTSTORM OR SANDSTORM:
VSBY 1/2 MILE OR LESS
8 = SMOKE OR HAZE
[NO. OF DAYS WITH] [WEATHER - DAYS WITH] 9 = BLOWING SNOW
X = TORNADO
MAX 32 OR BELOW: 1 0.01 INCH OR MORE: 12
MAX 90 OR ABOVE: 0 0.10 INCH OR MORE: 7
MIN 32 OR BELOW: 15 0.50 INCH OR MORE: 5
MIN 0 OR BELOW: 0 1.00 INCH OR MORE: 3
[HDD (BASE 65) ]
TOTAL THIS MO. 821 CLEAR (SCALE 0-3) 11
DPTR FM NORMAL -250 PTCLDY (SCALE 4-7) 7
TOTAL FM JUL 1 1995 CLOUDY (SCALE 8-10) 13
DPTR FM NORMAL -442
[CDD (BASE 65) ]
TOTAL THIS MO. 0
DPTR FM NORMAL 0 [PRESSURE DATA]
TOTAL FM JAN 1 644 HIGHEST SLP 30.61 ON 14
DPTR FM NORMAL 143 LOWEST SLP 28.93 ON 18
[REMARKS]
#FINAL-12-23#