000
CXUS53 KDMX 221516
CF6OTM
PRELIMINARY LOCAL CLIMATOLOGICAL DATA (WS FORM: F-6)
STATION: OTTUMWA IA
MONTH: FEBRUARY
YEAR: 2023
LATITUDE: 41 6 N
LONGITUDE: 92 27 W
TEMPERATURE IN F: :PCPN: SNOW: WIND :SUNSHINE: SKY :PK WND
================================================================================
1 2 3 4 5 6A 6B 7 8 9 10 11 12 13 14 15 16 17 18
12Z AVG MX 2MIN
DY MAX MIN AVG DEP HDD CDD WTR SNW DPTH SPD SPD DIR MIN PSBL S-S WX SPD DR
================================================================================
1 36 8 22 -1 43 0 0.00 0.0 T 11.0 21 210 M M 0 27 240
2 37 1 19 -5 46 0 0.00 0.0 T 15.9 28 330 M M 0 35 330
3 14 -2 6 -18 59 0 0.00 0.0 0 9.2 17 340 M M 5 23 340
4 53 14 34 10 31 0 0.00 0.0 0 14.7 29 230 M M 0 34 220
5 47 24 36 12 29 0 0.00 0.0 0 10.1 22 320 M M 0 26 320
6 59 23 41 17 24 0 0.01 0.0 0 15.8 33 150 M M 2 1 45 160
7 47 22 35 10 30 0 0.00 0.0 0 9.9 22 250 M M 3 29 250
8 47 20 34 9 31 0 0.04 0.0 0 6.5 14 190 M M 3 19 170
9 39 30 35 10 30 0 0.97 2.6 T 16.2 25 330 M M 10 12 35 350
10 35 16 26 0 39 0 0.00 0.0 1 9.6 25 310 M M 1 31 300
11 47 18 33 7 32 0 0.00 0.0 T 10.1 16 230 M M 0 20 200
12 56 25 41 15 24 0 0.00 0.0 0 9.2 17 230 M M 0 21 200
13 55 28 42 16 23 0 0.00 0.0 0 8.0 14 200 M M 0 18 210
14 50 33 42 15 23 0 0.10 0.0 0 15.7 26 140 M M 5 1 37 130
15 46 25 36 9 29 0 T T 0 15.9 32 250 M M 8 1 47 260
16 28 11 20 -8 45 0 0.55 7.4 2 16.1 26 320 M M 8 12 34 50
17 30 -4 13 -15 52 0 0.00 0.0 6 9.1 17 190 M M 0 23 200
18 46 26 36 8 29 0 0.00 0.0 4 13.0 24 190 M M 0 33 190
19 46 26 36 7 29 0 0.00 0.0 2 11.6 22 210 M M 1 29 200
20 50 19 35 6 30 0 0.00 0.0 T 8.9 20 320 M M 2 12 29 300
21 39 21 30 0 35 0 0.00 0.0 0 12.4 23 310 M M 2 33 320
22 36 32 34 4 31 0 0.19 0.0 0 13.1 24 80 M M 10 16 35 80
23 33 11 22 -8 43 0 0.00 0.0 0 16.9 28 270 M M 8 39 260
24 27 9 18 -13 47 0 T T 0 9.0 18 340 M M 9 22 330
25 44 14 29 -2 36 0 0.00 0.0 0 7.0 14 210 M M 1 22 250
26 55 22 39 7 26 0 0.08 0.0 0 9.8 21 160 M M 3 13 29 160
27 53 35 44 12 21 0 0.51 0.0 0 15.8 32 310 M M 10 13 43 290
28 50 28 39 7 26 0 0.00 0.0 0 9.1 21 90 M M 6 1 25 100
================================================================================
SM 1205 535 943 0 2.45 10.0 329.6 M 97
================================================================================
AV 43.0 19.1 11.8 FASTST M M 3 MAX(MPH)
MISC ----> 33 150 47 260
================================================================================
NOTES:
# LAST OF SEVERAL OCCURRENCES
COLUMN 17 PEAK WIND IN M.P.H.
PRELIMINARY LOCAL CLIMATOLOGICAL DATA (WS FORM: F-6) , PAGE 2
STATION: OTTUMWA IA
MONTH: FEBRUARY
YEAR: 2023
LATITUDE: 41 6 N
LONGITUDE: 92 27 W
[TEMPERATURE DATA] [PRECIPITATION DATA] SYMBOLS USED IN COLUMN 16
AVERAGE MONTHLY: 31.1 TOTAL FOR MONTH: 2.45 1 = FOG OR MIST
DPTR FM NORMAL: 3.7 DPTR FM NORMAL: 1.04 2 = FOG REDUCING VISIBILITY
HIGHEST: 59 ON 6 GRTST 24HR 0.97 ON 9- 9 TO 1/4 MILE OR LESS
LOWEST: -4 ON 17 3 = THUNDER
SNOW, ICE PELLETS, HAIL 4 = ICE PELLETS
TOTAL MONTH: 10.0 INCHES 5 = HAIL
GRTST 24HR 7.4 ON 16-16 6 = FREEZING RAIN OR DRIZZLE
GRTST DEPTH: 6 ON 17 7 = DUSTSTORM OR SANDSTORM:
VSBY 1/2 MILE OR LESS
8 = SMOKE OR HAZE
[NO. OF DAYS WITH] [WEATHER - DAYS WITH] 9 = BLOWING SNOW
X = TORNADO
MAX 32 OR BELOW: 4 0.01 INCH OR MORE: 8
MAX 90 OR ABOVE: 0 0.10 INCH OR MORE: 5
MIN 32 OR BELOW: 26 0.50 INCH OR MORE: 3
MIN 0 OR BELOW: 2 1.00 INCH OR MORE: 0
[HDD (BASE 65) ]
TOTAL THIS MO. 943 CLEAR (SCALE 0-3) 17
DPTR FM NORMAL -110 PTCLDY (SCALE 4-7) 5
TOTAL FM JUL 1 4526 CLOUDY (SCALE 8-10) 6
DPTR FM NORMAL -224
[CDD (BASE 65) ]
TOTAL THIS MO. 0
DPTR FM NORMAL 0 [PRESSURE DATA]
TOTAL FM JAN 1 0 HIGHEST SLP 30.73 ON 3
DPTR FM NORMAL 0 LOWEST SLP 29.00 ON 27
[REMARKS]
#FINAL-02-23#