000
CXUS53 KARX 012245
CF6OVS
PRELIMINARY LOCAL CLIMATOLOGICAL DATA (WS FORM: F-6)
STATION: BOSCOBEL_(ASOS) WI
MONTH: MAY
YEAR: 2023
LATITUDE: 43 9 N
LONGITUDE: 90 41 W
TEMPERATURE IN F: :PCPN: SNOW: WIND :SUNSHINE: SKY :PK WND
================================================================================
1 2 3 4 5 6A 6B 7 8 9 10 11 12 13 14 15 16 17 18
12Z AVG MX 2MIN
DY MAX MIN AVG DEP HDD CDD WTR SNW DPTH SPD SPD DIR MIN PSBL S-S WX SPD DR
================================================================================
1 58 43 51 -3 14 0 T 0.0 0 13.8 25 310 M M 8 40 340
2 62 42 52 -2 13 0 0.00 0.0 0 11.4 22 350 M M 5 38 320
3 67 32 50 -5 15 0 0.00 0.0 0 3.4 16 20 M M 0 18 24 30
4 81 34 58 3 7 0 0.00 0.0 0 6.9 17 200 M M 2 27 190
5 79 57 68 12 0 3 0.10 0.0 0 5.7 16 180 M M 4 1 27 170
6 71 57 64 8 1 0 0.04 0.0 0 4.0 12 110 M M 9 1 22 120
7 83 52 68 12 0 3 T 0.0 0 2.9 15 340 M M 4 128 24 330
8 67 52 60 3 5 0 0.06 0.0 0 4.4 13 100 M M 8 1 21 110
9 75 49 62 5 3 0 0.00 0.0 0 1.7 10 210 M M 3 1 16 200
10 81 47 64 7 1 0 0.00 0.0 0 2.6 12 200 M M 3 12 18 200
11 85 47 66 8 0 1 0.00 0.0 0 2.9 12 210 M M 2 1 19 100
12 68 58 63 5 2 0 0.14 0.0 0 3.2 10 70 M M 9 1 19 70
13 78 58 68 10 0 3 0.00 0.0 0 6.5 16 90 M M 7 28 60
14 67 49 58 -1 7 0 0.82 0.0 0 5.8 14 70 M M 10 1 24 80
15 75 41 58 -1 7 0 0.00 0.0 0 2.1 8 300 M M 0 1 13 20
16 83 46 65 5 0 0 0.00 0.0 0 5.7 14 310 M M 0 23 60
17 68 45 57 -3 8 0 0.00 0.0 0 4.0 10 50 M M 0 18 20
18 79 40 60 0 5 0 T 0.0 0 3.8 14 180 M M 2 25 180
19 65 43 54 -7 11 0 0.00 0.0 0 6.7 16 330 M M 5 8 24 340
20 76 38 57 -4 8 0 0.00 0.0 0 3.3 14 330 M M 0 1 21 340
21 80 40 60 -1 5 0 0.00 0.0 0 2.3 13 240 M M 0 12 19 250
22 82 44 63 1 2 0 0.00 0.0 0 2.1 14 200 M M 1 1 19 240
23 84 45 65 3 0 0 0.00 0.0 0 2.0 13 210 M M 0 1 19 190
24 78 47 63 1 2 0 0.00 0.0 0 5.8 14 90 M M 1 1 22 130
25 75 39 57 -6 8 0 0.00 0.0 0 4.9 13 120 M M 1 21 60
26 79 32 56 -7 9 0 0.00 0.0 0 2.2 10 90 M M 0 17 110
27 82 36 59 -4 6 0 0.00 0.0 0 1.9 9 120 M M 0 20 170
28 84 43 64 0 1 0 0.00 0.0 0 1.7 10 70 M M 0 16 80
29 86 48 67 3 0 2 0.00 0.0 0 1.4 7 20 M M 0 12 130
30 91 45 68 4 0 3 0.00 0.0 0 2.4 14 210 M M 0 1 22 230
31 92 51 72 7 0 7 0.00 0.0 0 1.8 13 220 M M 1 1 20 210
================================================================================
SM 2381 1400 140 22 1.16 0.0 129.3 M 85
================================================================================
AV 76.8 45.2 4.2 FASTST M M 3 MAX(MPH)
MISC ----> 25 310 40 340
================================================================================
NOTES:
# LAST OF SEVERAL OCCURRENCES
COLUMN 17 PEAK WIND IN M.P.H.
PRELIMINARY LOCAL CLIMATOLOGICAL DATA (WS FORM: F-6) , PAGE 2
STATION: BOSCOBEL_(ASOS) WI
MONTH: MAY
YEAR: 2023
LATITUDE: 43 9 N
LONGITUDE: 90 41 W
[TEMPERATURE DATA] [PRECIPITATION DATA] SYMBOLS USED IN COLUMN 16
AVERAGE MONTHLY: 61.0 TOTAL FOR MONTH: 1.16 1 = FOG OR MIST
DPTR FM NORMAL: 1.4 DPTR FM NORMAL: -3.19 2 = FOG REDUCING VISIBILITY
HIGHEST: 92 ON 31 GRTST 24HR 0.82 ON 14-14 TO 1/4 MILE OR LESS
LOWEST: 32 ON 26, 3 3 = THUNDER
SNOW, ICE PELLETS, HAIL 4 = ICE PELLETS
TOTAL MONTH: 0.0 INCH 5 = HAIL
GRTST 24HR 0.0 6 = FREEZING RAIN OR DRIZZLE
GRTST DEPTH: 0 7 = DUSTSTORM OR SANDSTORM:
VSBY 1/2 MILE OR LESS
8 = SMOKE OR HAZE
[NO. OF DAYS WITH] [WEATHER - DAYS WITH] 9 = BLOWING SNOW
X = TORNADO
MAX 32 OR BELOW: 0 0.01 INCH OR MORE: 5
MAX 90 OR ABOVE: 2 0.10 INCH OR MORE: 3
MIN 32 OR BELOW: 2 0.50 INCH OR MORE: 1
MIN 0 OR BELOW: 0 1.00 INCH OR MORE: 0
[HDD (BASE 65) ]
TOTAL THIS MO. 140 CLEAR (SCALE 0-3) 21
DPTR FM NORMAL -72 PTCLDY (SCALE 4-7) 6
TOTAL FM JUL 1 6481 CLOUDY (SCALE 8-10) 4
DPTR FM NORMAL -365
[CDD (BASE 65) ]
TOTAL THIS MO. 22
DPTR FM NORMAL -21 [PRESSURE DATA]
TOTAL FM JAN 1 35 HIGHEST SLP 30.46 ON 15
DPTR FM NORMAL -14 LOWEST SLP 29.54 ON 1
[REMARKS]
#FINAL-05-23#