000
CXUS53 KARX 010900
CF6OVS
PRELIMINARY LOCAL CLIMATOLOGICAL DATA (WS FORM: F-6)
STATION: BOSCOBEL_(ASOS) WI
MONTH: MARCH
YEAR: 2023
LATITUDE: 43 9 N
LONGITUDE: 90 41 W
TEMPERATURE IN F: :PCPN: SNOW: WIND :SUNSHINE: SKY :PK WND
================================================================================
1 2 3 4 5 6A 6B 7 8 9 10 11 12 13 14 15 16 17 18
12Z AVG MX 2MIN
DY MAX MIN AVG DEP HDD CDD WTR SNW DPTH SPD SPD DIR MIN PSBL S-S WX SPD DR
================================================================================
1 55 36 46 17 19 0 M M M 7.3 24 270 M M 8 18 39 250
2 38 27 33 3 32 0 0.00 M M 3.5 14 330 M M 9 20 360
3 42 24 33 3 32 0 0.00 0.0 M 2.9 10 10 M M 3 18 17 60
4 46 24 35 4 30 0 T 0.0 M 3.4 13 280 M M 4 18 18 280
5 51 20 36 5 29 0 0.14 M M 4.5 15 80 M M 3 18 27 80
6 41 36 39 7 26 0 0.05 M M 6.4 15 360 M M 10 1 23 20
7 49 33 41 9 24 0 0.00 0.0 M 6.3 13 90 M M 4 22 80
8 48 27 38 5 27 0 T M M 6.0 16 110 M M 5 26 120
9 40 30 35 2 30 0 0.32 M M 6.4 15 90 M M 10 128 24 50
10 36 30 33 -1 32 0 M M M 3.6 9 330 M M 10 14 360
11 36 31 34 0 31 0 M M M 4.9 13 100 M M 10 23 120
12 36 27 32 -2 33 0 M M M 5.7 14 240 M M 10 1 23 270
13 34 16 25 -10 40 0 T M M 7.7 16 320 M M 9 26 360
14 36 6 21 -14 44 0 0.00 0.0 M 1.4 9 180 M M 0 8 13 180
15 52 27 40 4 25 0 0.00 0.0 M 5.4 14 190 M M 3 20 210
16 48 32 40 4 25 0 0.43 M M 5.6 22 310 M M 9 1 34 320
17 32 11 22 -14 43 0 T M M 15.2 26 310 M M 7 39 310
18 28 10 19 -18 46 0 T M M 10.5 20 270 M M 7 8 27 290
19 42 14 28 -9 37 0 0.00 M M 8.6 17 250 M M 0 28 260
20 52 30 41 3 24 0 0.00 0.0 0 7.4 16 220 M M 1 8 25 250
21 59 30 45 7 20 0 0.00 0.0 0 4.9 12 160 M M 4 20 150
22 54 37 46 7 19 0 T 0.0 0 6.8 13 240 M M 8 18 20 250
23 45 25 35 -4 30 0 0.26 M M 3.5 12 10 M M 6 1 19 320
24 52 20 36 -3 29 0 0.00 0.0 M 4.4 10 80 M M 0 1 19 60
25 53 28 41 1 24 0 0.00 0.0 M 7.9 18 310 M M 3 8 28 300
26 46 21 34 -6 31 0 0.00 0.0 0 1.6 12 350 M M 4 18 15 340
27 55 21 38 -3 27 0 0.00 0.0 M 3.5 13 320 M M 0 18 20 350
28 48 25 37 -4 28 0 0.00 0.0 0 5.8 17 230 M M 1 8 24 210
29 40 17 29 -12 36 0 T M M 5.5 17 310 M M 3 18 25 350
30 49 14 32 -10 33 0 0.03 M M 4.4 13 90 M M 7 3 23 110
31 59 39 49 7 16 0 0.98 M M 6.5 22 250 M M 9 138 40 220
================================================================================
SM 1402 768 922 0 2.21 0.0 177.5 M 167
================================================================================
AV 45.2 24.8 5.7 FASTST M M 5 MAX(MPH)
MISC ----> 26 310 40 220
================================================================================
NOTES:
# LAST OF SEVERAL OCCURRENCES
COLUMN 17 PEAK WIND IN M.P.H.
PRELIMINARY LOCAL CLIMATOLOGICAL DATA (WS FORM: F-6) , PAGE 2
STATION: BOSCOBEL_(ASOS) WI
MONTH: MARCH
YEAR: 2023
LATITUDE: 43 9 N
LONGITUDE: 90 41 W
[TEMPERATURE DATA] [PRECIPITATION DATA] SYMBOLS USED IN COLUMN 16
AVERAGE MONTHLY: 35.0 TOTAL FOR MONTH: 2.21 1 = FOG OR MIST
DPTR FM NORMAL: -1.0 DPTR FM NORMAL: 0.30 2 = FOG REDUCING VISIBILITY
HIGHEST: 59 ON 31,21 GRTST 24HR 1.01 ON 30-31 TO 1/4 MILE OR LESS
LOWEST: 6 ON 14 3 = THUNDER
SNOW, ICE PELLETS, HAIL 4 = ICE PELLETS
TOTAL MONTH: 0.0 INCH 5 = HAIL
GRTST 24HR 0.0 6 = FREEZING RAIN OR DRIZZLE
GRTST DEPTH: 0 7 = DUSTSTORM OR SANDSTORM:
VSBY 1/2 MILE OR LESS
8 = SMOKE OR HAZE
[NO. OF DAYS WITH] [WEATHER - DAYS WITH] 9 = BLOWING SNOW
X = TORNADO
MAX 32 OR BELOW: 2 0.01 INCH OR MORE: 7
MAX 90 OR ABOVE: 0 0.10 INCH OR MORE: 5
MIN 32 OR BELOW: 26 0.50 INCH OR MORE: 1
MIN 0 OR BELOW: 0 1.00 INCH OR MORE: 0
[HDD (BASE 65) ]
TOTAL THIS MO. 922 CLEAR (SCALE 0-3) 10
DPTR FM NORMAL 21 PTCLDY (SCALE 4-7) 10
TOTAL FM JUL 1 5855 CLOUDY (SCALE 8-10) 11
DPTR FM NORMAL -270
[CDD (BASE 65) ]
TOTAL THIS MO. 0
DPTR FM NORMAL -2 [PRESSURE DATA]
TOTAL FM JAN 1 0 HIGHEST SLP 30.54 ON 8
DPTR FM NORMAL -2 LOWEST SLP 29.21 ON 31
[REMARKS]
#FINAL-03-23#