000
CXUS53 KARX 011000
CF6OVS
PRELIMINARY LOCAL CLIMATOLOGICAL DATA (WS FORM: F-6)
STATION: BOSCOBEL_(ASOS) WI
MONTH: JANUARY
YEAR: 2021
LATITUDE: 43 9 N
LONGITUDE: 90 41 W
TEMPERATURE IN F: :PCPN: SNOW: WIND :SUNSHINE: SKY :PK WND
================================================================================
1 2 3 4 5 6A 6B 7 8 9 10 11 12 13 14 15 16 17 18
12Z AVG MX 2MIN
DY MAX MIN AVG DEP HDD CDD WTR SNW DPTH SPD SPD DIR MIN PSBL S-S WX SPD DR
================================================================================
1 29 18 24 4 41 0 0.00 0.0 M 4.3 9 350 M M 9 18 12 20
2 29 21 25 5 40 0 0.00 0.0 M 1.5 10 360 M M 10 18 14 10
3 26 22 24 5 41 0 T M M 3.5 9 230 M M 10 1 13 220
4 31 21 26 7 39 0 T M M 4.9 10 230 M M 10 12 16 220
5 39 10 25 6 40 0 M M M 1.1 6 210 M M 2 128 8 210
6 26 18 22 3 43 0 0.00 0.0 M 3.7 8 40 M M 10 128 13 50
7 35 24 30 11 35 0 0.00 0.0 M 2.5 7 350 M M 10 18 10 30
8 31 24 28 9 37 0 0.00 0.0 M 3.7 10 350 M M 10 14 360
9 29 26 28 9 37 0 0.00 0.0 M 1.9 8 280 M M 10 8 10 290
10 27 20 24 5 41 0 0.00 0.0 M 3.4 9 270 M M 10 18 13 240
11 38 24 31 12 34 0 0.00 0.0 M 7.8 17 220 M M 5 1 27 210
12 39 18 29 11 36 0 0.00 0.0 M 3.7 10 230 M M 0 1 15 220
13 43 21 32 14 33 0 0.00 0.0 M 1.7 6 220 M M 3 1 M M
14 37 25 31 13 34 0 0.30 M M 2.6 8 90 M M 9 18 11 190
15 39 33 36 18 29 0 0.03 M M 3.7 10 360 M M 10 1 15 10
16 38 31 35 17 30 0 0.01 M M 4.9 13 300 M M 10 18 17 280
17 32 27 30 12 35 0 0.00 0.0 M 4.4 9 310 M M 10 1 12 310
18 29 21 25 7 40 0 T M M 5.9 13 290 M M 9 19 280
19 30 12 21 3 44 0 0.03 M M 6.8 17 300 M M 9 1 25 290
20 40 3 22 4 43 0 0.00 0.0 M 8.3 17 230 M M 0 30 200
21 40 20 30 12 35 0 0.00 0.0 M 11.1 22 280 M M 2 35 290
22 20 3 12 -7 53 0 0.00 0.0 M 5.8 17 320 M M 0 8 23 330
23 23 -4 10 -9 55 0 M M M 1.5 8 190 M M 4 18 12 180
24 33 5 19 0 46 0 0.06 M M 1.6 10 20 M M 6 18 14 330
25 25 0 13 -6 52 0 T M M 4.9 14 60 M M 4 18 27 60
26 28 5 17 -2 48 0 0.06 M M 6.2 14 10 M M 7 18 21 40
27 27 -1 13 -6 52 0 0.00 0.0 M 2.6 13 320 M M 1 18 17 360
28 25 -1 12 -7 53 0 0.00 0.0 M 1.3 6 120 M M 2 18 9 120
29 29 10 20 1 45 0 0.00 0.0 M 4.6 13 100 M M 7 8 20 110
30 35 28 32 12 33 0 0.19 M M 8.0 16 100 M M 6 18 30 100
31 34 22 28 8 37 0 0.04 M M 5.3 13 360 M M 10 18 20 60
================================================================================
SM 986 506 1261 0 0.72 0.0 133.2 M 205
================================================================================
AV 31.8 16.3 4.3 FASTST M M 7 MAX(MPH)
MISC ----> 22 280 35 290
================================================================================
NOTES:
# LAST OF SEVERAL OCCURRENCES
COLUMN 17 PEAK WIND IN M.P.H.
PRELIMINARY LOCAL CLIMATOLOGICAL DATA (WS FORM: F-6) , PAGE 2
STATION: BOSCOBEL_(ASOS) WI
MONTH: JANUARY
YEAR: 2021
LATITUDE: 43 9 N
LONGITUDE: 90 41 W
[TEMPERATURE DATA] [PRECIPITATION DATA] SYMBOLS USED IN COLUMN 16
AVERAGE MONTHLY: 24.1 TOTAL FOR MONTH: 0.72 1 = FOG OR MIST
DPTR FM NORMAL: 5.2 DPTR FM NORMAL: -0.27 2 = FOG REDUCING VISIBILITY
HIGHEST: 43 ON 13 GRTST 24HR 0.35 ON 30-31 TO 1/4 MILE OR LESS
LOWEST: -4 ON 23 3 = THUNDER
SNOW, ICE PELLETS, HAIL 4 = ICE PELLETS
TOTAL MONTH: 0.0 INCH 5 = HAIL
GRTST 24HR 0.0 6 = FREEZING RAIN OR DRIZZLE
GRTST DEPTH: M ON M 7 = DUSTSTORM OR SANDSTORM:
VSBY 1/2 MILE OR LESS
8 = SMOKE OR HAZE
[NO. OF DAYS WITH] [WEATHER - DAYS WITH] 9 = BLOWING SNOW
X = TORNADO
MAX 32 OR BELOW: 18 0.01 INCH OR MORE: 8
MAX 90 OR ABOVE: 0 0.10 INCH OR MORE: 2
MIN 32 OR BELOW: 30 0.50 INCH OR MORE: 0
MIN 0 OR BELOW: 4 1.00 INCH OR MORE: 0
[HDD (BASE 65) ]
TOTAL THIS MO. 1261 CLEAR (SCALE 0-3) 7
DPTR FM NORMAL -168 PTCLDY (SCALE 4-7) 8
TOTAL FM JUL 1 3636 CLOUDY (SCALE 8-10) 16
DPTR FM NORMAL -597
[CDD (BASE 65) ]
TOTAL THIS MO. 0
DPTR FM NORMAL 0 [PRESSURE DATA]
TOTAL FM JAN 1 0 HIGHEST SLP 30.75 ON 28
DPTR FM NORMAL 0 LOWEST SLP 29.28 ON 15
[REMARKS]
#FINAL-01-21#