000
CXUS53 KPAH 010700
CF6OWB
PRELIMINARY LOCAL CLIMATOLOGICAL DATA (WS FORM: F-6)
STATION: OWENSBORO KY
MONTH: JULY
YEAR: 2022
LATITUDE: 37 45 N
LONGITUDE: 87 10 W
TEMPERATURE IN F: :PCPN: SNOW: WIND :SUNSHINE: SKY :PK WND
================================================================================
1 2 3 4 5 6A 6B 7 8 9 10 11 12 13 14 15 16 17 18
12Z AVG MX 2MIN
DY MAX MIN AVG DEP HDD CDD WTR SNW DPTH SPD SPD DIR MIN PSBL S-S WX SPD DR
================================================================================
1 95 73 84 4 0 19 0.00 M M 6.2 15 250 M M 2 23 240
2 91 73 82 2 0 17 T M M 5.3 13 360 M M 3 17 330
3 90 73 82 2 0 17 T M M 7.1 13 50 M M 3 16 50
4 95 73 84 4 0 19 0.00 M M 6.2 12 170 M M 1 18 210
5 99 76 88 8 0 23 0.00 M M 5.4 14 250 M M 1 16 210
6 99 78 89 9 0 24 0.00 M M 7.4 16 320 M M 2 3 20 330
7 86 74 80 0 0 15 0.37 M M 4.6 17 360 M M 4 138 23 350
8 92 73 83 2 0 18 0.44 M M 6.5 30 310 M M 3 13 39 300
9 81 69 75 -6 0 10 0.11 M M 5.3 17 60 M M 6 1 21 60
10 87 68 78 -3 0 13 0.00 M M 6.1 12 40 M M 1 15 20
11 91 66 79 -2 0 14 M M M 3.9 13 180 M M 0 M M
12 89 71 80 -1 0 15 0.00 M M 6.6 16 320 M M 0 21 310
13 89 65 77 -4 0 12 0.00 M M 4.0 13 320 M M 1 16 310
14 90 67 79 -2 0 14 0.00 M M 3.7 14 320 M M 2 8 16 310
15 91 69 80 0 0 15 0.00 M M 4.0 10 350 M M 2 18 340
16 92 74 83 3 0 18 T M M 6.9 15 200 M M 2 3 20 170
17 81 72 77 -3 0 12 0.42 M M 8.0 24 310 M M 9 13 30 230
18 85 69 77 -3 0 12 0.09 M M 5.4 13 290 M M 6 18 16 310
19 91 69 80 0 0 15 0.01 M M 4.2 12 140 M M 2 1 15 210
20 95 76 86 6 0 21 0.01 M M 8.6 31 280 M M 3 13 38 280
21 90 71 81 1 0 16 0.02 M M 5.0 13 280 M M 1 1 16 310
22 94 68 81 1 0 16 0.00 M M 4.1 12 180 M M 0 18 14 160
23 94 73 84 4 0 19 0.00 M M 5.7 20 230 M M 0 1 22 230
24 94 75 85 5 0 20 0.36 M M 7.8 16 360 M M 2 13 21 360
25 83 74 79 -1 0 14 1.29 M M 6.5 22 130 M M 6 13 26 160
26 82 69 76 -4 0 11 1.22 M M 6.2 14 50 M M 7 13 16 50
27 88 75 82 2 0 17 0.07 M M 6.8 16 310 M M 4 13 20 310
28 89 71 80 0 0 15 M M M 6.4 22 250 M M 8 138 26 190
29 83 67 75 -5 0 10 M M M 4.4 15 330 M M 4 1 17 310
30 82 67 75 -5 0 10 M M M 5.0 13 110 M M 2 15 110
31 78 66 72 -8 0 7 M M M 5.0 10 210 M M 10 1 12 250
================================================================================
SM 2766 2204 0 478 4.41 M 178.3 M 97
================================================================================
AV 89.2 71.1 5.8 FASTST M M 3 MAX(MPH)
MISC ----> 31 280 39 300
================================================================================
NOTES:
# LAST OF SEVERAL OCCURRENCES
COLUMN 17 PEAK WIND IN M.P.H.
PRELIMINARY LOCAL CLIMATOLOGICAL DATA (WS FORM: F-6) , PAGE 2
STATION: OWENSBORO KY
MONTH: JULY
YEAR: 2022
LATITUDE: 37 45 N
LONGITUDE: 87 10 W
[TEMPERATURE DATA] [PRECIPITATION DATA] SYMBOLS USED IN COLUMN 16
AVERAGE MONTHLY: 80.2 TOTAL FOR MONTH: 4.41 1 = FOG OR MIST
DPTR FM NORMAL: -0.1 DPTR FM NORMAL: 0.65 2 = FOG REDUCING VISIBILITY
HIGHEST: 99 ON 6, 5 GRTST 24HR 1.65 ON 24-25 TO 1/4 MILE OR LESS
LOWEST: 65 ON 13 3 = THUNDER
SNOW, ICE PELLETS, HAIL 4 = ICE PELLETS
TOTAL MONTH: M 5 = HAIL
GRTST 24HR M ON M 6 = FREEZING RAIN OR DRIZZLE
GRTST DEPTH: M ON M 7 = DUSTSTORM OR SANDSTORM:
VSBY 1/2 MILE OR LESS
8 = SMOKE OR HAZE
[NO. OF DAYS WITH] [WEATHER - DAYS WITH] 9 = BLOWING SNOW
X = TORNADO
MAX 32 OR BELOW: 0 0.01 INCH OR MORE: 12
MAX 90 OR ABOVE: 17 0.10 INCH OR MORE: 7
MIN 32 OR BELOW: 0 0.50 INCH OR MORE: 2
MIN 0 OR BELOW: 0 1.00 INCH OR MORE: 2
[HDD (BASE 65) ]
TOTAL THIS MO. 0 CLEAR (SCALE 0-3) 19
DPTR FM NORMAL 0 PTCLDY (SCALE 4-7) 10
TOTAL FM JUL 1 0 CLOUDY (SCALE 8-10) 2
DPTR FM NORMAL 0
[CDD (BASE 65) ]
TOTAL THIS MO. 478
DPTR FM NORMAL 3 [PRESSURE DATA]
TOTAL FM JAN 1 1038 HIGHEST SLP 30.20 ON 30
DPTR FM NORMAL 8 LOWEST SLP 29.69 ON 20
[REMARKS]
#FINAL-07-22#