000
CXUS56 KLOX 011155
CF6OXR
PRELIMINARY LOCAL CLIMATOLOGICAL DATA (WS FORM: F-6)
STATION: OXNARD AIRPORT CA
MONTH: JUNE
YEAR: 2023
LATITUDE: 34 12 N
LONGITUDE: 119 12 W
TEMPERATURE IN F: :PCPN: SNOW: WIND :SUNSHINE: SKY :PK WND
================================================================================
1 2 3 4 5 6A 6B 7 8 9 10 11 12 13 14 15 16 17 18
12Z AVG MX 2MIN
DY MAX MIN AVG DEP HDD CDD WTR SNW DPTH SPD SPD DIR MIN PSBL S-S WX SPD DR
================================================================================
1 67 59 63 1 2 0 0.00 M M 10.2 17 290 M M 10 22 280
2 69 57 63 1 2 0 0.00 M M 11.0 18 280 M M 5 23 280
3 67 53 60 -2 5 0 0.00 M M 4.9 13 250 M M 5 17 250
4 68 59 64 2 1 0 0.00 M M 4.2 13 280 M M 10 1 17 280
5 64 59 62 -1 3 0 0.00 M M 5.2 10 210 M M 10 18 26 170
6 66 58 62 -1 3 0 0.06 M M 4.4 14 200 M M 9 21 210
7 68 58 63 0 2 0 T M M 5.7 13 170 M M 7 19 170
8 69 57 63 0 2 0 0.00 M M 9.0 17 280 M M 6 22 250
9 67 59 63 0 2 0 0.00 M M 5.3 12 270 M M M 8 17 260
10 66 60 63 0 2 0 0.00 M M 6.2 13 270 M M 10 1 16 270
11 68 59 64 1 1 0 0.00 M M 8.3 12 270 M M 10 1 19 270
12 68 58 63 0 2 0 0.00 M M 7.5 15 290 M M 7 19 280
13 70 58 64 1 1 0 0.00 M M 9.9 17 290 M M 6 21 280
14 66 58 62 -1 3 0 0.00 M M 5.1 10 220 M M 9 18 16 230
15 68 61 65 1 0 0 0.00 M M 5.4 12 270 M M 10 18 16 280
16 70 60 65 1 0 0 0.00 M M 8.5 18 280 M M 6 23 280
17 70 59 65 1 0 0 0.00 M M 8.8 20 270 M M 5 1 24 280
18 67 59 63 -1 2 0 0.00 M M 6.1 14 280 M M 10 1 18 260
19 70 59 65 1 0 0 0.00 M M 5.6 14 270 M M 5 8 20 260
20 71 55 63 -1 2 0 0.00 M M 5.7 14 260 M M 0 8 20 250
21 71 55 63 -1 2 0 0.00 M M 7.6 16 280 M M 0 22 260
22 69 56 63 -1 2 0 0.00 M M 10.9 23 270 M M 4 28 270
23 70 55 63 -1 2 0 0.00 M M 8.4 25 280 M M 3 30 290
24 69 54 62 -3 3 0 0.00 M M 7.1 18 270 M M 1 25 270
25 69 57 63 -2 2 0 0.00 M M 9.4 20 270 M M 4 23 270
26 69 56 63 -2 2 0 0.00 M M 6.1 21 270 M M 2 18 25 270
27 68 55 62 -3 3 0 0.00 M M 7.5 17 260 M M 1 1 24 270
28 69 57 63 -2 2 0 0.00 M M 6.9 16 270 M M 5 22 260
29 68 56 62 -3 3 0 0.00 M M 5.7 15 280 M M 7 18 21 270
30 67 57 62 -3 3 0 0.00 M M 6.6 14 280 M M 6 128 20 280
================================================================================
SM 2048 1723 59 0 0.06 M 213.2 M 173
================================================================================
AV 68.3 57.4 7.1 FASTST M M 6 MAX(MPH)
MISC ----> 25 280 30 290
================================================================================
NOTES:
# LAST OF SEVERAL OCCURRENCES
COLUMN 17 PEAK WIND IN M.P.H.
PRELIMINARY LOCAL CLIMATOLOGICAL DATA (WS FORM: F-6) , PAGE 2
STATION: OXNARD AIRPORT CA
MONTH: JUNE
YEAR: 2023
LATITUDE: 34 12 N
LONGITUDE: 119 12 W
[TEMPERATURE DATA] [PRECIPITATION DATA] SYMBOLS USED IN COLUMN 16
AVERAGE MONTHLY: 62.9 TOTAL FOR MONTH: 0.06 1 = FOG OR MIST
DPTR FM NORMAL: -0.8 DPTR FM NORMAL: 0.00 2 = FOG REDUCING VISIBILITY
HIGHEST: 71 ON 21,20 GRTST 24HR 0.06 ON 6- 6 TO 1/4 MILE OR LESS
LOWEST: 53 ON 3 3 = THUNDER
SNOW, ICE PELLETS, HAIL 4 = ICE PELLETS
TOTAL MONTH: M 5 = HAIL
GRTST 24HR M ON M 6 = FREEZING RAIN OR DRIZZLE
GRTST DEPTH: M ON M 7 = DUSTSTORM OR SANDSTORM:
VSBY 1/2 MILE OR LESS
8 = SMOKE OR HAZE
[NO. OF DAYS WITH] [WEATHER - DAYS WITH] 9 = BLOWING SNOW
X = TORNADO
MAX 32 OR BELOW: 0 0.01 INCH OR MORE: 1
MAX 90 OR ABOVE: 0 0.10 INCH OR MORE: 0
MIN 32 OR BELOW: 0 0.50 INCH OR MORE: 0
MIN 0 OR BELOW: 0 1.00 INCH OR MORE: 0
[HDD (BASE 65) ]
TOTAL THIS MO. 59 CLEAR (SCALE 0-3) 6
DPTR FM NORMAL 8 PTCLDY (SCALE 4-7) 14
TOTAL FM JUL 1 2171 CLOUDY (SCALE 8-10) 10
DPTR FM NORMAL 479
[CDD (BASE 65) ]
TOTAL THIS MO. 0
DPTR FM NORMAL -12 [PRESSURE DATA]
TOTAL FM JAN 1 3 HIGHEST SLP 30.08 ON 25
DPTR FM NORMAL -34 LOWEST SLP 29.83 ON 4
[REMARKS]
#FINAL-06-23#