000
CXUS53 KDDC 011507
CF6P28
PRELIMINARY LOCAL CLIMATOLOGICAL DATA (WS FORM: F-6)
STATION: MEDICINE LODGE KS
MONTH: MAY
YEAR: 2022
LATITUDE: 37 17 N
LONGITUDE: 98 35 W
TEMPERATURE IN F: :PCPN: SNOW: WIND :SUNSHINE: SKY :PK WND
================================================================================
1 2 3 4 5 6A 6B 7 8 9 10 11 12 13 14 15 16 17 18
12Z AVG MX 2MIN
DY MAX MIN AVG DEP HDD CDD WTR SNW DPTH SPD SPD DIR MIN PSBL S-S WX SPD DR
================================================================================
1 76 41 59 -2 6 0 0.04 0.0 0 6.9 20 170 M M 0 27 170
2 70 42 56 -6 9 0 0.48 0.0 0 14.5 33 340 M M 0 47 330
3 60 41 51 -11 14 0 0.00 0.0 0 10.7 24 340 M M 0 35 350
4 52 49 51 -11 14 0 0.18 0.0 0 9.5 20 350 M M 0 28 340
5 56 48 52 -11 13 0 0.61 0.0 0 11.4 20 50 M M 0 27 360
6 74 44 59 -4 6 0 0.00 0.0 0 5.7 14 180 M M 0 20 180
7 81 53 67 4 0 2 0.00 0.0 0 11.9 21 130 M M 0 39 130
8 91 72 82 18 0 17 0.00 0.0 0 9.1 20 160 M M 0 38 170
9 100 72 86 22 0 21 0.00 0.0 0 17.8 29 200 M M 0 42 200
10 100 71 86 22 0 21 0.00 0.0 0 11.6 21 170 M M 0 34 170
11 92 73 83 18 0 18 0.00 0.0 0 12.7 25 200 M M 0 35 190
12 93 70 82 17 0 17 0.00 0.0 0 14.2 29 180 M M 0 41 180
13 86 67 77 11 0 12 0.00 0.0 0 11.2 29 40 M M 0 39 30
14 89 60 75 9 0 10 1.13 0.0 0 7.3 29 350 M M 0 47 260
15 86 62 74 8 0 9 0.00 0.0 0 8.0 22 60 M M 0 30 60
16 82 54 68 1 0 3 0.00 0.0 0 5.9 12 150 M M 0 22 140
17 90 63 77 10 0 12 0.00 0.0 0 11.7 46 10 M M 0 60 20
18 91 60 76 8 0 11 0.00 0.0 0 7.8 25 50 M M 0 38 60
19 91 63 77 9 0 12 0.00 0.0 0 10.7 22 170 M M 0 33 160
20 80 56 68 0 0 3 0.00 0.0 0 16.7 30 10 M M 0 42 10
21 65 43 54 -15 11 0 0.00 0.0 0 16.1 28 20 M M 0 38 340
22 71 39 55 -14 10 0 0.00 0.0 0 6.0 16 80 M M 0 23 70
23 59 46 53 -17 12 0 0.45 0.0 0 6.9 15 150 M M 0 22 90
24 59 52 56 -14 9 0 2.42 0.0 0 11.1 18 320 M M 0 28 330
25 53 51 52 -18 13 0 0.69 0.0 0 12.7 21 330 M M 0 30 340
26 76 51 64 -7 1 0 0.03 0.0 0 13.1 25 350 M M 0 36 360
27 87 48 68 -3 0 3 0.00 0.0 0 8.1 21 180 M M 0 29 170
28 93 63 78 6 0 13 0.00 0.0 0 14.0 25 190 M M 0 41 170
29 96 75 86 14 0 21 0.00 0.0 0 19.0 29 170 M M 0 49 180
30 92 71 82 10 0 17 0.00 0.0 0 14.5 29 200 M M 0 42 200
31 79 61 70 -3 0 5 0.25 0.0 0 11.4 25 30 M M 0 41 20
================================================================================
SM 2470 1761 118 227 6.28 0.0 348.2 M 0
================================================================================
AV 79.7 56.8 11.2 FASTST M M 0 MAX(MPH)
MISC ----> 46 10 60 20
================================================================================
NOTES:
# LAST OF SEVERAL OCCURRENCES
COLUMN 17 PEAK WIND IN M.P.H.
PRELIMINARY LOCAL CLIMATOLOGICAL DATA (WS FORM: F-6) , PAGE 2
STATION: MEDICINE LODGE KS
MONTH: MAY
YEAR: 2022
LATITUDE: 37 17 N
LONGITUDE: 98 35 W
[TEMPERATURE DATA] [PRECIPITATION DATA] SYMBOLS USED IN COLUMN 16
AVERAGE MONTHLY: 68.3 TOTAL FOR MONTH: 6.28 1 = FOG OR MIST
DPTR FM NORMAL: 1.3 DPTR FM NORMAL: 2.63 2 = FOG REDUCING VISIBILITY
HIGHEST: 100 ON 10, 9 GRTST 24HR 2.87 ON 23-24 TO 1/4 MILE OR LESS
LOWEST: 39 ON 22 3 = THUNDER
SNOW, ICE PELLETS, HAIL 4 = ICE PELLETS
TOTAL MONTH: 0.0 INCH 5 = HAIL
GRTST 24HR 0.0 6 = FREEZING RAIN OR DRIZZLE
GRTST DEPTH: 0 7 = DUSTSTORM OR SANDSTORM:
VSBY 1/2 MILE OR LESS
8 = SMOKE OR HAZE
[NO. OF DAYS WITH] [WEATHER - DAYS WITH] 9 = BLOWING SNOW
X = TORNADO
MAX 32 OR BELOW: 0 0.01 INCH OR MORE: 10
MAX 90 OR ABOVE: 11 0.10 INCH OR MORE: 8
MIN 32 OR BELOW: 0 0.50 INCH OR MORE: 4
MIN 0 OR BELOW: 0 1.00 INCH OR MORE: 2
[HDD (BASE 65) ]
TOTAL THIS MO. 118
DPTR FM NORMAL 37
TOTAL FM JUL 1 4055
DPTR FM NORMAL -330
[CDD (BASE 65) ]
TOTAL THIS MO. 227
DPTR FM NORMAL 85 [PRESSURE DATA]
TOTAL FM JAN 1 287 HIGHEST SLP 30.42 ON 22
DPTR FM NORMAL 113 LOWEST SLP 29.16 ON 20
[REMARKS]
#FINAL-05-22#