000
CXUS55 KRIW 011110
CF6P60
PRELIMINARY LOCAL CLIMATOLOGICAL DATA (WS FORM: F-6)
STATION: LAKE YELLOWSTONE WY
MONTH: FEBRUARY
YEAR: 2023
LATITUDE: 44 32 N
LONGITUDE: 110 25 W
TEMPERATURE IN F: :PCPN: SNOW: WIND :SUNSHINE: SKY :PK WND
================================================================================
1 2 3 4 5 6A 6B 7 8 9 10 11 12 13 14 15 16 17 18
12Z AVG MX 2MIN
DY MAX MIN AVG DEP HDD CDD WTR SNW DPTH SPD SPD DIR MIN PSBL S-S WX SPD DR
================================================================================
1 18 -2 8 -4 57 0 0.00 M M 0.9 8 210 M M 0 14 230
2 25 -9 8 -4 57 0 0.00 M M 0.6 5 250 M M 0 11 280
3 35 -11 12 0 53 0 0.00 M M 1.6 10 260 M M 0 21 270
4 28 4 16 4 49 0 0.00 M M 2.2 14 270 M M 0 26 270
5 31 5 18 6 47 0 0.01 M M 1.7 12 270 M M 0 21 280
6 27 10 19 7 46 0 0.00 M M 2.9 10 270 M M 0 21 280
7 25 16 21 9 44 0 0.00 M M 2.3 9 270 M M 0 16 250
8 21 0 11 -1 54 0 0.06 M M 5.3 16 290 M M 0 28 300
9 22 -16 3 -9 62 0 0.00 M M 0.4 6 280 M M 0 14 230
10 24 -13 6 -6 59 0 0.00 M M 0.4 5 110 M M 0 7 110
11 35 -6 15 2 50 0 0.00 M M 0.8 7 280 M M 0 10 280
12 31 -10 11 -2 54 0 0.00 M M 0.4 5 110 M M 0 7 120
13 36 -7 15 2 50 0 0.00 M M 2.0 12 270 M M 0 23 270
14 18 5 12 -1 53 0 0.13 M M 2.6 10 360 M M 0 24 10
15 20 -16 2 -11 63 0 0.00 M M 2.4 10 310 M M 0 20 320
16 22 -22 0 -13 65 0 0.00 M M 0.6 6 280 M M 0 12 220
17 28 -19 5 -9 60 0 0.00 M M 1.6 10 260 M M 0 20 220
18 21 -11 5 -9 60 0 0.11 M M 0.5 14 250 M M 0 28 240
19 20 -5 8 -6 57 0 0.08 M M 4.5 16 270 M M 0 33 270
20 30 19 25 11 40 0 0.21 M M 7.0 15 260 M M 0 31 250
21 27 10 19 5 46 0 0.70 M M 4.3 16 250 M M 0 35 190
22 10 -13 -1 -16 66 0 0.04 M M 2.5 9 80 M M 0 22 30
23 12 -17 -2 -17 67 0 0.04 M M 0.1 6 100 M M 0 11 150
24 20 -7 7 -8 58 0 0.03 M M 2.7 17 280 M M 0 29 250
25 30 14 22 6 43 0 0.01 M M 1.8 10 260 M M 0 26 210
26 32 7 20 4 45 0 0.07 M M 3.1 12 260 M M 0 26 220
27 22 0 11 -5 54 0 0.04 M M 3.7 13 270 M M 0 23 260
28 19 -2 9 -7 56 0 0.15 M M 3.9 15 260 M M 0 29 260
================================================================================
SM 689 -96 1515 0 1.68 M 62.8 M 0
================================================================================
AV 24.6 -3.4 2.2 FASTST M M 0 MAX(MPH)
MISC ----> 17 280 35 190
================================================================================
NOTES:
# LAST OF SEVERAL OCCURRENCES
COLUMN 17 PEAK WIND IN M.P.H.
PRELIMINARY LOCAL CLIMATOLOGICAL DATA (WS FORM: F-6) , PAGE 2
STATION: LAKE YELLOWSTONE WY
MONTH: FEBRUARY
YEAR: 2023
LATITUDE: 44 32 N
LONGITUDE: 110 25 W
[TEMPERATURE DATA] [PRECIPITATION DATA] SYMBOLS USED IN COLUMN 16
AVERAGE MONTHLY: 10.6 TOTAL FOR MONTH: 1.68 1 = FOG OR MIST
DPTR FM NORMAL: -2.9 DPTR FM NORMAL: -0.02 2 = FOG REDUCING VISIBILITY
HIGHEST: 36 ON 13 GRTST 24HR 0.76 ON 20-21 TO 1/4 MILE OR LESS
LOWEST: -22 ON 16 3 = THUNDER
SNOW, ICE PELLETS, HAIL 4 = ICE PELLETS
TOTAL MONTH: M 5 = HAIL
GRTST 24HR M ON M 6 = FREEZING RAIN OR DRIZZLE
GRTST DEPTH: M ON M 7 = DUSTSTORM OR SANDSTORM:
VSBY 1/2 MILE OR LESS
8 = SMOKE OR HAZE
[NO. OF DAYS WITH] [WEATHER - DAYS WITH] 9 = BLOWING SNOW
X = TORNADO
MAX 32 OR BELOW: 25 0.01 INCH OR MORE: 14
MAX 90 OR ABOVE: 0 0.10 INCH OR MORE: 5
MIN 32 OR BELOW: 28 0.50 INCH OR MORE: 1
MIN 0 OR BELOW: 19 1.00 INCH OR MORE: 0
[HDD (BASE 65) ]
TOTAL THIS MO. 1515 CLEAR (SCALE 0-3) 28
DPTR FM NORMAL 73 PTCLDY (SCALE 4-7) 0
TOTAL FM JUL 1 7975 CLOUDY (SCALE 8-10) 0
DPTR FM NORMAL -227
[CDD (BASE 65) ]
TOTAL THIS MO. 0
DPTR FM NORMAL 0 [PRESSURE DATA]
TOTAL FM JAN 1 0 HIGHEST SLP 30.87 ON 9
DPTR FM NORMAL 0 LOWEST SLP 29.24 ON 21
[REMARKS]
#FINAL-02-23#