000
CXUS51 KBTV 010700
CF6PBG
PRELIMINARY LOCAL CLIMATOLOGICAL DATA (WS FORM: F-6)
STATION: PLATTSBURGH NY
MONTH: MARCH
YEAR: 2023
LATITUDE: 44 39 N
LONGITUDE: 73 28 W
TEMPERATURE IN F: :PCPN: SNOW: WIND :SUNSHINE: SKY :PK WND
================================================================================
1 2 3 4 5 6A 6B 7 8 9 10 11 12 13 14 15 16 17 18
12Z AVG MX 2MIN
DY MAX MIN AVG DEP HDD CDD WTR SNW DPTH SPD SPD DIR MIN PSBL S-S WX SPD DR
================================================================================
1 38 21 30 5 35 0 T M M 6.4 16 150 M M 6 1 20 140
2 38 32 35 10 30 0 T M M 8.3 21 310 M M 10 18 27 320
3 32 14 23 -3 42 0 0.02 M M 5.3 16 330 M M 2 1 22 340
4 33 25 29 3 36 0 0.25 M M 8.4 16 140 M M 10 12 22 110
5 40 28 34 8 31 0 T M M 2.9 9 280 M M 7 1 14 280
6 40 29 35 8 30 0 0.00 M M 11.2 24 310 M M 0 34 320
7 31 25 28 1 37 0 T M M 10.2 22 340 M M 8 28 340
8 33 25 29 2 36 0 T M M 3.4 13 50 M M 10 18 310
9 35 21 28 0 37 0 0.00 M M 6.3 14 40 M M 8 18 50
10 31 13 22 -6 43 0 M M M 6.4 13 360 M M 0 18 50
11 34 21 28 0 37 0 0.00 M M 8.6 15 10 M M 1 18 40
12 37 14 26 -3 39 0 0.00 M M 2.1 10 40 M M 0 23 90
13 38 27 33 4 32 0 0.02 M M 5.3 30 80 M M 8 1 31 80
14 36 32 34 5 31 0 0.27 M M 17.8 31 340 M M 10 12 40 320
15 40 31 36 6 29 0 0.02 M M 15.4 24 320 M M 6 1 36 320
16 38 31 35 5 30 0 T M M 3.3 13 320 M M 8 18 17 310
17 44 33 39 9 26 0 0.05 M M 5.5 13 150 M M 9 1 16 260
18 43 29 36 5 29 0 T M M 5.4 16 260 M M 8 23 200
19 30 16 23 -8 42 0 T M M 6.9 18 280 M M 6 27 200
20 47 21 34 2 31 0 0.00 M M 6.6 15 210 M M 6 26 220
21 48 27 38 6 27 0 0.00 M M 5.7 17 350 M M 7 20 350
22 41 23 32 0 33 0 0.00 M M 6.5 12 30 M M 4 37 80
23 45 33 39 6 26 0 0.12 M M 2.1 9 360 M M 9 1 M M
24 44 28 36 3 29 0 0.00 M M 8.5 14 360 M M 6 21 300
25 40 22 31 -3 34 0 0.06 M M 8.8 28 160 M M 5 1 39 150
26 46 36 41 7 24 0 0.07 M M 7.0 20 290 M M 9 1 33 310
27 47 27 37 3 28 0 0.00 M M 5.3 12 30 M M 6 17 50
28 44 25 35 0 30 0 0.00 M M 9.1 21 360 M M 6 26 20
29 51 20 36 1 29 0 0.01 M M 9.5 22 150 M M 4 30 240
30 36 20 28 -8 37 0 T M M 8.6 20 320 M M 4 29 310
31 39 21 30 -6 35 0 0.14 M M 7.9 18 150 M M 5 1 23 170
================================================================================
SM 1219 770 1015 0 1.03 M 224.7 M 188
================================================================================
AV 39.3 24.8 7.2 FASTST M M 6 MAX(MPH)
MISC ----> 31 340 40 320
================================================================================
NOTES:
# LAST OF SEVERAL OCCURRENCES
COLUMN 17 PEAK WIND IN M.P.H.
PRELIMINARY LOCAL CLIMATOLOGICAL DATA (WS FORM: F-6) , PAGE 2
STATION: PLATTSBURGH NY
MONTH: MARCH
YEAR: 2023
LATITUDE: 44 39 N
LONGITUDE: 73 28 W
[TEMPERATURE DATA] [PRECIPITATION DATA] SYMBOLS USED IN COLUMN 16
AVERAGE MONTHLY: 32.1 TOTAL FOR MONTH: 1.03 1 = FOG OR MIST
DPTR FM NORMAL: 1.9 DPTR FM NORMAL: -0.30 2 = FOG REDUCING VISIBILITY
HIGHEST: 51 ON 29 GRTST 24HR 0.29 ON 13-14 TO 1/4 MILE OR LESS
LOWEST: 13 ON 10 3 = THUNDER
SNOW, ICE PELLETS, HAIL 4 = ICE PELLETS
TOTAL MONTH: M 5 = HAIL
GRTST 24HR M ON M 6 = FREEZING RAIN OR DRIZZLE
GRTST DEPTH: M ON M 7 = DUSTSTORM OR SANDSTORM:
VSBY 1/2 MILE OR LESS
8 = SMOKE OR HAZE
[NO. OF DAYS WITH] [WEATHER - DAYS WITH] 9 = BLOWING SNOW
X = TORNADO
MAX 32 OR BELOW: 4 0.01 INCH OR MORE: 11
MAX 90 OR ABOVE: 0 0.10 INCH OR MORE: 4
MIN 32 OR BELOW: 28 0.50 INCH OR MORE: 0
MIN 0 OR BELOW: 0 1.00 INCH OR MORE: 0
[HDD (BASE 65) ]
TOTAL THIS MO. 1015 CLEAR (SCALE 0-3) 5
DPTR FM NORMAL -62 PTCLDY (SCALE 4-7) 17
TOTAL FM JUL 1 5875 CLOUDY (SCALE 8-10) 9
DPTR FM NORMAL -649
[CDD (BASE 65) ]
TOTAL THIS MO. 0
DPTR FM NORMAL 0 [PRESSURE DATA]
TOTAL FM JAN 1 0 HIGHEST SLP M ON M
DPTR FM NORMAL 0 LOWEST SLP 29.44 ON 17
[REMARKS]
#FINAL-03-23#