000
CXUS51 KBTV 010800
CF6PBG
PRELIMINARY LOCAL CLIMATOLOGICAL DATA (WS FORM: F-6)
STATION: PLATTSBURGH NY
MONTH: NOVEMBER
YEAR: 2022
LATITUDE: 44 39 N
LONGITUDE: 73 28 W
TEMPERATURE IN F: :PCPN: SNOW: WIND :SUNSHINE: SKY :PK WND
================================================================================
1 2 3 4 5 6A 6B 7 8 9 10 11 12 13 14 15 16 17 18
12Z AVG MX 2MIN
DY MAX MIN AVG DEP HDD CDD WTR SNW DPTH SPD SPD DIR MIN PSBL S-S WX SPD DR
================================================================================
1 60 40 50 8 15 0 0.04 M M 1.6 8 360 M M 9 12 12 40
2 57 31 44 2 21 0 0.00 M M 2.7 14 20 M M 0 1 18 10
3 64 29 47 5 18 0 0.00 M M 3.3 15 130 M M 0 1 19 130
4 67 32 50 9 15 0 0.00 M M 5.6 16 150 M M 0 21 150
5 71 44 58 17 7 0 0.00 M M 10.3 24 160 M M 2 33 160
6 69 60 65 24 0 0 1.01 M M 7.8 23 160 M M 8 1 31 160
7 65 45 55 15 10 0 0.00 M M 7.4 21 320 M M 3 31 260
8 45 30 38 -2 27 0 0.00 M M 9.2 21 350 M M 0 27 340
9 49 24 37 -3 28 0 0.00 M M 4.9 15 160 M M 0 20 170
10 59 33 46 7 19 0 0.00 M M 8.1 22 160 M M 4 29 150
11 64 38 51 12 14 0 0.47 M M 3.4 13 150 M M 4 1 16 150
12 64 45 55 16 10 0 0.49 M M 3.7 14 270 M M 9 12 21 270
13 48 30 39 1 26 0 T M M 5.6 15 300 M M 9 1 22 300
14 38 22 30 -8 35 0 0.00 M M 6.1 17 320 M M 5 26 320
15 36 22 29 -9 36 0 T M M 3.5 8 40 M M 3 18 11 40
16 36 30 33 -4 32 0 0.50 M M 1.2 8 300 M M 10 1 13 270
17 36 24 30 -7 35 0 T M M 4.4 15 270 M M 9 23 250
18 38 23 31 -5 34 0 T M M 4.2 15 220 M M 7 18 22 220
19 37 25 31 -5 34 0 T M M 5.1 17 150 M M 7 20 160
20 31 17 24 -12 41 0 T M M 9.2 21 280 M M 6 18 31 280
21 41 11 26 -9 39 0 0.00 M M 7.6 20 160 M M 4 29 180
22 40 22 31 -4 34 0 T M M 4.8 21 340 M M 5 27 320
23 37 27 32 -2 33 0 T M M 4.6 15 350 M M 9 17 360
24 42 21 32 -2 33 0 0.00 M M 1.3 9 120 M M 2 11 120
25 47 27 37 3 28 0 T M M 7.4 24 320 M M 8 35 320
26 51 34 43 10 22 0 0.00 M M 7.4 21 310 M M 4 28 310
27 51 35 43 10 22 0 0.35 M M 6.8 15 150 M M 4 1 19 140
28 41 30 36 3 29 0 T M M 9.3 16 340 M M 10 1 22 330
29 35 30 33 1 32 0 0.00 M M 4.8 16 160 M M 10 24 160
30 48 33 41 9 24 0 0.10 M M 15.2 31 150 M M 7 1 41 160
================================================================================
SM 1467 914 753 0 2.96 M 176.5 M 158
================================================================================
AV 48.9 30.5 5.9 FASTST M M 5 MAX(MPH)
MISC ----> 31 150 41 160
================================================================================
NOTES:
# LAST OF SEVERAL OCCURRENCES
COLUMN 17 PEAK WIND IN M.P.H.
PRELIMINARY LOCAL CLIMATOLOGICAL DATA (WS FORM: F-6) , PAGE 2
STATION: PLATTSBURGH NY
MONTH: NOVEMBER
YEAR: 2022
LATITUDE: 44 39 N
LONGITUDE: 73 28 W
[TEMPERATURE DATA] [PRECIPITATION DATA] SYMBOLS USED IN COLUMN 16
AVERAGE MONTHLY: 39.7 TOTAL FOR MONTH: 2.96 1 = FOG OR MIST
DPTR FM NORMAL: 2.5 DPTR FM NORMAL: 0.63 2 = FOG REDUCING VISIBILITY
HIGHEST: 71 ON 5 GRTST 24HR 1.01 ON 5- 6 TO 1/4 MILE OR LESS
LOWEST: 11 ON 21 3 = THUNDER
SNOW, ICE PELLETS, HAIL 4 = ICE PELLETS
TOTAL MONTH: M 5 = HAIL
GRTST 24HR M ON M 6 = FREEZING RAIN OR DRIZZLE
GRTST DEPTH: M ON M 7 = DUSTSTORM OR SANDSTORM:
VSBY 1/2 MILE OR LESS
8 = SMOKE OR HAZE
[NO. OF DAYS WITH] [WEATHER - DAYS WITH] 9 = BLOWING SNOW
X = TORNADO
MAX 32 OR BELOW: 1 0.01 INCH OR MORE: 7
MAX 90 OR ABOVE: 0 0.10 INCH OR MORE: 6
MIN 32 OR BELOW: 20 0.50 INCH OR MORE: 2
MIN 0 OR BELOW: 0 1.00 INCH OR MORE: 1
[HDD (BASE 65) ]
TOTAL THIS MO. 753 CLEAR (SCALE 0-3) 9
DPTR FM NORMAL -80 PTCLDY (SCALE 4-7) 13
TOTAL FM JUL 1 1459 CLOUDY (SCALE 8-10) 8
DPTR FM NORMAL -137
[CDD (BASE 65) ]
TOTAL THIS MO. 0
DPTR FM NORMAL 0 [PRESSURE DATA]
TOTAL FM JAN 1 423 HIGHEST SLP 30.73 ON 9
DPTR FM NORMAL 30 LOWEST SLP 29.28 ON 28
[REMARKS]
#FINAL-11-22#