000
CXUS52 KMFL 011130
CF6PBI
PRELIMINARY LOCAL CLIMATOLOGICAL DATA (WS FORM: F-6)
STATION: WEST PALM BEACH
MONTH: NOVEMBER
YEAR: 2022
LATITUDE: 26 40 N
LONGITUDE: 80 7 W
TEMPERATURE IN F: :PCPN: SNOW: WIND :SUNSHINE: SKY :PK WND
================================================================================
1 2 3 4 5 6A 6B 7 8 9 10 11 12 13 14 15 16 17 18
12Z AVG MX 2MIN
DY MAX MIN AVG DEP HDD CDD WTR SNW DPTH SPD SPD DIR MIN PSBL S-S WX SPD DR
================================================================================
1 89 75 82 6 0 17 0.00 0.0 0 7.2 14 120 M M 4 18 110
2 88 78 83 8 0 18 0.00 0.0 M 8.5 15 60 M M 4 20 70
3 86 71 79 4 0 14 0.02 0.0 0 8.4 16 40 M M 4 21 70
4 85 69 77 2 0 12 0.02 0.0 0 10.4 24 50 M M 5 29 50
5 85 73 79 4 0 14 0.13 0.0 0 10.9 20 100 M M 6 1 23 70
6 86 77 82 8 0 17 T 0.0 0 15.2 23 90 M M 5 29 90
7 85 77 81 7 0 16 0.02 0.0 0 16.2 25 40 M M 5 31 50
8 85 73 79 5 0 14 0.37 0.0 0 17.6 31 10 M M 7 18 42 10
9 79 72 76 2 0 11 2.25 0.0 0 20.2 35 330 M M 10 1 44 330
10 86 71 79 5 0 14 0.26 0.0 0 17.7 33 260 M M 7 1 45 260
11 87 74 81 7 0 16 0.00 0.0 0 8.4 17 200 M M 4 3 21 190
12 86 70 78 4 0 13 0.70 0.0 0 5.5 17 330 M M 4 13 19 250
13 85 69 77 4 0 12 T 0.0 0 4.4 12 100 M M 3 1 17 330
14 83 69 76 3 0 11 0.00 0.0 0 5.8 13 90 M M 3 16 90
15 85 69 77 4 0 12 0.00 0.0 0 5.6 15 130 M M 4 20 130
16 86 69 78 5 0 13 T 0.0 0 4.6 12 120 M M 3 17 270
17 77 65 71 -2 0 6 0.00 0.0 0 12.2 21 360 M M 8 26 350
18 78 63 71 -1 0 6 0.00 0.0 0 10.1 21 20 M M 7 25 30
19 81 64 73 1 0 8 0.00 0.0 0 9.3 18 60 M M 6 24 50
20 78 69 74 2 0 9 1.03 0.0 0 14.5 22 10 M M 10 1 30 20
21 82 72 77 5 0 12 T 0.0 0 15.7 24 90 M M 8 30 80
22 83 73 78 6 0 13 0.82 0.0 0 4.5 18 40 M M 8 13 28 40
23 86 70 78 6 0 13 T 0.0 0 4.4 12 320 M M 7 128 14 300
24 85 70 78 6 0 13 0.00 0.0 0 6.6 14 110 M M 3 19 90
25 87 74 81 9 0 16 T 0.0 0 5.4 15 140 M M 4 18 140
26 86 71 79 7 0 14 0.00 0.0 0 6.4 15 130 M M 3 18 130
27 87 72 80 9 0 15 0.00 0.0 0 6.8 20 210 M M 3 24 190
28 82 68 75 4 0 10 0.00 0.0 0 5.7 17 20 M M 6 12 20 20
29 82 64 73 2 0 8 T 0.0 0 9.0 18 100 M M 3 22 90
30 85 71 78 7 0 13 0.48 0.0 0 7.2 17 140 M M 6 13 21 350
================================================================================
SM 2525 2122 0 380 6.10 0.0 284.4 M 160
================================================================================
AV 84.2 70.7 9.5 FASTST M M 5 MAX(MPH)
MISC ----> 35 330 45 260
================================================================================
NOTES:
# LAST OF SEVERAL OCCURRENCES
COLUMN 17 PEAK WIND IN M.P.H.
PRELIMINARY LOCAL CLIMATOLOGICAL DATA (WS FORM: F-6) , PAGE 2
STATION: WEST PALM BEACH
MONTH: NOVEMBER
YEAR: 2022
LATITUDE: 26 40 N
LONGITUDE: 80 7 W
[TEMPERATURE DATA] [PRECIPITATION DATA] SYMBOLS USED IN COLUMN 16
AVERAGE MONTHLY: 77.5 TOTAL FOR MONTH: 6.10 1 = FOG OR MIST
DPTR FM NORMAL: 4.4 DPTR FM NORMAL: 2.48 2 = FOG REDUCING VISIBILITY
HIGHEST: 89 ON 1 GRTST 24HR 2.48 ON 9-10 TO 1/4 MILE OR LESS
LOWEST: 63 ON 18 3 = THUNDER
SNOW, ICE PELLETS, HAIL 4 = ICE PELLETS
TOTAL MONTH: 0.0 INCH 5 = HAIL
GRTST 24HR 0.0 6 = FREEZING RAIN OR DRIZZLE
GRTST DEPTH: 0 7 = DUSTSTORM OR SANDSTORM:
VSBY 1/2 MILE OR LESS
8 = SMOKE OR HAZE
[NO. OF DAYS WITH] [WEATHER - DAYS WITH] 9 = BLOWING SNOW
X = TORNADO
MAX 32 OR BELOW: 0 0.01 INCH OR MORE: 11
MAX 90 OR ABOVE: 0 0.10 INCH OR MORE: 8
MIN 32 OR BELOW: 0 0.50 INCH OR MORE: 4
MIN 0 OR BELOW: 0 1.00 INCH OR MORE: 2
[HDD (BASE 65) ]
TOTAL THIS MO. 0 CLEAR (SCALE 0-3) 4
DPTR FM NORMAL -10 PTCLDY (SCALE 4-7) 24
TOTAL FM JUL 1 0 CLOUDY (SCALE 8-10) 2
DPTR FM NORMAL -6
[CDD (BASE 65) ]
TOTAL THIS MO. 380
DPTR FM NORMAL 128 [PRESSURE DATA]
TOTAL FM JAN 1 4668 HIGHEST SLP 30.20 ON 19
DPTR FM NORMAL 674 LOWEST SLP 29.33 ON 10
[REMARKS]
#FINAL-11-22#