000
CXUS52 KMFL 011030
CF6PBI
PRELIMINARY LOCAL CLIMATOLOGICAL DATA (WS FORM: F-6)
STATION: WEST PALM BEACH
MONTH: APRIL
YEAR: 2022
LATITUDE: 26 40 N
LONGITUDE: 80 7 W
TEMPERATURE IN F: :PCPN: SNOW: WIND :SUNSHINE: SKY :PK WND
================================================================================
1 2 3 4 5 6A 6B 7 8 9 10 11 12 13 14 15 16 17 18
12Z AVG MX 2MIN
DY MAX MIN AVG DEP HDD CDD WTR SNW DPTH SPD SPD DIR MIN PSBL S-S WX SPD DR
================================================================================
1 89 76 83 10 0 18 T M M 10.2 21 170 M M 6 3 25 180
2 89 69 79 6 0 14 1.57 0.0 0 9.0 24 210 M M 6 138 31 210
3 82 68 75 2 0 10 T 0.0 0 7.2 15 150 M M 8 17 30
4 83 70 77 4 0 12 T 0.0 0 9.0 21 100 M M 7 3 25 90
5 86 72 79 6 0 14 0.00 0.0 0 12.5 25 150 M M 4 30 160
6 89 76 83 9 0 18 0.08 0.0 0 10.7 24 10 M M 5 13 29 150
7 90 76 83 9 0 18 0.01 0.0 0 11.7 28 210 M M 5 13 37 220
8 80 65 73 -1 0 8 0.00 0.0 0 12.2 20 280 M M 6 25 270
9 78 59 69 -5 0 4 0.00 0.0 0 11.0 25 270 M M 3 32 310
10 76 54 65 -9 0 0 0.00 0.0 0 9.6 17 330 M M 2 23 40
11 78 64 71 -3 0 6 0.00 0.0 0 11.3 20 110 M M 4 26 110
12 82 71 77 3 0 12 0.00 0.0 0 14.7 24 100 M M 6 27 100
13 85 74 80 6 0 15 T 0.0 0 15.0 23 130 M M 7 27 120
14 85 75 80 5 0 15 0.00 0.0 0 12.3 21 130 M M 5 24 140
15 82 68 75 0 0 10 2.15 0.0 0 10.7 24 50 M M 7 13 29 70
16 85 73 79 4 0 14 0.01 0.0 0 11.5 21 110 M M 5 1 26 120
17 85 74 80 5 0 15 0.00 0.0 0 11.0 20 110 M M 5 24 100
18 86 72 79 4 0 14 0.07 0.0 0 6.9 14 300 M M 5 3 20 120
19 84 68 76 1 0 11 0.00 0.0 0 10.9 18 10 M M 3 25 10
20 80 73 77 1 0 12 0.00 0.0 0 14.6 24 50 M M 5 38 70
21 82 73 78 2 0 13 0.00 0.0 0 16.3 23 80 M M 6 29 80
22 83 75 79 3 0 14 0.00 0.0 0 17.0 24 40 M M 6 33 60
23 82 73 78 2 0 13 T 0.0 0 15.5 22 90 M M 6 27 90
24 84 70 77 1 0 12 0.18 0.0 0 14.9 22 90 M M 5 18 26 90
25 83 74 79 3 0 14 0.01 0.0 0 12.9 20 100 M M 6 23 90
26 84 73 79 3 0 14 0.00 0.0 0 10.3 16 100 M M 3 22 80
27 84 67 76 0 0 11 0.03 0.0 0 7.7 16 140 M M 4 21 130
28 87 72 80 4 0 15 0.21 0.0 0 7.8 23 80 M M 6 13 26 80
29 83 71 77 0 0 12 1.17 0.0 0 11.0 23 120 M M 8 13 30 80
30 84 72 78 1 0 13 0.91 0.0 0 13.0 26 100 M M 8 13 31 100
================================================================================
SM 2510 2117 0 371 6.40 0.0 348.4 M 162
================================================================================
AV 83.7 70.6 11.6 FASTST M M 5 MAX(MPH)
MISC ----> 28 210 38 70
================================================================================
NOTES:
# LAST OF SEVERAL OCCURRENCES
COLUMN 17 PEAK WIND IN M.P.H.
PRELIMINARY LOCAL CLIMATOLOGICAL DATA (WS FORM: F-6) , PAGE 2
STATION: WEST PALM BEACH
MONTH: APRIL
YEAR: 2022
LATITUDE: 26 40 N
LONGITUDE: 80 7 W
[TEMPERATURE DATA] [PRECIPITATION DATA] SYMBOLS USED IN COLUMN 16
AVERAGE MONTHLY: 77.1 TOTAL FOR MONTH: 6.40 1 = FOG OR MIST
DPTR FM NORMAL: 2.2 DPTR FM NORMAL: 2.72 2 = FOG REDUCING VISIBILITY
HIGHEST: 90 ON 7 GRTST 24HR 2.15 ON 15-15 TO 1/4 MILE OR LESS
LOWEST: 54 ON 10 3 = THUNDER
SNOW, ICE PELLETS, HAIL 4 = ICE PELLETS
TOTAL MONTH: 0.0 INCH 5 = HAIL
GRTST 24HR 0.0 6 = FREEZING RAIN OR DRIZZLE
GRTST DEPTH: 0 7 = DUSTSTORM OR SANDSTORM:
VSBY 1/2 MILE OR LESS
8 = SMOKE OR HAZE
[NO. OF DAYS WITH] [WEATHER - DAYS WITH] 9 = BLOWING SNOW
X = TORNADO
MAX 32 OR BELOW: 0 0.01 INCH OR MORE: 12
MAX 90 OR ABOVE: 1 0.10 INCH OR MORE: 6
MIN 32 OR BELOW: 0 0.50 INCH OR MORE: 4
MIN 0 OR BELOW: 0 1.00 INCH OR MORE: 3
[HDD (BASE 65) ]
TOTAL THIS MO. 0 CLEAR (SCALE 0-3) 2
DPTR FM NORMAL -3 PTCLDY (SCALE 4-7) 27
TOTAL FM JUL 1 97 CLOUDY (SCALE 8-10) 1
DPTR FM NORMAL -102
[CDD (BASE 65) ]
TOTAL THIS MO. 371
DPTR FM NORMAL 73 [PRESSURE DATA]
TOTAL FM JAN 1 1047 HIGHEST SLP 30.27 ON 21
DPTR FM NORMAL 285 LOWEST SLP 29.83 ON 7
[REMARKS]
#FINAL-04-22#