000
CXUS53 KARX 240648
CF6PDC
PRELIMINARY LOCAL CLIMATOLOGICAL DATA (WS FORM: F-6)
STATION: PRAIRIE_DU_CHIEN_MUN
MONTH: JUNE
YEAR: 2022
LATITUDE: 43 1 N
LONGITUDE: 91 7 W
TEMPERATURE IN F: :PCPN: SNOW: WIND :SUNSHINE: SKY :PK WND
================================================================================
1 2 3 4 5 6A 6B 7 8 9 10 11 12 13 14 15 16 17 18
12Z AVG MX 2MIN
DY MAX MIN AVG DEP HDD CDD WTR SNW DPTH SPD SPD DIR MIN PSBL S-S WX SPD DR
================================================================================
1 71 53 62 M 3 0 0.00 0.0 0 5.1 13 310 M M 1 18 310
2 78 47 63 M 2 0 0.00 0.0 0 3.5 13 270 M M 2 20 290
3 74 47 61 M 4 0 0.00 0.0 0 4.8 12 300 M M 1 20 290
4 61 52 57 M 8 0 0.25 0.0 0 1.6 9 180 M M 9 M M
5 74 56 65 M 0 0 1.09 0.0 0 1.1 9 100 M M 9 18 0
6 68 56 62 M 3 0 0.18 0.0 0 1.9 9 350 M M 7 1 M M
7 76 55 66 M 0 1 0.00 0.0 0 1.8 8 340 M M 3 M M
8 72 55 64 M 1 0 0.35 0.0 0 2.6 9 350 M M 5 18 0
9 76 50 63 M 2 0 0.00 0.0 0 2.2 12 300 M M 0 M M
10 75 56 66 M 0 1 0.00 0.0 0 1.4 9 220 M M 3 M M
11 72 57 65 M 0 0 1.08 0.0 0 0.3 5 190 M M 6 1 M M
12 76 61 69 M 0 4 0.00 0.0 0 3.6 10 50 M M 7 12 M M
13 80 63 72 M 0 7 0.08 0.0 0 4.3 10 100 M M 6 17 0
14 96 68 82 M 0 17 0.00 0.0 0 8.2 15 190 M M 0 1 23 190
15 90 62 76 M 0 11 0.30 0.0 0 5.3 15 260 M M 6 3 22 220
16 87 60 74 M 0 9 0.00 0.0 0 7.8 22 260 M M 0 33 260
17 81 59 70 M 0 5 0.00 0.0 0 2.4 9 310 M M 0 M M
18 79 57 68 M 0 3 0.00 0.0 0 3.4 10 100 M M 0 8 18 100
19 86 56 71 M 0 6 0.00 0.0 0 2.9 9 140 M M 0 10 150
20 93 68 81 M 0 16 0.00 0.0 0 4.0 10 180 M M 0 17 200
21 96 69 83 M 0 18 0.00 0.0 0 5.6 15 300 M M 1 22 300
22 85 64 75 M 0 10 0.00 0.0 0 4.6 13 310 M M 0 17 320
23 89 60 75 M 0 10 0.00 0.0 0 2.4 8 190 M M 0 8 M M
24 89 63 76 M 0 11 0.00 0.0 0 3.7 13 200 M M 0 17 210
25 75 65 70 M 0 5 0.48 0.0 0 1.8 10 140 M M 8 1 20 120
26 75 55 65 M 0 0 0.00 0.0 0 8.9 18 300 M M 1 27 300
27 80 50 65 M 0 0 0.00 0.0 0 2.0 9 310 M M 0 16 290
28 83 56 70 M 0 5 0.28 0.0 0 5.6 15 250 M M 1 22 250
29 86 58 72 M 0 7 0.00 0.0 0 2.2 9 160 M M 2 12 M M
30 89 73 81 M 0 16 0.00 0.0 0 5.5 16 200 M M 2 24 200
================================================================================
SM 2412 1751 23 162 4.09 0.0 110.5 M 80
================================================================================
AV 80.4 58.4 3.7 FASTST M M 3 MAX(MPH)
MISC ----> 22 260 33 260
================================================================================
NOTES:
# LAST OF SEVERAL OCCURRENCES
COLUMN 17 PEAK WIND IN M.P.H.
PRELIMINARY LOCAL CLIMATOLOGICAL DATA (WS FORM: F-6) , PAGE 2
STATION: PRAIRIE_DU_CHIEN_MUN
MONTH: JUNE
YEAR: 2022
LATITUDE: 43 1 N
LONGITUDE: 91 7 W
[TEMPERATURE DATA] [PRECIPITATION DATA] SYMBOLS USED IN COLUMN 16
AVERAGE MONTHLY: 69.4 TOTAL FOR MONTH: 4.09 1 = FOG OR MIST
DPTR FM NORMAL: 0.0 DPTR FM NORMAL: M 2 = FOG REDUCING VISIBILITY
HIGHEST: 96 ON 21,14 GRTST 24HR 1.09 ON 5- 5 TO 1/4 MILE OR LESS
LOWEST: 47 ON 3, 2 3 = THUNDER
SNOW, ICE PELLETS, HAIL 4 = ICE PELLETS
TOTAL MONTH: 0.0 INCH 5 = HAIL
GRTST 24HR 0.0 6 = FREEZING RAIN OR DRIZZLE
GRTST DEPTH: 0 7 = DUSTSTORM OR SANDSTORM:
VSBY 1/2 MILE OR LESS
8 = SMOKE OR HAZE
[NO. OF DAYS WITH] [WEATHER - DAYS WITH] 9 = BLOWING SNOW
X = TORNADO
MAX 32 OR BELOW: 0 0.01 INCH OR MORE: 9
MAX 90 OR ABOVE: 4 0.10 INCH OR MORE: 8
MIN 32 OR BELOW: 0 0.50 INCH OR MORE: 2
MIN 0 OR BELOW: 0 1.00 INCH OR MORE: 2
[HDD (BASE 65) ]
TOTAL THIS MO. 23 CLEAR (SCALE 0-3) 19
DPTR FM NORMAL M PTCLDY (SCALE 4-7) 9
TOTAL FM JUL 1 6190 CLOUDY (SCALE 8-10) 2
DPTR FM NORMAL M
[CDD (BASE 65) ]
TOTAL THIS MO. 162
DPTR FM NORMAL M [PRESSURE DATA]
TOTAL FM JAN 1 267 HIGHEST SLP M ON M
DPTR FM NORMAL M LOWEST SLP M ON M
[REMARKS]
#FINAL-06-22#