000
CXUS53 KARX 010930
CF6PDC
PRELIMINARY LOCAL CLIMATOLOGICAL DATA (WS FORM: F-6)
STATION: PRAIRIE_DU_CHIEN_MUN
MONTH: JUNE
YEAR: 2020
LATITUDE: 43 1 N
LONGITUDE: 91 7 W
TEMPERATURE IN F: :PCPN: SNOW: WIND :SUNSHINE: SKY :PK WND
================================================================================
1 2 3 4 5 6A 6B 7 8 9 10 11 12 13 14 15 16 17 18
12Z AVG MX 2MIN
DY MAX MIN AVG DEP HDD CDD WTR SNW DPTH SPD SPD DIR MIN PSBL S-S WX SPD DR
================================================================================
1 84 58 71 M 0 6 0.22 0.0 0 7.8 16 180 M M 3 23 180
2 93 64 79 M 0 14 0.81 0.0 0 7.4 25 10 M M 2 47 10
3 84 64 74 M 0 9 0.43 0.0 0 1.7 6 220 M M 3 M M
4 88 61 75 M 0 10 0.04 0.0 0 2.3 14 330 M M 2 22 330
5 84 64 74 M 0 9 0.01 0.0 M 5.5 12 320 M M 1 17 320
6 79 60 70 M 0 5 M 0.0 0 3.4 12 110 M M 4 16 110
7 84 61 73 M 0 8 0.00 0.0 0 9.3 13 130 M M 2 18 120
8 89 66 78 M 0 13 0.00 0.0 0 6.6 10 120 M M 0 16 150
9 78 67 73 M 0 8 1.65 0.0 0 5.5 12 260 M M 5 20 60
10 72 58 65 M 0 0 0.66 0.0 0 9.4 18 310 M M 5 27 320
11 81 56 69 M 0 4 0.00 0.0 0 7.6 22 270 M M 1 31 270
12 85 52 69 M 0 4 0.00 0.0 0 4.1 12 270 M M 1 17 270
13 68 54 61 M 4 0 M 0.0 0 4.7 10 80 M M 8 M M
14 75 50 63 M 2 0 0.00 0.0 0 9.2 14 120 M M 2 21 120
15 77 56 67 M 0 2 0.00 0.0 0 7.3 13 130 M M 1 20 130
16 83 60 72 M 0 7 0.00 0.0 0 5.0 10 130 M M 0 M M
17 84 57 71 M 0 6 0.00 0.0 0 5.4 13 190 M M 0 20 190
18 86 60 73 M 0 8 0.00 0.0 0 3.9 9 170 M M 1 16 150
19 77 68 73 M 0 8 0.09 0.0 0 1.3 6 260 M M 6 M M
20 76 63 70 M 0 5 0.62 0.0 0 2.0 7 290 M M 7 1 M M
21 82 60 71 M 0 6 1.79 0.0 0 2.7 16 300 M M 4 12 29 300
22 70 56 63 M 2 0 0.56 0.0 0 2.5 13 320 M M 8 M M
23 73 55 64 M 1 0 0.16 0.0 0 5.7 14 310 M M 5 1 20 310
24 77 54 66 M 0 1 0.59 0.0 0 3.4 9 30 M M 2 M M
25 83 57 70 M 0 5 0.00 0.0 0 1.9 8 240 M M 3 12 M M
26 81 64 73 M 0 8 M 0.0 0 3.3 8 190 M M 3 M M
27 85 64 75 M 0 10 0.00 0.0 0 1.8 6 20 M M 1 1 M M
28 86 64 75 M 0 10 0.00 0.0 0 5.3 12 110 M M 3 12 16 110
29 87 73 80 M 0 15 0.02 0.0 0 6.1 10 110 M M 3 M M
30 88 70 79 M 0 14 0.00 0.0 0 5.1 15 110 M M 1 18 130
================================================================================
SM 2439 1816 9 195 7.65 0.0 147.2 M 87
================================================================================
AV 81.3 60.5 4.9 FASTST M M 3 MAX(MPH)
MISC ----> # 25 10 # 47 10
================================================================================
NOTES:
# LAST OF SEVERAL OCCURRENCES
COLUMN 17 PEAK WIND IN M.P.H.
PRELIMINARY LOCAL CLIMATOLOGICAL DATA (WS FORM: F-6) , PAGE 2
STATION: PRAIRIE_DU_CHIEN_MUN
MONTH: JUNE
YEAR: 2020
LATITUDE: 43 1 N
LONGITUDE: 91 7 W
[TEMPERATURE DATA] [PRECIPITATION DATA] SYMBOLS USED IN COLUMN 16
AVERAGE MONTHLY: 70.9 TOTAL FOR MONTH: 7.65 1 = FOG OR MIST
DPTR FM NORMAL: M DPTR FM NORMAL: M 2 = FOG REDUCING VISIBILITY
HIGHEST: 93 ON 2 GRTST 24HR 1.79 ON 21-21 TO 1/4 MILE OR LESS
LOWEST: 50 ON 14 3 = THUNDER
SNOW, ICE PELLETS, HAIL 4 = ICE PELLETS
TOTAL MONTH: 0.0 INCH 5 = HAIL
GRTST 24HR 0.0 6 = FREEZING RAIN OR DRIZZLE
GRTST DEPTH: 0 7 = DUSTSTORM OR SANDSTORM:
VSBY 1/2 MILE OR LESS
8 = SMOKE OR HAZE
[NO. OF DAYS WITH] [WEATHER - DAYS WITH] 9 = BLOWING SNOW
X = TORNADO
MAX 32 OR BELOW: 0 0.01 INCH OR MORE: 14
MAX 90 OR ABOVE: 1 0.10 INCH OR MORE: 10
MIN 32 OR BELOW: 0 0.50 INCH OR MORE: 7
MIN 0 OR BELOW: 0 1.00 INCH OR MORE: 2
[HDD (BASE 65) ]
TOTAL THIS MO. 9 CLEAR (SCALE 0-3) 18
DPTR FM NORMAL M PTCLDY (SCALE 4-7) 11
TOTAL FM JUL 1 6711 CLOUDY (SCALE 8-10) 1
DPTR FM NORMAL M
[CDD (BASE 65) ]
TOTAL THIS MO. 195
DPTR FM NORMAL M [PRESSURE DATA]
TOTAL FM JAN 1 231 HIGHEST SLP M ON M
DPTR FM NORMAL M LOWEST SLP M ON M
[REMARKS]
#FINAL-06-20#