000
CXUS56 KPDT 011910
CF6PDT
PRELIMINARY LOCAL CLIMATOLOGICAL DATA (WS FORM: F-6)
STATION: PENDLETON OR
MONTH: JANUARY
YEAR: 2021
LATITUDE: 45 40 N
LONGITUDE: 118 51 W
TEMPERATURE IN F: :PCPN: SNOW: WIND :SUNSHINE: SKY :PK WND
================================================================================
1 2 3 4 5 6A 6B 7 8 9 10 11 12 13 14 15 16 17 18
12Z AVG MX 2MIN
DY MAX MIN AVG DEP HDD CDD WTR SNW DPTH SPD SPD DIR MIN PSBL S-S WX SPD DR
================================================================================
1 53 39 46 13 19 0 0.05 0.0 0 9.5 28 260 M M 5 42 260
2 51 40 46 13 19 0 T 0.0 0 15.0 30 200 M M 8 39 200
3 54 38 46 13 19 0 T 0.0 0 15.0 38 250 M M 3 50 250
4 55 41 48 14 17 0 0.10 0.0 0 13.8 32 250 M M 8 1 45 240
5 54 34 44 10 21 0 0.00 0.0 0 8.1 22 140 M M 5 29 130
6 55 40 48 14 17 0 0.09 0.0 0 8.8 28 220 M M 8 1 36 210
7 48 33 41 7 24 0 0.02 0.0 0 4.2 14 60 M M 6 1 18 60
8 40 30 35 1 30 0 0.11 T 0 4.8 18 290 M M 7 12 22 280
9 42 34 38 4 27 0 0.00 0.0 0 4.0 10 290 M M 9 12 14 320
10 45 29 37 2 28 0 0.00 0.0 0 3.5 13 300 M M 8 12 14 310
11 48 30 39 4 26 0 T 0.0 0 5.2 13 130 M M 3 12 16 100
12 61 42 52 17 13 0 0.04 0.0 0 14.8 33 180 M M 10 46 180
13 63 34 49 14 16 0 0.02 0.0 0 21.5 53 270 M M 2 1 68 280
14 50 30 40 5 25 0 0.00 0.0 0 5.7 12 70 M M 4 13 80
15 46 27 37 2 28 0 0.01 0.0 0 4.3 14 120 M M 5 1 14 130
16 44 29 37 1 28 0 0.00 0.0 0 5.5 14 300 M M 4 12 16 290
17 52 34 43 7 22 0 T 0.0 0 8.8 25 290 M M 4 12 33 280
18 46 28 37 1 28 0 0.00 0.0 0 5.1 9 290 M M 1 15 320
19 44 24 34 -2 31 0 0.00 0.0 0 4.2 9 310 M M 0 11 340
20 42 28 35 -1 30 0 0.03 0.0 0 3.7 13 240 M M 8 128 14 230
21 36 32 34 -2 31 0 0.20 0.5 0 3.4 9 350 M M 10 12 11 310
22 33 27 30 -6 35 0 T T T 5.1 12 350 M M 10 12 14 360
23 39 22 31 -5 34 0 0.00 0.0 0 5.5 10 160 M M 1 12 11 160
24 38 25 32 -4 33 0 T 0.1 0 6.2 13 290 M M 4 1 15 300
25 31 26 29 -7 36 0 0.11 1.3 T 1.9 7 290 M M 10 12 8 270
26 40 23 32 -5 33 0 0.00 0.0 1 7.4 20 160 M M 6 12 27 150
27 52 39 46 9 19 0 0.00 0.0 0 12.2 28 190 M M 9 38 140
28 51 32 42 5 23 0 T 0.0 0 7.8 16 160 M M 5 1 22 190
29 40 33 37 0 28 0 0.13 T 0 3.7 10 150 M M 8 12 12 140
30 55 33 44 7 21 0 T 0.0 0 10.0 22 170 M M 7 31 180
31 56 49 53 16 12 0 T 0.0 0 15.3 29 150 M M 10 40 170
================================================================================
SM 1464 1005 773 0 0.91 1.9 244.0 M 188
================================================================================
AV 47.2 32.4 7.9 FASTST M M 6 MAX(MPH)
MISC ----> 53 270 68 280
================================================================================
NOTES:
# LAST OF SEVERAL OCCURRENCES
COLUMN 17 PEAK WIND IN M.P.H.
PRELIMINARY LOCAL CLIMATOLOGICAL DATA (WS FORM: F-6) , PAGE 2
STATION: PENDLETON OR
MONTH: JANUARY
YEAR: 2021
LATITUDE: 45 40 N
LONGITUDE: 118 51 W
[TEMPERATURE DATA] [PRECIPITATION DATA] SYMBOLS USED IN COLUMN 16
AVERAGE MONTHLY: 39.8 TOTAL FOR MONTH: 0.91 1 = FOG OR MIST
DPTR FM NORMAL: 4.5 DPTR FM NORMAL: -0.52 2 = FOG REDUCING VISIBILITY
HIGHEST: 63 ON 13 GRTST 24HR 0.22 ON 20-21 TO 1/4 MILE OR LESS
LOWEST: 22 ON 23 3 = THUNDER
SNOW, ICE PELLETS, HAIL 4 = ICE PELLETS
TOTAL MONTH: 1.9 INCHES 5 = HAIL
GRTST 24HR 1.3 ON 25-25 6 = FREEZING RAIN OR DRIZZLE
GRTST DEPTH: 1 ON 26 7 = DUSTSTORM OR SANDSTORM:
VSBY 1/2 MILE OR LESS
8 = SMOKE OR HAZE
[NO. OF DAYS WITH] [WEATHER - DAYS WITH] 9 = BLOWING SNOW
X = TORNADO
MAX 32 OR BELOW: 1 0.01 INCH OR MORE: 12
MAX 90 OR ABOVE: 0 0.10 INCH OR MORE: 5
MIN 32 OR BELOW: 16 0.50 INCH OR MORE: 0
MIN 0 OR BELOW: 0 1.00 INCH OR MORE: 0
[HDD (BASE 65) ]
TOTAL THIS MO. 773 CLEAR (SCALE 0-3) 4
DPTR FM NORMAL -148 PTCLDY (SCALE 4-7) 18
TOTAL FM JUL 1 2741 CLOUDY (SCALE 8-10) 9
DPTR FM NORMAL -410
[CDD (BASE 65) ]
TOTAL THIS MO. 0
DPTR FM NORMAL 0 [PRESSURE DATA]
TOTAL FM JAN 1 0 HIGHEST SLP 30.57 ON 19
DPTR FM NORMAL 0 LOWEST SLP 29.49 ON 27
[REMARKS]
#FINAL-01-21#