000
CXUS56 KPQR 011200
CF6PDX
PRELIMINARY LOCAL CLIMATOLOGICAL DATA (WS FORM: F-6)
STATION: PORTLAND OR
MONTH: APRIL
YEAR: 2020
LATITUDE: 45 35 N
LONGITUDE: 122 36 W
TEMPERATURE IN F: :PCPN: SNOW: WIND :SUNSHINE: SKY :PK WND
================================================================================
1 2 3 4 5 6A 6B 7 8 9 10 11 12 13 14 15 16 17 18
12Z AVG MX 2MIN
DY MAX MIN AVG DEP HDD CDD WTR SNW DPTH SPD SPD DIR MIN PSBL S-S WX SPD DR
================================================================================
1 50 40 45 -5 20 0 0.08 0.0 0 5.8 15 200 M M 8 1 20 210
2 53 40 47 -3 18 0 0.07 0.0 0 4.6 20 270 M M 8 1 23 280
3 50 39 45 -5 20 0 T 0.0 0 3.9 14 200 M M 9 16 200
4 55 38 47 -4 18 0 0.03 0.0 0 4.7 16 110 M M 9 19 110
5 63 42 53 2 12 0 T 0.0 0 3.4 15 130 M M 6 17 120
6 64 40 52 1 13 0 0.00 0.0 0 3.5 13 330 M M 6 17 350
7 60 42 51 0 14 0 0.00 0.0 0 6.3 15 320 M M 3 8 21 310
8 73 40 57 6 8 0 0.00 0.0 0 6.2 14 280 M M 1 18 290
9 75 43 59 8 6 0 0.00 0.0 0 7.2 17 320 M M 1 24 320
10 71 45 58 7 7 0 0.00 0.0 0 4.7 16 320 M M 2 20 320
11 62 43 53 2 12 0 0.00 0.0 0 3.8 15 320 M M 3 20 320
12 66 37 52 0 13 0 0.00 0.0 0 6.8 22 320 M M 1 26 320
13 68 36 52 0 13 0 0.00 0.0 0 5.8 15 300 M M 1 8 21 320
14 71 42 57 5 8 0 0.00 0.0 0 3.7 16 320 M M 3 8 20 320
15 68 49 59 7 6 0 0.00 0.0 0 5.4 23 110 M M 8 27 110
16 70 42 56 4 9 0 0.00 0.0 0 9.5 25 90 M M 1 32 90
17 76 39 58 6 7 0 0.00 0.0 0 4.1 9 310 M M M 13 310
18 56 49 53 1 12 0 0.09 0.0 0 6.5 14 200 M M 10 1 20 180
19 63 48 56 3 9 0 0.00 0.0 0 4.6 10 310 M M 6 14 10
20 70 43 57 4 8 0 0.00 0.0 0 4.5 12 320 M M 4 1 17 320
21 61 48 55 2 10 0 0.01 0.0 0 2.5 9 70 M M 8 18 11 70
22 60 49 55 2 10 0 0.25 0.0 0 8.8 17 220 M M 9 1 20 230
23 61 49 55 2 10 0 T 0.0 0 4.2 10 250 M M 9 12 250
24 61 50 56 2 9 0 0.01 0.0 0 6.5 13 100 M M 9 1 14 100
25 70 48 59 5 6 0 0.18 0.0 0 7.8 21 270 M M 7 1 24 270
26 68 43 56 2 9 0 0.03 0.0 0 4.8 18 200 M M 7 25 200
27 69 49 59 5 6 0 0.02 0.0 0 10.9 20 190 M M 7 1 25 200
28 73 50 62 8 3 0 0.00 0.0 0 4.0 12 80 M M 6 14 240
29 75 53 64 9 1 0 0.01 0.0 0 7.1 18 230 M M 8 24 250
30 66 48 57 2 8 0 0.01 0.0 0 6.5 18 210 M M 6 22 220
================================================================================
SM 1948 1324 305 0 0.79 0.0 168.1 M 166
================================================================================
AV 64.9 44.1 5.6 FASTST M M 6 MAX(MPH)
MISC ----> # 25 90 # 32 90
================================================================================
NOTES:
# LAST OF SEVERAL OCCURRENCES
COLUMN 17 PEAK WIND IN M.P.H.
PRELIMINARY LOCAL CLIMATOLOGICAL DATA (WS FORM: F-6) , PAGE 2
STATION: PORTLAND OR
MONTH: APRIL
YEAR: 2020
LATITUDE: 45 35 N
LONGITUDE: 122 36 W
[TEMPERATURE DATA] [PRECIPITATION DATA] SYMBOLS USED IN COLUMN 16
AVERAGE MONTHLY: 54.5 TOTAL FOR MONTH: 0.79 1 = FOG OR MIST
DPTR FM NORMAL: 2.2 DPTR FM NORMAL: -1.94 2 = FOG REDUCING VISIBILITY
HIGHEST: 76 ON 17 GRTST 24HR 0.25 ON 22-22 TO 1/4 MILE OR LESS
LOWEST: 36 ON 13 3 = THUNDER
SNOW, ICE PELLETS, HAIL 4 = ICE PELLETS
TOTAL MONTH: 0.0 INCH 5 = HAIL
GRTST 24HR 0.0 6 = FREEZING RAIN OR DRIZZLE
GRTST DEPTH: 0 7 = DUSTSTORM OR SANDSTORM:
VSBY 1/2 MILE OR LESS
8 = SMOKE OR HAZE
[NO. OF DAYS WITH] [WEATHER - DAYS WITH] 9 = BLOWING SNOW
X = TORNADO
MAX 32 OR BELOW: 0 0.01 INCH OR MORE: 12
MAX 90 OR ABOVE: 0 0.10 INCH OR MORE: 2
MIN 32 OR BELOW: 0 0.50 INCH OR MORE: 0
MIN 0 OR BELOW: 0 1.00 INCH OR MORE: 0
[HDD (BASE 65) ]
TOTAL THIS MO. 305 CLEAR (SCALE 0-3) 6
DPTR FM NORMAL -78 PTCLDY (SCALE 4-7) 15
TOTAL FM JUL 1 3772 CLOUDY (SCALE 8-10) 8
DPTR FM NORMAL -191
[CDD (BASE 65) ]
TOTAL THIS MO. 0
DPTR FM NORMAL -1 [PRESSURE DATA]
TOTAL FM JAN 1 0 HIGHEST SLP 30.41 ON 14
DPTR FM NORMAL -1 LOWEST SLP 29.54 ON 5
[REMARKS]
#FINAL-04-20#