000
CXUS54 KMAF 011210
CF6PEQ
PRELIMINARY LOCAL CLIMATOLOGICAL DATA (WS FORM: F-6)
STATION: PECOS MUNICIPAL AIRPORT
MONTH: FEBRUARY
YEAR: 2023
LATITUDE: 31 22 N
LONGITUDE: 103 31 W
TEMPERATURE IN F: :PCPN: SNOW: WIND :SUNSHINE: SKY :PK WND
================================================================================
1 2 3 4 5 6A 6B 7 8 9 10 11 12 13 14 15 16 17 18
12Z AVG MX 2MIN
DY MAX MIN AVG DEP HDD CDD WTR SNW DPTH SPD SPD DIR MIN PSBL S-S WX SPD DR
================================================================================
1 32 27 30 M 35 0 0.01 M M 3.0 10 80 M M 10 M M
2 53 31 42 M 23 0 0.01 M M 5.7 13 290 M M 5 1 24 300
3 60 23 42 M 23 0 M M M 5.7 13 90 M M 0 16 80
4 72 26 49 M 16 0 M M M 3.3 15 260 M M 0 13 270
5 80 28 54 M 11 0 M M M 4.4 16 250 M M 0 17 230
6 83 36 60 M 5 0 M M M 3.3 14 230 M M 0 25 230
7 56 44 50 M 15 0 M M M 15.2 22 330 M M 7 28 320
8 63 35 49 M 16 0 M M M 12.2 20 250 M M 2 26 270
9 65 38 52 M 13 0 M M M 14.1 28 330 M M 2 35 340
10 48 28 38 M 27 0 M M M 6.5 13 330 M M 0 M M
11 61 21 41 M 24 0 M M M 4.5 12 80 M M 0 17 120
12 67 28 48 M 17 0 M M M 4.2 8 70 M M 0 M M
13 56 39 48 M 17 0 M M M 3.2 16 320 M M 2 8 45 130
14 67 44 56 M 9 0 M M M 19.1 47 250 M M 1 8 59 250
15 75 31 53 M 12 0 M M M 11.0 30 300 M M 0 38 290
16 47 26 37 M 28 0 M M M 6.9 12 360 M M 0 17 330
17 50 17 34 M 31 0 M M M 4.8 12 100 M M 0 17 120
18 58 32 45 M 20 0 M M M 4.8 10 90 M M 3 8 M M
19 67 38 53 M 12 0 M M M 3.8 24 270 M M 2 30 270
20 79 51 65 M 0 0 M M M 12.0 21 230 M M 0 28 230
21 85 47 66 M 0 1 M M M 11.7 26 250 M M 2 35 230
22 78 50 64 M 1 0 M M M 20.9 35 240 M M 0 44 240
23 74 37 56 M 9 0 M M M 7.4 18 70 M M 0 26 70
24 58 37 48 M 17 0 M M M 7.2 12 70 M M 0 M M
25 55 40 48 M 17 0 M M M 4.8 10 100 M M 2 M M
26 91 46 69 M 0 4 M M M 14.7 45 230 M M 1 18 55 230
27 76 44 60 M 5 0 M M M 14.6 25 250 M M 0 31 260
28 83 37 60 M 5 0 M M M 7.9 21 260 M M 0 28 260
================================================================================
SM 1839 981 408 5 0.02 M 236.9 M 39
================================================================================
AV 65.7 35.0 8.5 FASTST M M 1 MAX(MPH)
MISC ----> 47 250 59 250
================================================================================
NOTES:
# LAST OF SEVERAL OCCURRENCES
COLUMN 17 PEAK WIND IN M.P.H.
PRELIMINARY LOCAL CLIMATOLOGICAL DATA (WS FORM: F-6) , PAGE 2
STATION: PECOS MUNICIPAL AIRPORT
MONTH: FEBRUARY
YEAR: 2023
LATITUDE: 31 22 N
LONGITUDE: 103 31 W
[TEMPERATURE DATA] [PRECIPITATION DATA] SYMBOLS USED IN COLUMN 16
AVERAGE MONTHLY: 50.4 TOTAL FOR MONTH: 0.02 1 = FOG OR MIST
DPTR FM NORMAL: 0.0 DPTR FM NORMAL: 0.02 2 = FOG REDUCING VISIBILITY
HIGHEST: 91 ON 26 GRTST 24HR 0.01 ON 1- 1 TO 1/4 MILE OR LESS
LOWEST: 17 ON 17 3 = THUNDER
SNOW, ICE PELLETS, HAIL 4 = ICE PELLETS
TOTAL MONTH: M 5 = HAIL
GRTST 24HR M ON M 6 = FREEZING RAIN OR DRIZZLE
GRTST DEPTH: M ON M 7 = DUSTSTORM OR SANDSTORM:
VSBY 1/2 MILE OR LESS
8 = SMOKE OR HAZE
[NO. OF DAYS WITH] [WEATHER - DAYS WITH] 9 = BLOWING SNOW
X = TORNADO
MAX 32 OR BELOW: 1 0.01 INCH OR MORE: 2
MAX 90 OR ABOVE: 1 0.10 INCH OR MORE: 0
MIN 32 OR BELOW: 12 0.50 INCH OR MORE: 0
MIN 0 OR BELOW: 0 1.00 INCH OR MORE: 0
[HDD (BASE 65) ]
TOTAL THIS MO. 408 CLEAR (SCALE 0-3) 24
DPTR FM NORMAL M PTCLDY (SCALE 4-7) 3
TOTAL FM JUL 1 1931 CLOUDY (SCALE 8-10) 1
DPTR FM NORMAL M
[CDD (BASE 65) ]
TOTAL THIS MO. 5
DPTR FM NORMAL M [PRESSURE DATA]
TOTAL FM JAN 1 5 HIGHEST SLP M ON M
DPTR FM NORMAL M LOWEST SLP M ON M
[REMARKS]
#FINAL-02-23#