000
CXUS54 KMAF 011110
CF6PEQ
PRELIMINARY LOCAL CLIMATOLOGICAL DATA (WS FORM: F-6)
STATION: PECOS MUNICIPAL AIRPORT
MONTH: APRIL
YEAR: 2020
LATITUDE: 31 22 N
LONGITUDE: 103 31 W
TEMPERATURE IN F: :PCPN: SNOW: WIND :SUNSHINE: SKY :PK WND
================================================================================
1 2 3 4 5 6A 6B 7 8 9 10 11 12 13 14 15 16 17 18
12Z AVG MX 2MIN
DY MAX MIN AVG DEP HDD CDD WTR SNW DPTH SPD SPD DIR MIN PSBL S-S WX SPD DR
================================================================================
1 87 55 71 M 0 6 M M M 6.2 14 250 M M 0 20 160
2 88 52 70 M 0 5 M M M 9.6 18 250 M M 0 29 260
3 66 44 55 M 10 0 M M M 10.4 18 90 M M 1 28 350
4 59 46 53 M 12 0 M M M 8.1 13 100 M M 6 17 70
5 82 45 64 M 1 0 M M M 5.0 15 80 M M 0 21 70
6 81 58 70 M 0 5 M M M 7.1 17 90 M M 3 M M
7 88 59 74 M 0 9 M M M 7.9 15 230 M M 1 20 240
8 88 54 71 M 0 6 M M M 6.4 10 320 M M 2 22 340
9 82 60 71 M 0 6 M M M 5.9 17 320 M M 4 25 190
10 78 55 67 M 0 2 M M M 9.4 15 80 M M 4 29 330
11 87 54 71 M 0 6 M M M 9.1 17 80 M M 1 26 260
12 81 55 68 M 0 3 M M M 19.6 36 250 M M 0 46 260
13 64 39 52 M 13 0 M M M 11.1 17 60 M M 0 25 80
14 60 40 50 M 15 0 0.00 0.0 0 10.4 18 70 M M 3 25 70
15 78 42 60 M 5 0 M M M 6.9 12 110 M M 2 M M
16 90 42 66 M 0 1 M M M 4.7 12 190 M M 0 23 190
17 65 46 56 M 9 0 M M M 7.6 21 350 M M 3 28 350
18 83 40 62 M 3 0 M M M 5.7 16 100 M M 2 M M
19 85 56 71 M 0 6 M M M 13.3 29 260 M M 0 33 260
20 89 51 70 M 0 5 M M M 10.5 18 230 M M 0 29 250
21 95 51 73 M 0 8 M M M 9.4 16 230 M M 0 23 230
22 88 63 76 M 0 11 M M M 12.3 24 260 M M 0 33 270
23 90 50 70 M 0 5 M M M 9.6 26 280 M M 0 31 280
24 92 63 78 M 0 13 M M M 10.3 21 260 M M 0 24 250
25 80 56 68 M 0 3 M M M 7.9 15 60 M M 0 22 50
26 95 55 75 M 0 10 M M M 8.5 21 120 M M 0 29 110
27 100 62 81 M 0 16 M M M 7.2 16 80 M M 0 20 360
28 100 53 77 M 0 12 M M M 8.2 17 290 M M 0 28 320
29 83 62 73 M 0 8 M M M 10.5 20 40 M M 1 31 20
30 95 52 74 M 0 9 M M M 5.0 14 130 M M 0 18 130
================================================================================
SM 2499 1560 68 155 0.00 0.0 263.7 M 33
================================================================================
AV 83.3 52.0 8.8 FASTST M M 1 MAX(MPH)
MISC ----> 36 250 46 260
================================================================================
NOTES:
# LAST OF SEVERAL OCCURRENCES
COLUMN 17 PEAK WIND IN M.P.H.
PRELIMINARY LOCAL CLIMATOLOGICAL DATA (WS FORM: F-6) , PAGE 2
STATION: PECOS MUNICIPAL AIRPORT
MONTH: APRIL
YEAR: 2020
LATITUDE: 31 22 N
LONGITUDE: 103 31 W
[TEMPERATURE DATA] [PRECIPITATION DATA] SYMBOLS USED IN COLUMN 16
AVERAGE MONTHLY: 67.7 TOTAL FOR MONTH: 0.00 1 = FOG OR MIST
DPTR FM NORMAL: 0.0 DPTR FM NORMAL: M 2 = FOG REDUCING VISIBILITY
HIGHEST: 100 ON 28,27 GRTST 24HR 0.00 ON 14-14 TO 1/4 MILE OR LESS
LOWEST: 39 ON 13 3 = THUNDER
SNOW, ICE PELLETS, HAIL 4 = ICE PELLETS
TOTAL MONTH: 0.0 INCH 5 = HAIL
GRTST 24HR 0.0 6 = FREEZING RAIN OR DRIZZLE
GRTST DEPTH: 0 7 = DUSTSTORM OR SANDSTORM:
VSBY 1/2 MILE OR LESS
8 = SMOKE OR HAZE
[NO. OF DAYS WITH] [WEATHER - DAYS WITH] 9 = BLOWING SNOW
X = TORNADO
MAX 32 OR BELOW: 0 0.01 INCH OR MORE: 0
MAX 90 OR ABOVE: 8 0.10 INCH OR MORE: 0
MIN 32 OR BELOW: 0 0.50 INCH OR MORE: 0
MIN 0 OR BELOW: 0 1.00 INCH OR MORE: 0
[HDD (BASE 65) ]
TOTAL THIS MO. 68 CLEAR (SCALE 0-3) 26
DPTR FM NORMAL M PTCLDY (SCALE 4-7) 4
TOTAL FM JUL 1 2172 CLOUDY (SCALE 8-10) 0
DPTR FM NORMAL M
[CDD (BASE 65) ]
TOTAL THIS MO. 155
DPTR FM NORMAL M [PRESSURE DATA]
TOTAL FM JAN 1 191 HIGHEST SLP M ON M
DPTR FM NORMAL M LOWEST SLP M ON M
[REMARKS]
#FINAL-04-20#