000
CXUS54 KMAF 011110
CF6PEQ
PRELIMINARY LOCAL CLIMATOLOGICAL DATA (WS FORM: F-6)
STATION: PECOS MUNICIPAL AIRPORT
MONTH: MARCH
YEAR: 2020
LATITUDE: 31 22 N
LONGITUDE: 103 31 W
TEMPERATURE IN F: :PCPN: SNOW: WIND :SUNSHINE: SKY :PK WND
================================================================================
1 2 3 4 5 6A 6B 7 8 9 10 11 12 13 14 15 16 17 18
12Z AVG MX 2MIN
DY MAX MIN AVG DEP HDD CDD WTR SNW DPTH SPD SPD DIR MIN PSBL S-S WX SPD DR
================================================================================
1 75 49 62 M 3 0 M M M 9.4 22 260 M M 0 29 250
2 70 53 62 M 3 0 M M M 7.7 30 240 M M 2 37 240
3 57 48 53 M 12 0 1.20 M M 7.8 18 250 M M 10 24 180
4 54 42 48 M 17 0 0.15 M M 11.7 23 10 M M 9 33 10
5 70 36 53 M 12 0 M M M 5.9 10 40 M M 0 M M
6 69 41 55 M 10 0 M M M 8.9 21 120 M M 0 29 110
7 78 44 61 M 4 0 M M M 9.6 20 120 M M 1 26 120
8 76 54 65 M 0 0 0.06 M M 9.4 20 80 M M 7 24 70
9 75 53 64 M 1 0 M M M 9.6 21 280 M M 1 37 280
10 81 48 65 M 0 0 M M M 1.7 6 260 M M 0 10 110
11 81 52 67 M 0 2 M M M 4.3 8 260 M M 0 M M
12 82 58 70 M 0 5 0.14 M M 9.3 16 270 M M 6 30 330
13 75 55 65 M 0 0 M M M 8.9 23 80 M M 3 29 80
14 78 56 67 M 0 2 M M M 5.1 15 80 M M 4 1 M M
15 63 55 59 M 6 0 0.06 M M 14.4 21 80 M M 10 3 28 80
16 73 50 62 M 3 0 M M M 5.2 14 90 M M 6 1 18 100
17 71 55 63 M 2 0 M M M 5.9 16 320 M M 4 1 17 320
18 78 49 64 M 1 0 0.02 M M 5.5 20 180 M M 3 35 160
19 75 52 64 M 1 0 M M M 12.7 24 280 M M 0 31 280
20 65 43 54 M 11 0 M M M 8.9 16 70 M M 0 22 30
21 50 43 47 M 18 0 M M M 8.3 15 70 M M 9 1 18 70
22 76 46 61 M 4 0 M M M 4.1 9 90 M M 5 1 M M
23 91 41 66 M 0 1 M M M 5.0 16 240 M M 0 23 200
24 84 55 70 M 0 5 M M M 10.5 21 260 M M 0 30 260
25 94 48 71 M 0 6 M M M 8.7 20 260 M M 0 24 250
26 98 50 74 M 0 9 M M M 5.9 20 260 M M 0 29 260
27 82 60 71 M 0 6 M M M 13.9 28 240 M M 0 33 230
28 72 47 60 M 5 0 M M M 16.2 33 280 M M 0 43 280
29 80 37 59 M 6 0 M M M 11.1 24 90 M M 0 28 80
30 82 48 65 M 0 0 M M M 13.5 29 250 M M 0 40 280
31 79 42 61 M 4 0 M M M 5.3 10 250 M M 0 M M
================================================================================
SM 2334 1510 123 36 1.63 M 264.3 M 80
================================================================================
AV 75.3 48.7 8.5 FASTST M M 3 MAX(MPH)
MISC ----> 33 280 43 280
================================================================================
NOTES:
# LAST OF SEVERAL OCCURRENCES
COLUMN 17 PEAK WIND IN M.P.H.
PRELIMINARY LOCAL CLIMATOLOGICAL DATA (WS FORM: F-6) , PAGE 2
STATION: PECOS MUNICIPAL AIRPORT
MONTH: MARCH
YEAR: 2020
LATITUDE: 31 22 N
LONGITUDE: 103 31 W
[TEMPERATURE DATA] [PRECIPITATION DATA] SYMBOLS USED IN COLUMN 16
AVERAGE MONTHLY: 62.0 TOTAL FOR MONTH: 1.63 1 = FOG OR MIST
DPTR FM NORMAL: 0.0 DPTR FM NORMAL: M 2 = FOG REDUCING VISIBILITY
HIGHEST: 98 ON 26 GRTST 24HR 1.20 ON 3- 3 TO 1/4 MILE OR LESS
LOWEST: 36 ON 5 3 = THUNDER
SNOW, ICE PELLETS, HAIL 4 = ICE PELLETS
TOTAL MONTH: M 5 = HAIL
GRTST 24HR M ON M 6 = FREEZING RAIN OR DRIZZLE
GRTST DEPTH: M ON M 7 = DUSTSTORM OR SANDSTORM:
VSBY 1/2 MILE OR LESS
8 = SMOKE OR HAZE
[NO. OF DAYS WITH] [WEATHER - DAYS WITH] 9 = BLOWING SNOW
X = TORNADO
MAX 32 OR BELOW: 0 0.01 INCH OR MORE: 6
MAX 90 OR ABOVE: 3 0.10 INCH OR MORE: 3
MIN 32 OR BELOW: 0 0.50 INCH OR MORE: 1
MIN 0 OR BELOW: 0 1.00 INCH OR MORE: 1
[HDD (BASE 65) ]
TOTAL THIS MO. 123 CLEAR (SCALE 0-3) 19
DPTR FM NORMAL M PTCLDY (SCALE 4-7) 8
TOTAL FM JUL 1 2104 CLOUDY (SCALE 8-10) 4
DPTR FM NORMAL M
[CDD (BASE 65) ]
TOTAL THIS MO. 36
DPTR FM NORMAL M [PRESSURE DATA]
TOTAL FM JAN 1 36 HIGHEST SLP M ON M
DPTR FM NORMAL M LOWEST SLP M ON M
[REMARKS]
#FINAL-03-20#