000
CXUS56 KFGZ 010910
CF6PGA
PRELIMINARY LOCAL CLIMATOLOGICAL DATA (WS FORM: F-6)
STATION: PAGE AZ AIRPORT
MONTH: JULY
YEAR: 2023
LATITUDE: 36 55 N
LONGITUDE: 111 27 W
TEMPERATURE IN F: :PCPN: SNOW: WIND :SUNSHINE: SKY :PK WND
================================================================================
1 2 3 4 5 6A 6B 7 8 9 10 11 12 13 14 15 16 17 18
12Z AVG MX 2MIN
DY MAX MIN AVG DEP HDD CDD WTR SNW DPTH SPD SPD DIR MIN PSBL S-S WX SPD DR
================================================================================
1 99 70 85 1 0 20 0.00 M M 3.5 15 10 M M 0 20 10
2 103 72 88 4 0 23 0.00 M M 4.5 13 30 M M 0 20 40
3 106 76 91 6 0 26 0.00 M M 4.0 13 290 M M 0 21 280
4 103 76 90 5 0 25 0.00 M M 7.6 18 210 M M 0 29 200
5 101 71 86 1 0 21 0.00 M M 4.9 12 10 M M 0 19 40
6 102 69 86 1 0 21 0.00 M M 5.3 15 280 M M 0 22 280
7 100 73 87 2 0 22 0.00 M M 6.6 18 200 M M 0 25 210
8 101 70 86 1 0 21 0.00 M M 5.5 13 310 M M 0 19 10
9 103 70 87 2 0 22 0.00 M M 6.0 15 230 M M 0 23 210
10 102 78 90 5 0 25 0.00 M M 6.2 17 360 M M 0 27 290
11 98 77 88 2 0 23 T M M 4.1 17 340 M M 3 3 25 340
12 102 78 90 4 0 25 0.00 M M 5.1 15 300 M M 0 22 300
13 104 81 93 7 0 28 0.00 M M 6.9 17 310 M M 1 29 320
14 107 78 93 7 0 28 0.00 M M 5.3 15 350 M M 0 24 310
15 105 75 90 4 0 25 0.00 M M 3.7 13 50 M M 0 22 50
16 109 74 92 6 0 27 0.00 M M 3.7 12 140 M M 0 15 360
17 110 79 95 9 0 30 T M M 5.3 31 290 M M 0 38 48 290
18 104 78 91 5 0 26 0.00 M M 4.8 17 280 M M 0 3 24 290
19 105 78 92 6 0 27 0.00 M M 5.3 16 360 M M 0 3 25 10
20 106 82 94 8 0 29 0.00 M M 5.4 16 340 M M 0 25 340
21 104 78 91 5 0 26 0.00 M M 4.5 14 30 M M 0 18 40
22 107 76 92 6 0 27 0.00 M M 4.4 14 30 M M 0 20 50
23 108 76 92 6 0 27 0.00 M M 5.8 14 30 M M 0 19 270
24 103 75 89 4 0 24 0.01 M M 6.0 23 200 M M 0 238 35 190
25 103 74 89 4 0 24 0.00 M M 4.3 13 280 M M 0 3 21 310
26 106 76 91 6 0 26 T M M 5.6 24 180 M M 0 3 33 170
27 104 81 93 8 0 28 0.00 M M 8.3 29 170 M M 0 3 35 180
28 104 75 90 5 0 25 T M M 4.2 17 230 M M 0 3 31 220
29 104 75 90 5 0 25 0.00 M M 4.9 20 240 M M 0 29 240
30 104 75 90 5 0 25 T M M 7.4 30 160 M M 1 3 39 170
31 98 73 86 1 0 21 0.03 M M 5.4 20 130 M M 2 3 27 130
================================================================================
SM 3215 2339 0 772 0.04 M 164.5 M 7
================================================================================
AV103.7 75.5 5.3 FASTST M M 0 MAX(MPH)
MISC ----> 31 290 48 290
================================================================================
NOTES:
# LAST OF SEVERAL OCCURRENCES
COLUMN 17 PEAK WIND IN M.P.H.
PRELIMINARY LOCAL CLIMATOLOGICAL DATA (WS FORM: F-6) , PAGE 2
STATION: PAGE AZ AIRPORT
MONTH: JULY
YEAR: 2023
LATITUDE: 36 55 N
LONGITUDE: 111 27 W
[TEMPERATURE DATA] [PRECIPITATION DATA] SYMBOLS USED IN COLUMN 16
AVERAGE MONTHLY: 89.6 TOTAL FOR MONTH: 0.04 1 = FOG OR MIST
DPTR FM NORMAL: 4.3 DPTR FM NORMAL: -0.51 2 = FOG REDUCING VISIBILITY
HIGHEST: 110 ON 17 GRTST 24HR 0.03 ON 30-31 TO 1/4 MILE OR LESS
LOWEST: 69 ON 6 3 = THUNDER
SNOW, ICE PELLETS, HAIL 4 = ICE PELLETS
TOTAL MONTH: M 5 = HAIL
GRTST 24HR M ON M 6 = FREEZING RAIN OR DRIZZLE
GRTST DEPTH: M ON M 7 = DUSTSTORM OR SANDSTORM:
VSBY 1/2 MILE OR LESS
8 = SMOKE OR HAZE
[NO. OF DAYS WITH] [WEATHER - DAYS WITH] 9 = BLOWING SNOW
X = TORNADO
MAX 32 OR BELOW: 0 0.01 INCH OR MORE: 2
MAX 90 OR ABOVE: 31 0.10 INCH OR MORE: 0
MIN 32 OR BELOW: 0 0.50 INCH OR MORE: 0
MIN 0 OR BELOW: 0 1.00 INCH OR MORE: 0
[HDD (BASE 65) ]
TOTAL THIS MO. 0 CLEAR (SCALE 0-3) 31
DPTR FM NORMAL 0 PTCLDY (SCALE 4-7) 0
TOTAL FM JUL 1 0 CLOUDY (SCALE 8-10) 0
DPTR FM NORMAL 0
[CDD (BASE 65) ]
TOTAL THIS MO. 772
DPTR FM NORMAL 144 [PRESSURE DATA]
TOTAL FM JAN 1 1365 HIGHEST SLP M ON M
DPTR FM NORMAL 79 LOWEST SLP 29.57 ON 7
[REMARKS]
#FINAL-07-23#