000
CXUS56 KFGZ 010910
CF6PGA
PRELIMINARY LOCAL CLIMATOLOGICAL DATA (WS FORM: F-6)
STATION: PAGE AZ AIRPORT
MONTH: APRIL
YEAR: 2023
LATITUDE: 36 55 N
LONGITUDE: 111 27 W
TEMPERATURE IN F: :PCPN: SNOW: WIND :SUNSHINE: SKY :PK WND
================================================================================
1 2 3 4 5 6A 6B 7 8 9 10 11 12 13 14 15 16 17 18
12Z AVG MX 2MIN
DY MAX MIN AVG DEP HDD CDD WTR SNW DPTH SPD SPD DIR MIN PSBL S-S WX SPD DR
================================================================================
1 64 36 50 -6 15 0 0.00 M M 3.5 10 20 M M 0 8 14 350
2 72 42 57 1 8 0 0.00 M M 4.7 14 250 M M 0 20 290
3 69 38 54 -2 11 0 T M M 16.3 31 230 M M 2 50 240
4 44 33 39 -18 26 0 0.00 M M 11.9 24 270 M M 4 40 280
5 50 29 40 -17 25 0 0.00 M M 4.0 14 280 M M 0 19 280
6 56 31 44 -13 21 0 0.00 M M 4.7 17 50 M M 0 8 21 30
7 66 37 52 -5 13 0 0.00 M M 2.3 10 70 M M 0 14 60
8 72 45 59 1 6 0 0.00 M M 4.2 12 50 M M 0 14 40
9 75 48 62 4 3 0 0.00 M M 2.8 10 20 M M 0 14 30
10 79 49 64 6 1 0 0.00 M M 3.9 13 20 M M 0 8 18 20
11 88 51 70 12 0 5 0.00 M M 4.8 17 180 M M 0 26 190
12 81 55 68 10 0 3 0.00 M M 6.6 17 240 M M 0 30 260
13 70 56 63 4 2 0 T M M 8.7 18 240 M M 2 31 260
14 67 48 58 -1 7 0 T M M 8.3 21 270 M M 4 33 300
15 67 41 54 -5 11 0 0.00 M M 3.5 12 30 M M 0 16 70
16 76 43 60 1 5 0 0.00 M M 4.6 12 50 M M 0 15 10
17 80 51 66 6 0 1 0.00 M M 6.4 17 190 M M 0 25 190
18 77 60 69 9 0 4 0.00 M M 12.0 25 220 M M 0 40 240
19 63 48 56 -4 9 0 0.00 M M 9.2 18 300 M M 0 28 280
20 66 39 53 -7 12 0 0.00 M M 4.6 21 320 M M 0 31 320
21 76 42 59 -2 6 0 0.00 M M 5.8 17 260 M M 0 25 270
22 73 56 65 4 0 0 0.00 M M 9.0 16 10 M M 1 23 310
23 75 46 61 0 4 0 T M M 6.3 23 340 M M 2 8 33 310
24 77 50 64 2 1 0 0.04 M M 7.0 18 270 M M 3 8 27 260
25 68 52 60 -2 5 0 0.00 M M 11.3 22 340 M M 0 32 320
26 73 43 58 -4 7 0 0.00 M M 4.0 12 70 M M 0 15 80
27 82 51 67 5 0 2 0.00 M M 5.5 17 320 M M 0 26 300
28 75 56 66 3 0 1 0.00 M M 6.9 21 360 M M 0 8 25 10
29 85 50 68 5 0 3 0.00 M M 3.5 12 10 M M 0 14 60
30 91 57 74 11 0 9 0.00 M M 3.2 10 30 M M 0 18 30
================================================================================
SM 2157 1383 198 28 0.04 M 189.5 M 18
================================================================================
AV 71.9 46.1 6.3 FASTST M M 1 MAX(MPH)
MISC ----> 31 230 50 240
================================================================================
NOTES:
# LAST OF SEVERAL OCCURRENCES
COLUMN 17 PEAK WIND IN M.P.H.
PRELIMINARY LOCAL CLIMATOLOGICAL DATA (WS FORM: F-6) , PAGE 2
STATION: PAGE AZ AIRPORT
MONTH: APRIL
YEAR: 2023
LATITUDE: 36 55 N
LONGITUDE: 111 27 W
[TEMPERATURE DATA] [PRECIPITATION DATA] SYMBOLS USED IN COLUMN 16
AVERAGE MONTHLY: 59.0 TOTAL FOR MONTH: 0.04 1 = FOG OR MIST
DPTR FM NORMAL: -0.4 DPTR FM NORMAL: -0.32 2 = FOG REDUCING VISIBILITY
HIGHEST: 91 ON 30 GRTST 24HR 0.04 ON 23-24 TO 1/4 MILE OR LESS
LOWEST: 29 ON 5 3 = THUNDER
SNOW, ICE PELLETS, HAIL 4 = ICE PELLETS
TOTAL MONTH: M 5 = HAIL
GRTST 24HR M ON M 6 = FREEZING RAIN OR DRIZZLE
GRTST DEPTH: M ON M 7 = DUSTSTORM OR SANDSTORM:
VSBY 1/2 MILE OR LESS
8 = SMOKE OR HAZE
[NO. OF DAYS WITH] [WEATHER - DAYS WITH] 9 = BLOWING SNOW
X = TORNADO
MAX 32 OR BELOW: 0 0.01 INCH OR MORE: 1
MAX 90 OR ABOVE: 1 0.10 INCH OR MORE: 0
MIN 32 OR BELOW: 2 0.50 INCH OR MORE: 0
MIN 0 OR BELOW: 0 1.00 INCH OR MORE: 0
[HDD (BASE 65) ]
TOTAL THIS MO. 198 CLEAR (SCALE 0-3) 28
DPTR FM NORMAL 6 PTCLDY (SCALE 4-7) 2
TOTAL FM JUL 1 3998 CLOUDY (SCALE 8-10) 0
DPTR FM NORMAL 397
[CDD (BASE 65) ]
TOTAL THIS MO. 28
DPTR FM NORMAL 2 [PRESSURE DATA]
TOTAL FM JAN 1 28 HIGHEST SLP M ON M
DPTR FM NORMAL 0 LOWEST SLP 29.18 ON 3
[REMARKS]
#FINAL-04-23#