000
CXUS52 KTBW 020021
CF6PGD
PRELIMINARY LOCAL CLIMATOLOGICAL DATA (WS FORM: F-6)
STATION: PUNTA GORDA
MONTH: AUGUST
YEAR: 2022
LATITUDE: 26 55 N
LONGITUDE: 82 0 W
TEMPERATURE IN F: :PCPN: SNOW: WIND :SUNSHINE: SKY :PK WND
================================================================================
1 2 3 4 5 6A 6B 7 8 9 10 11 12 13 14 15 16 17 18
12Z AVG MX 2MIN
DY MAX MIN AVG DEP HDD CDD WTR SNW DPTH SPD SPD DIR MIN PSBL S-S WX SPD DR
================================================================================
1 97 74 86 2 0 21 0.23 0.0 0 5.2 28 110 M M 3 13 40 110
2 96 73 85 1 0 20 0.06 0.0 0 5.5 31 130 M M 2 3 39 130
3 94 75 85 1 0 20 0.05 0.0 0 4.3 22 330 M M 2 13 29 330
4 94 73 84 0 0 19 0.07 0.0 0 5.9 15 110 M M 2 13 21 110
5 94 74 84 0 0 19 1.56 0.0 0 7.6 29 30 M M 3 13 41 40
6 92 75 84 0 0 19 0.04 0.0 0 6.7 20 140 M M 2 3 26 130
7 94 75 85 1 0 20 0.19 0.0 0 7.4 24 60 M M 2 13 31 60
8 93 72 83 -1 0 18 0.88 0.0 0 7.5 26 200 M M 3 13 39 200
9 91 73 82 -2 0 17 0.08 0.0 0 6.3 18 190 M M 2 138 25 180
10 93 75 84 0 0 19 0.00 0.0 0 7.2 14 120 M M 2 1 20 160
11 93 75 84 0 0 19 0.00 0.0 0 4.9 16 30 M M 1 1 20 30
12 93 73 83 -1 0 18 T 0.0 0 5.0 14 50 M M 1 16 60
13 92 75 84 0 0 19 0.22 0.0 0 4.7 21 320 M M 3 13 29 330
14 92 74 83 -1 0 18 T 0.0 0 3.1 21 330 M M 1 3 28 330
15 90 75 83 -1 0 18 0.07 0.0 0 3.8 21 270 M M 1 13 27 260
16 92 75 84 0 0 19 0.05 0.0 0 5.7 17 250 M M 2 24 260
17 93 76 85 1 0 20 0.00 0.0 0 6.5 17 260 M M 2 24 280
18 92 76 84 0 0 19 0.74 0.0 0 6.9 21 60 M M 3 13 29 40
19 93 76 85 1 0 20 0.00 0.0 0 6.3 14 230 M M 1 19 230
20 96 75 86 2 0 21 T 0.0 0 5.4 14 100 M M 2 3 20 120
21 97 77 87 3 0 22 T 0.0 0 5.5 12 80 M M 2 21 120
22 96 74 85 2 0 20 0.45 0.0 0 4.8 25 160 M M 1 13 35 160
23 95 73 84 1 0 19 1.33 0.0 0 4.5 23 10 M M 1 13 32 30
24 95 73 84 1 0 19 1.34 0.0 0 4.1 39 130 M M M 123 54 130
25 94 75 85 2 0 20 0.02 0.0 0 5.7 21 90 M M 3 13 29 100
26 92 77 85 2 0 20 0.00 0.0 0 5.8 18 240 M M 1 3 24 240
27 92 76 84 1 0 19 0.00 0.0 0 4.3 15 40 M M 1 3 19 50
28 91 75 83 0 0 18 0.11 0.0 0 6.3 28 80 M M 1 13 36 70
29 93 75 84 1 0 19 0.03 0.0 0 4.4 13 130 M M M 13 17 130
30 92 76 84 1 0 19 0.52 0.0 0 6.9 23 150 M M M 13 32 150
31 92 75 84 1 0 19 0.19 0.0 0 4.9 21 150 M M M 18 27 150
================================================================================
SM 2893 2315 0 597 8.23 0.0 173.1 M 50
================================================================================
AV 93.3 74.7 5.6 FASTST M M 2 MAX(MPH)
MISC ----> 39 130 54 130
================================================================================
NOTES:
# LAST OF SEVERAL OCCURRENCES
COLUMN 17 PEAK WIND IN M.P.H.
PRELIMINARY LOCAL CLIMATOLOGICAL DATA (WS FORM: F-6) , PAGE 2
STATION: PUNTA GORDA
MONTH: AUGUST
YEAR: 2022
LATITUDE: 26 55 N
LONGITUDE: 82 0 W
[TEMPERATURE DATA] [PRECIPITATION DATA] SYMBOLS USED IN COLUMN 16
AVERAGE MONTHLY: 84.0 TOTAL FOR MONTH: 8.23 1 = FOG OR MIST
DPTR FM NORMAL: 0.5 DPTR FM NORMAL: -0.88 2 = FOG REDUCING VISIBILITY
HIGHEST: 97 ON 21, 1 GRTST 24HR 1.63 ON 4- 5 TO 1/4 MILE OR LESS
LOWEST: 72 ON 8 3 = THUNDER
SNOW, ICE PELLETS, HAIL 4 = ICE PELLETS
TOTAL MONTH: 0.0 INCH 5 = HAIL
GRTST 24HR 0.0 6 = FREEZING RAIN OR DRIZZLE
GRTST DEPTH: 0 7 = DUSTSTORM OR SANDSTORM:
VSBY 1/2 MILE OR LESS
8 = SMOKE OR HAZE
[NO. OF DAYS WITH] [WEATHER - DAYS WITH] 9 = BLOWING SNOW
X = TORNADO
MAX 32 OR BELOW: 0 0.01 INCH OR MORE: 21
MAX 90 OR ABOVE: 31 0.10 INCH OR MORE: 12
MIN 32 OR BELOW: 0 0.50 INCH OR MORE: 6
MIN 0 OR BELOW: 0 1.00 INCH OR MORE: 3
[HDD (BASE 65) ]
TOTAL THIS MO. 0 CLEAR (SCALE 0-3) 27
DPTR FM NORMAL 0 PTCLDY (SCALE 4-7) 0
TOTAL FM JUL 1 0 CLOUDY (SCALE 8-10) 4
DPTR FM NORMAL 0
[CDD (BASE 65) ]
TOTAL THIS MO. 597
DPTR FM NORMAL 23 [PRESSURE DATA]
TOTAL FM JAN 1 2839 HIGHEST SLP M ON M
DPTR FM NORMAL 249 LOWEST SLP 29.89 ON 27
[REMARKS]
#FINAL-08-22#