000
CXUS51 KPBZ 141250
CF6PHD
PRELIMINARY LOCAL CLIMATOLOGICAL DATA (WS FORM: F-6)
STATION: NEW PHILADELPHIA OH
MONTH: DECEMBER
YEAR: 2021
LATITUDE: 40 28 N
LONGITUDE: 81 25 W
TEMPERATURE IN F: :PCPN: SNOW: WIND :SUNSHINE: SKY :PK WND
================================================================================
1 2 3 4 5 6A 6B 7 8 9 10 11 12 13 14 15 16 17 18
12Z AVG MX 2MIN
DY MAX MIN AVG DEP HDD CDD WTR SNW DPTH SPD SPD DIR MIN PSBL S-S WX SPD DR
================================================================================
1 47 26 37 -1 28 0 0.13 M M 4.1 14 190 M M 6 12 19 190
2 57 39 48 10 17 0 0.00 M M 8.9 22 340 M M 7 1 32 260
3 41 35 38 1 27 0 T M M 1.4 6 40 M M 8 8 330
4 49 28 39 2 26 0 0.00 M M 2.5 13 310 M M 2 12 17 290
5 57 25 41 4 24 0 0.04 M M 6.1 18 190 M M 5 30 200
6 56 30 43 7 22 0 0.68 M M 9.8 23 290 M M 8 1 32 250
7 30 22 26 -10 39 0 0.00 M M 3.9 15 290 M M 4 22 290
8 31 22 27 -9 38 0 T M M 2.8 10 260 M M 9 18 15 250
9 41 18 30 -6 35 0 0.00 M M 4.9 16 130 M M 3 1 22 130
10 58 40 49 14 16 0 0.03 M M 4.6 10 150 M M 10 1 17 160
11 65 35 50 15 15 0 0.53 M M 13.8 32 240 M M 9 123 49 250
12 46 30 38 3 27 0 0.00 M M 5.0 15 250 M M 0 20 250
13 50 27 39 5 26 0 0.00 M M 3.9 13 240 M M 0 19 210
14 54 25 40 6 25 0 0.00 M M 1.9 9 160 M M 0 12 150
15 59 37 48 14 17 0 T M M 5.6 12 170 M M 8 16 190
16 62 46 54 20 11 0 0.04 M M 9.2 20 270 M M 6 1 30 250
17 46 28 37 4 28 0 0.05 M M 2.0 13 270 M M 2 1 22 250
18 53 36 45 12 20 0 0.45 M M 6.6 18 320 M M 10 1 28 330
19 36 32 34 1 31 0 0.00 M M 5.6 12 320 M M 10 17 300
20 41 23 32 -1 33 0 0.00 M M 3.0 10 170 M M 1 14 220
21 44 22 33 1 32 0 0.00 M M 4.8 12 160 M M 0 17 170
22 36 24 30 -2 35 0 0.00 M M 8.4 18 320 M M 6 26 270
23 46 19 33 1 32 0 0.00 M M 4.4 13 160 M M 6 22 170
24 58 44 51 19 14 0 0.00 M M 6.4 14 190 M M 9 22 170
25 59 44 52 20 13 0 0.67 M M 7.8 15 330 M M 10 1 22 230
26 50 35 43 12 22 0 0.00 M M 3.1 12 300 M M 5 14 300
27 55 35 45 14 20 0 0.45 M M 6.7 16 300 M M 7 1 23 290
28 49 38 44 13 21 0 0.63 M M 4.5 21 140 M M 8 1 27 130
29 50 40 45 14 20 0 0.00 M M 3.2 9 250 M M 10 1 12 250
30 49 41 45 15 20 0 0.08 M M 2.2 10 300 M M 10 1 13 250
31 56 47 52 22 13 0 T M M 4.1 9 120 M M 10 1 13 130
================================================================================
SM 1531 993 747 0 3.78 M 161.2 M 189
================================================================================
AV 49.4 32.0 5.2 FASTST M M 6 MAX(MPH)
MISC ----> 32 240 49 250
================================================================================
NOTES:
# LAST OF SEVERAL OCCURRENCES
COLUMN 17 PEAK WIND IN M.P.H.
PRELIMINARY LOCAL CLIMATOLOGICAL DATA (WS FORM: F-6) , PAGE 2
STATION: NEW PHILADELPHIA OH
MONTH: DECEMBER
YEAR: 2021
LATITUDE: 40 28 N
LONGITUDE: 81 25 W
[TEMPERATURE DATA] [PRECIPITATION DATA] SYMBOLS USED IN COLUMN 16
AVERAGE MONTHLY: 40.7 TOTAL FOR MONTH: 3.78 1 = FOG OR MIST
DPTR FM NORMAL: 6.9 DPTR FM NORMAL: 1.05 2 = FOG REDUCING VISIBILITY
HIGHEST: 65 ON 11 GRTST 24HR 0.72 ON 5- 6 TO 1/4 MILE OR LESS
LOWEST: 18 ON 9 3 = THUNDER
SNOW, ICE PELLETS, HAIL 4 = ICE PELLETS
TOTAL MONTH: M 5 = HAIL
GRTST 24HR M ON M 6 = FREEZING RAIN OR DRIZZLE
GRTST DEPTH: M ON M 7 = DUSTSTORM OR SANDSTORM:
VSBY 1/2 MILE OR LESS
8 = SMOKE OR HAZE
[NO. OF DAYS WITH] [WEATHER - DAYS WITH] 9 = BLOWING SNOW
X = TORNADO
MAX 32 OR BELOW: 2 0.01 INCH OR MORE: 12
MAX 90 OR ABOVE: 0 0.10 INCH OR MORE: 7
MIN 32 OR BELOW: 16 0.50 INCH OR MORE: 4
MIN 0 OR BELOW: 0 1.00 INCH OR MORE: 0
[HDD (BASE 65) ]
TOTAL THIS MO. 747 CLEAR (SCALE 0-3) 8
DPTR FM NORMAL -220 PTCLDY (SCALE 4-7) 12
TOTAL FM JUL 1 1694 CLOUDY (SCALE 8-10) 11
DPTR FM NORMAL -421
[CDD (BASE 65) ]
TOTAL THIS MO. 0
DPTR FM NORMAL 0 [PRESSURE DATA]
TOTAL FM JAN 1 996 HIGHEST SLP M ON M
DPTR FM NORMAL 216 LOWEST SLP 29.39 ON 11
[REMARKS]
#FINAL-12-21#