000
CXUS53 KILX 012300
CF6PIA
PRELIMINARY LOCAL CLIMATOLOGICAL DATA (WS FORM: F-6)
STATION: PEORIA IL
MONTH: MAY
YEAR: 2020
LATITUDE: 40 40 N
LONGITUDE: 89 41 W
TEMPERATURE IN F: :PCPN: SNOW: WIND :SUNSHINE: SKY :PK WND
================================================================================
1 2 3 4 5 6A 6B 7 8 9 10 11 12 13 14 15 16 17 18
12Z AVG MX 2MIN
DY MAX MIN AVG DEP HDD CDD WTR SNW DPTH SPD SPD DIR MIN PSBL S-S WX SPD DR
================================================================================
1 69 41 55 -3 10 0 0.00 0.0 0 8.1 15 180 M M 2 21 210
2 80 54 67 9 0 2 T 0.0 0 6.6 15 180 M M 1 23 280
3 69 54 62 4 3 0 0.08 0.0 0 5.4 13 170 M M 3 3 17 60
4 58 44 51 -8 14 0 0.19 0.0 0 11.8 24 100 M M 4 1 33 100
5 48 42 45 -14 20 0 0.32 0.0 0 8.7 17 50 M M 10 1 25 50
6 64 40 52 -7 13 0 T 0.0 0 6.4 15 300 M M 6 1 23 300
7 67 45 56 -4 9 0 T 0.0 0 8.8 20 260 M M 3 29 280
8 54 37 46 -14 19 0 T 0.0 0 8.2 18 20 M M 2 31 30
9 61 30 46 -14 19 0 0.00 0.0 0 6.6 17 230 M M 0 24 220
10 53 41 47 -14 18 0 0.05 0.0 0 12.2 26 300 M M 9 42 300
11 52 38 45 -16 20 0 0.00 0.0 0 5.6 14 300 M M 9 22 290
12 63 34 49 -12 16 0 0.00 0.0 0 6.2 17 230 M M 1 31 260
13 58 41 50 -12 15 0 0.00 0.0 0 10.4 20 160 M M 7 1 29 160
14 76 53 65 3 0 0 0.55 0.0 0 11.8 21 300 M M 7 123 29 310
15 76 59 68 6 0 3 0.43 0.0 0 4.9 14 170 M M 6 13 23 190
16 77 56 67 5 0 2 0.36 0.0 0 8.1 15 80 M M 8 12 21 80
17 69 57 63 0 2 0 0.96 0.0 0 9.8 18 200 M M 10 1 25 190
18 61 56 59 -4 6 0 0.09 0.0 0 6.8 13 300 M M 10 1 18 310
19 64 55 60 -3 5 0 T 0.0 0 9.2 21 80 M M 10 1 30 80
20 62 56 59 -5 6 0 T 0.0 0 10.9 17 70 M M 10 1 25 60
21 64 53 59 -5 6 0 0.00 0.0 0 6.6 13 70 M M 9 17 70
22 74 54 64 0 1 0 0.00 0.0 0 5.0 12 110 M M 9 18 140
23 82 63 73 9 0 8 0.14 0.0 0 9.0 24 210 M M 3 138 32 220
24 88 60 74 9 0 9 0.00 0.0 0 5.4 16 180 M M 0 1 23 180
25 84 67 76 11 0 11 1.94 0.0 0 8.6 28 70 M M 4 13 42 180
26 86 66 76 10 0 11 T 0.0 0 10.0 22 200 M M 1 3 29 170
27 83 67 75 9 0 10 T 0.0 0 8.2 20 170 M M 4 28 160
28 81 66 74 8 0 9 0.04 0.0 0 7.8 23 190 M M 8 3 28 190
29 74 54 64 -2 1 0 T 0.0 0 7.2 18 300 M M 3 32 300
30 75 52 64 -3 1 0 0.00 0.0 0 5.1 12 300 M M 1 20 280
31 76 52 64 -3 1 0 0.00 0.0 0 4.7 16 70 M M 0 20 70
================================================================================
SM 2148 1587 205 65 5.15 0.0 244.1 M 160
================================================================================
AV 69.3 51.2 7.9 FASTST M M 5 MAX(MPH)
MISC ----> # 28 70 # 42 300
================================================================================
NOTES:
# LAST OF SEVERAL OCCURRENCES
COLUMN 17 PEAK WIND IN M.P.H.
PRELIMINARY LOCAL CLIMATOLOGICAL DATA (WS FORM: F-6) , PAGE 2
STATION: PEORIA IL
MONTH: MAY
YEAR: 2020
LATITUDE: 40 40 N
LONGITUDE: 89 41 W
[TEMPERATURE DATA] [PRECIPITATION DATA] SYMBOLS USED IN COLUMN 16
AVERAGE MONTHLY: 60.2 TOTAL FOR MONTH: 5.15 1 = FOG OR MIST
DPTR FM NORMAL: -2.2 DPTR FM NORMAL: 0.82 2 = FOG REDUCING VISIBILITY
HIGHEST: 88 ON 24 GRTST 24HR 1.94 ON 25-25 TO 1/4 MILE OR LESS
LOWEST: 30 ON 9 3 = THUNDER
SNOW, ICE PELLETS, HAIL 4 = ICE PELLETS
TOTAL MONTH: 0.0 INCH 5 = HAIL
GRTST 24HR 0.0 6 = FREEZING RAIN OR DRIZZLE
GRTST DEPTH: 0 7 = DUSTSTORM OR SANDSTORM:
VSBY 1/2 MILE OR LESS
8 = SMOKE OR HAZE
[NO. OF DAYS WITH] [WEATHER - DAYS WITH] 9 = BLOWING SNOW
X = TORNADO
MAX 32 OR BELOW: 0 0.01 INCH OR MORE: 12
MAX 90 OR ABOVE: 0 0.10 INCH OR MORE: 8
MIN 32 OR BELOW: 1 0.50 INCH OR MORE: 3
MIN 0 OR BELOW: 0 1.00 INCH OR MORE: 1
[HDD (BASE 65) ]
TOTAL THIS MO. 205 CLEAR (SCALE 0-3) 13
DPTR FM NORMAL 57 PTCLDY (SCALE 4-7) 8
TOTAL FM JUL 1 5597 CLOUDY (SCALE 8-10) 10
DPTR FM NORMAL -216
[CDD (BASE 65) ]
TOTAL THIS MO. 65
DPTR FM NORMAL -2 [PRESSURE DATA]
TOTAL FM JAN 1 68 HIGHEST SLP 30.34 ON 31
DPTR FM NORMAL -13 LOWEST SLP 29.67 ON 18
[REMARKS]
#FINAL-05-20#