000
CXUS52 KTBW 031231
CF6PIE
PRELIMINARY LOCAL CLIMATOLOGICAL DATA (WS FORM: F-6)
STATION: ST PETERSBURG CLEARWATER
MONTH: JULY
YEAR: 2023
LATITUDE: 27 55 N
LONGITUDE: 82 41 W
TEMPERATURE IN F: :PCPN: SNOW: WIND :SUNSHINE: SKY :PK WND
================================================================================
1 2 3 4 5 6A 6B 7 8 9 10 11 12 13 14 15 16 17 18
12Z AVG MX 2MIN
DY MAX MIN AVG DEP HDD CDD WTR SNW DPTH SPD SPD DIR MIN PSBL S-S WX SPD DR
================================================================================
1 94 75 85 2 0 20 0.00 0.0 0 5.9 14 120 M M 0 19 110
2 94 80 87 4 0 22 T 0.0 0 6.5 17 230 M M 2 3 21 230
3 93 78 86 3 0 21 0.01 0.0 0 5.3 22 130 M M 2 3 26 120
4 97 77 87 4 0 22 0.00 0.0 0 5.3 14 320 M M 0 19 320
5 96 82 89 6 0 24 0.00 0.0 0 6.1 20 140 M M 0 38 25 130
6 94 79 87 4 0 22 0.00 0.0 0 7.9 17 320 M M 1 23 320
7 94 82 88 5 0 23 0.00 0.0 0 8.9 20 260 M M 3 3 28 260
8 90 78 84 1 0 19 0.17 0.0 0 8.9 22 280 M M 2 138 29 280
9 93 80 87 4 0 22 0.00 0.0 0 8.8 16 280 M M 2 23 300
10 92 82 87 4 0 22 1.03 0.0 0 9.5 30 320 M M 3 138 45 330
11 91 79 85 2 0 20 0.05 0.0 0 7.0 18 350 M M 2 13 26 240
12 93 79 86 3 0 21 0.00 0.0 0 4.6 13 270 M M 1 19 280
13 93 79 86 3 0 21 0.02 0.0 0 4.9 13 310 M M 2 3 17 340
14 94 79 87 4 0 22 0.00 0.0 0 4.8 15 290 M M 1 21 290
15 93 79 86 3 0 21 0.00 0.0 0 5.6 15 280 M M 2 21 250
16 93 80 87 4 0 22 0.00 0.0 0 6.6 16 270 M M 2 3 22 280
17 94 82 88 5 0 23 0.00 0.0 0 7.5 15 150 M M 3 3 24 290
18 93 76 85 2 0 20 0.20 0.0 0 4.5 21 170 M M 3 3 31 180
19 96 77 87 4 0 22 0.39 0.0 0 6.2 25 300 M M 1 3 33 290
20 94 78 86 3 0 21 0.00 0.0 0 4.5 12 300 M M 1 17 330
21 95 79 87 4 0 22 0.00 0.0 0 6.0 15 300 M M 1 21 320
22 94 78 86 3 0 21 0.07 0.0 0 9.0 22 280 M M 2 3 28 290
23 93 79 86 3 0 21 0.12 0.0 0 7.9 29 320 M M 2 138 41 320
24 89 77 83 0 0 18 0.15 0.0 0 5.1 39 280 M M 2 3 53 270
25 93 77 85 2 0 20 0.00 0.0 0 5.8 15 330 M M 1 21 270
26 94 76 85 2 0 20 0.23 0.0 0 4.7 33 230 M M 1 138 48 230
27 92 76 84 1 0 19 0.35 0.0 0 3.5 23 20 M M 1 13 36 20
28 96 77 87 4 0 22 0.79 0.0 0 4.4 18 190 M M 3 13 23 160
29 93 77 85 2 0 20 0.01 0.0 0 3.8 17 350 M M 1 3 24 350
30 95 79 87 3 0 22 0.00 0.0 0 4.7 14 280 M M 1 3 19 210
31 90 75 83 -1 0 18 2.15 0.0 0 5.8 25 170 M M 3 13 40 170
================================================================================
SM 2895 2431 0 653 5.74 0.0 190.0 M 51
================================================================================
AV 93.4 78.4 6.1 FASTST M M 2 MAX(MPH)
MISC ----> 39 280 53 270
================================================================================
NOTES:
# LAST OF SEVERAL OCCURRENCES
COLUMN 17 PEAK WIND IN M.P.H.
PRELIMINARY LOCAL CLIMATOLOGICAL DATA (WS FORM: F-6) , PAGE 2
STATION: ST PETERSBURG CLEARWATER
MONTH: JULY
YEAR: 2023
LATITUDE: 27 55 N
LONGITUDE: 82 41 W
[TEMPERATURE DATA] [PRECIPITATION DATA] SYMBOLS USED IN COLUMN 16
AVERAGE MONTHLY: 85.9 TOTAL FOR MONTH: 5.74 1 = FOG OR MIST
DPTR FM NORMAL: 2.8 DPTR FM NORMAL: -3.99 2 = FOG REDUCING VISIBILITY
HIGHEST: 97 ON 4 GRTST 24HR 2.15 ON 31-31 TO 1/4 MILE OR LESS
LOWEST: 75 ON 31, 1 3 = THUNDER
SNOW, ICE PELLETS, HAIL 4 = ICE PELLETS
TOTAL MONTH: 0.0 INCH 5 = HAIL
GRTST 24HR 0.0 6 = FREEZING RAIN OR DRIZZLE
GRTST DEPTH: 0 7 = DUSTSTORM OR SANDSTORM:
VSBY 1/2 MILE OR LESS
8 = SMOKE OR HAZE
[NO. OF DAYS WITH] [WEATHER - DAYS WITH] 9 = BLOWING SNOW
X = TORNADO
MAX 32 OR BELOW: 0 0.01 INCH OR MORE: 15
MAX 90 OR ABOVE: 30 0.10 INCH OR MORE: 10
MIN 32 OR BELOW: 0 0.50 INCH OR MORE: 3
MIN 0 OR BELOW: 0 1.00 INCH OR MORE: 2
[HDD (BASE 65) ]
TOTAL THIS MO. 0 CLEAR (SCALE 0-3) 29
DPTR FM NORMAL 0 PTCLDY (SCALE 4-7) 2
TOTAL FM JUL 1 0 CLOUDY (SCALE 8-10) 0
DPTR FM NORMAL 0
[CDD (BASE 65) ]
TOTAL THIS MO. 653
DPTR FM NORMAL 92 [PRESSURE DATA]
TOTAL FM JAN 1 2424 HIGHEST SLP 30.16 ON 25
DPTR FM NORMAL 424 LOWEST SLP 29.91 ON 1
[REMARKS]
#FINAL-07-23#