000
CXUS52 KTBW 021826
CF6PIE
PRELIMINARY LOCAL CLIMATOLOGICAL DATA (WS FORM: F-6)
STATION: ST PETERSBURG CLEARWATER
MONTH: MAY
YEAR: 2021
LATITUDE: 27 55 N
LONGITUDE: 82 41 W
TEMPERATURE IN F: :PCPN: SNOW: WIND :SUNSHINE: SKY :PK WND
================================================================================
1 2 3 4 5 6A 6B 7 8 9 10 11 12 13 14 15 16 17 18
12Z AVG MX 2MIN
DY MAX MIN AVG DEP HDD CDD WTR SNW DPTH SPD SPD DIR MIN PSBL S-S WX SPD DR
================================================================================
1 89 73 81 5 0 16 0.00 0.0 0 7.2 14 280 M M 2 19 250
2 88 71 80 4 0 15 0.00 0.0 0 8.4 18 220 M M 2 24 200
3 92 75 84 8 0 19 0.00 0.0 0 9.7 20 190 M M 0 1 24 190
4 93 74 84 8 0 19 0.00 0.0 0 9.8 21 200 M M 1 1 25 200
5 91 74 83 6 0 18 0.00 0.0 0 6.9 16 230 M M 2 1 21 240
6 89 76 83 6 0 18 0.00 0.0 0 7.3 17 260 M M 4 22 300
7 85 72 79 2 0 14 0.00 0.0 0 12.3 23 320 M M 0 8 30 320
8 87 69 78 1 0 13 0.00 0.0 0 9.6 17 330 M M 0 24 40
9 92 70 81 4 0 16 0.00 0.0 0 10.4 20 120 M M 0 25 120
10 91 72 82 4 0 17 0.00 0.0 0 8.2 16 230 M M 1 23 230
11 92 74 83 5 0 18 0.00 0.0 0 6.2 14 290 M M 1 1 18 260
12 91 74 83 5 0 18 0.00 0.0 0 7.4 17 280 M M 0 20 280
13 81 71 76 -2 0 11 0.01 0.0 0 8.9 15 20 M M 4 22 40
14 88 67 78 0 0 13 0.00 0.0 0 10.2 21 60 M M 3 28 60
15 88 69 79 1 0 14 0.00 0.0 0 11.6 22 60 M M 1 28 70
16 87 70 79 1 0 14 0.00 0.0 0 9.8 18 90 M M 0 24 90
17 89 70 80 1 0 15 0.00 0.0 0 10.0 20 100 M M 1 26 110
18 90 72 81 2 0 16 0.00 0.0 0 12.4 22 100 M M 0 28 100
19 91 72 82 3 0 17 0.00 0.0 0 14.3 24 110 M M 1 33 110
20 89 73 81 2 0 16 0.00 0.0 0 13.8 22 100 M M 2 32 100
21 90 72 81 2 0 16 0.00 0.0 0 13.3 22 70 M M 2 29 70
22 90 71 81 1 0 16 0.00 0.0 0 12.0 17 90 M M 1 24 100
23 88 70 79 -1 0 14 0.00 0.0 0 9.0 18 330 M M 0 22 330
24 89 66 78 -2 0 13 0.00 0.0 0 7.7 15 120 M M 0 27 330
25 92 72 82 2 0 17 0.00 0.0 0 8.6 15 280 M M 0 19 300
26 90 72 81 1 0 16 0.00 0.0 0 8.1 16 290 M M 1 2 20 250
27 90 71 81 1 0 16 0.00 0.0 0 6.6 16 290 M M 0 26 300
28 89 72 81 1 0 16 0.00 0.0 0 5.4 18 270 M M 2 22 230
29 88 72 80 0 0 15 0.00 0.0 0 7.7 16 240 M M 2 22 230
30 91 74 83 2 0 18 T 0.0 0 5.1 25 110 M M 2 3 29 110
31 93 72 83 2 0 18 T 0.0 0 8.3 24 310 M M 2 3 29 110
================================================================================
SM 2773 2222 0 492 0.01 0.0 286.2 M 37
================================================================================
AV 89.5 71.7 9.2 FASTST M M 1 MAX(MPH)
MISC ----> 25 110 33 110
================================================================================
NOTES:
# LAST OF SEVERAL OCCURRENCES
COLUMN 17 PEAK WIND IN M.P.H.
PRELIMINARY LOCAL CLIMATOLOGICAL DATA (WS FORM: F-6) , PAGE 2
STATION: ST PETERSBURG CLEARWATER
MONTH: MAY
YEAR: 2021
LATITUDE: 27 55 N
LONGITUDE: 82 41 W
[TEMPERATURE DATA] [PRECIPITATION DATA] SYMBOLS USED IN COLUMN 16
AVERAGE MONTHLY: 80.6 TOTAL FOR MONTH: 0.01 1 = FOG OR MIST
DPTR FM NORMAL: 2.2 DPTR FM NORMAL: -2.72 2 = FOG REDUCING VISIBILITY
HIGHEST: 93 ON 31, 4 GRTST 24HR 0.01 ON 13-13 TO 1/4 MILE OR LESS
LOWEST: 66 ON 24 3 = THUNDER
SNOW, ICE PELLETS, HAIL 4 = ICE PELLETS
TOTAL MONTH: 0.0 INCH 5 = HAIL
GRTST 24HR 0.0 6 = FREEZING RAIN OR DRIZZLE
GRTST DEPTH: 0 7 = DUSTSTORM OR SANDSTORM:
VSBY 1/2 MILE OR LESS
8 = SMOKE OR HAZE
[NO. OF DAYS WITH] [WEATHER - DAYS WITH] 9 = BLOWING SNOW
X = TORNADO
MAX 32 OR BELOW: 0 0.01 INCH OR MORE: 1
MAX 90 OR ABOVE: 16 0.10 INCH OR MORE: 0
MIN 32 OR BELOW: 0 0.50 INCH OR MORE: 0
MIN 0 OR BELOW: 0 1.00 INCH OR MORE: 0
[HDD (BASE 65) ]
TOTAL THIS MO. 0 CLEAR (SCALE 0-3) 29
DPTR FM NORMAL 0 PTCLDY (SCALE 4-7) 2
TOTAL FM JUL 1 335 CLOUDY (SCALE 8-10) 0
DPTR FM NORMAL -111
[CDD (BASE 65) ]
TOTAL THIS MO. 492
DPTR FM NORMAL 75 [PRESSURE DATA]
TOTAL FM JAN 1 1163 HIGHEST SLP 30.27 ON 22
DPTR FM NORMAL 237 LOWEST SLP 29.89 ON 29
[REMARKS]
#FINAL-05-21#