000
CXUS52 KTBW 061144
CF6PIE
PRELIMINARY LOCAL CLIMATOLOGICAL DATA (WS FORM: F-6)
STATION: ST PETERSBURG CLEARWATER
MONTH: DECEMBER
YEAR: 2023
LATITUDE: 27 55 N
LONGITUDE: 82 41 W
TEMPERATURE IN F: :PCPN: SNOW: WIND :SUNSHINE: SKY :PK WND
================================================================================
1 2 3 4 5 6A 6B 7 8 9 10 11 12 13 14 15 16 17 18
12Z AVG MX 2MIN
DY MAX MIN AVG DEP HDD CDD WTR SNW DPTH SPD SPD DIR MIN PSBL S-S WX SPD DR
================================================================================
1 82 60 71 5 0 6 0.00 0.0 0 4.7 14 180 M M 1 20 140
2 84 67 76 10 0 11 0.00 0.0 0 9.0 22 200 M M 5 18 28 190
3 83 69 76 10 0 11 0.16 0.0 0 6.9 15 240 M M 6 12 25 250
4 81 61 71 5 0 6 0.01 0.0 0 6.5 17 320 M M 2 12 24 330
5 73 58 66 0 0 1 0.00 0.0 0 4.8 15 320 M M 0 18 310
6 65 56 61 -5 4 0 0.00 0.0 0 12.3 23 330 M M 0 34 340
7 70 48 59 -7 6 0 0.00 0.0 0 6.2 13 20 M M 0 18 20
8 76 58 67 1 0 2 0.00 0.0 0 5.7 14 130 M M 0 19 110
9 83 63 73 8 0 8 0.00 0.0 0 5.6 15 170 M M 1 20 130
10 82 63 73 8 0 8 0.28 0.0 0 12.9 28 310 M M 3 13 38 180
11 63 52 58 -7 7 0 0.00 0.0 0 12.3 25 330 M M 1 8 36 340
12 70 51 61 -4 4 0 0.00 0.0 0 10.0 16 30 M M 0 24 20
13 72 60 66 1 0 1 0.00 0.0 0 11.2 17 50 M M 1 29 50
14 72 62 67 2 0 2 0.00 0.0 0 12.5 25 70 M M 2 38 70
15 73 63 68 3 0 3 0.00 0.0 0 13.0 21 80 M M 0 36 80
16 69 64 67 3 0 2 1.18 0.0 0 12.1 21 100 M M 8 1 34 100
17 74 63 69 5 0 4 0.44 0.0 0 20.0 35 330 M M 9 1 47 170
18 64 57 61 -3 4 0 0.00 0.0 0 13.2 23 320 M M 3 29 310
19 62 50 56 -8 9 0 0.00 0.0 0 11.3 18 50 M M 0 29 40
20 67 49 58 -6 7 0 0.00 0.0 0 8.8 15 70 M M 1 23 50
21 72 57 65 1 0 0 0.00 0.0 0 8.8 15 70 M M 5 22 70
22 72 58 65 1 0 0 0.00 0.0 0 6.6 13 70 M M 1 20 70
23 76 60 68 5 0 3 0.00 0.0 0 6.8 13 70 M M 3 19 60
24 72 60 66 3 0 1 0.00 0.0 0 7.6 13 100 M M 0 22 110
25 74 64 69 6 0 4 0.21 0.0 0 10.1 24 130 M M 6 1 33 130
26 75 60 68 5 0 3 0.00 0.0 0 5.1 14 340 M M 7 12 19 300
27 69 58 64 1 1 0 0.05 0.0 0 6.7 14 340 M M 6 18 330
28 66 53 60 -3 5 0 0.47 0.0 0 4.6 16 130 M M 7 1 23 130
29 61 48 55 -8 10 0 T 0.0 0 8.7 18 340 M M 6 1 25 330
30 63 48 56 -6 9 0 0.00 0.0 0 4.2 12 110 M M 2 15 110
31 68 47 58 -4 7 0 0.00 0.0 0 3.7 12 270 M M 2 18 16 290
================================================================================
SM 2233 1787 73 76 2.80 0.0 271.9 M 88
================================================================================
AV 72.0 57.6 8.8 FASTST M M 3 MAX(MPH)
MISC ----> 35 330 47 170
================================================================================
NOTES:
# LAST OF SEVERAL OCCURRENCES
COLUMN 17 PEAK WIND IN M.P.H.
PRELIMINARY LOCAL CLIMATOLOGICAL DATA (WS FORM: F-6) , PAGE 2
STATION: ST PETERSBURG CLEARWATER
MONTH: DECEMBER
YEAR: 2023
LATITUDE: 27 55 N
LONGITUDE: 82 41 W
[TEMPERATURE DATA] [PRECIPITATION DATA] SYMBOLS USED IN COLUMN 16
AVERAGE MONTHLY: 64.8 TOTAL FOR MONTH: 2.80 1 = FOG OR MIST
DPTR FM NORMAL: 0.4 DPTR FM NORMAL: -0.14 2 = FOG REDUCING VISIBILITY
HIGHEST: 84 ON 2 GRTST 24HR 1.58 ON 16-17 TO 1/4 MILE OR LESS
LOWEST: 47 ON 31 3 = THUNDER
SNOW, ICE PELLETS, HAIL 4 = ICE PELLETS
TOTAL MONTH: 0.0 INCH 5 = HAIL
GRTST 24HR 0.0 6 = FREEZING RAIN OR DRIZZLE
GRTST DEPTH: 0 7 = DUSTSTORM OR SANDSTORM:
VSBY 1/2 MILE OR LESS
8 = SMOKE OR HAZE
[NO. OF DAYS WITH] [WEATHER - DAYS WITH] 9 = BLOWING SNOW
X = TORNADO
MAX 32 OR BELOW: 0 0.01 INCH OR MORE: 8
MAX 90 OR ABOVE: 0 0.10 INCH OR MORE: 6
MIN 32 OR BELOW: 0 0.50 INCH OR MORE: 1
MIN 0 OR BELOW: 0 1.00 INCH OR MORE: 1
[HDD (BASE 65) ]
TOTAL THIS MO. 73 CLEAR (SCALE 0-3) 21
DPTR FM NORMAL -36 PTCLDY (SCALE 4-7) 8
TOTAL FM JUL 1 94 CLOUDY (SCALE 8-10) 2
DPTR FM NORMAL -51
[CDD (BASE 65) ]
TOTAL THIS MO. 76
DPTR FM NORMAL -15 [PRESSURE DATA]
TOTAL FM JAN 1 4220 HIGHEST SLP 30.37 ON 14
DPTR FM NORMAL 518 LOWEST SLP 29.44 ON 17
[REMARKS]
#FINAL-12-23#