000
CXUS54 KBRO 010800
CF6PIL
PRELIMINARY LOCAL CLIMATOLOGICAL DATA (WS FORM: F-6)
STATION: BAYVIEW
MONTH: APRIL
YEAR: 2023
LATITUDE: 26 10 N
LONGITUDE: 97 20 W
TEMPERATURE IN F: :PCPN: SNOW: WIND :SUNSHINE: SKY :PK WND
================================================================================
1 2 3 4 5 6A 6B 7 8 9 10 11 12 13 14 15 16 17 18
12Z AVG MX 2MIN
DY MAX MIN AVG DEP HDD CDD WTR SNW DPTH SPD SPD DIR MIN PSBL S-S WX SPD DR
================================================================================
1 83 72 78 5 0 13 0.00 0.0 0 9.9 20 80 M M 7 1 26 80
2 86 74 80 7 0 15 0.00 0.0 0 14.9 24 150 M M 7 1 33 160
3 88 75 82 9 0 17 0.00 0.0 0 16.3 28 160 M M 6 37 160
4 88 75 82 9 0 17 T 0.0 0 20.4 33 170 M M 6 49 200
5 85 69 77 3 0 12 0.09 0.0 0 13.1 23 160 M M 10 1 32 160
6 71 58 65 -9 0 0 0.08 0.0 M 15.5 24 320 0 M 10 1 29 310
7 66 58 62 -12 3 0 1.35 0.0 0 12.2 24 20 M M 10 13 32 30
8 69 58 64 -10 1 0 0.00 0.0 0 11.0 17 10 M M 10 1 22 360
9 79 66 73 -1 0 8 0.00 0.0 0 8.4 18 60 M M 9 25 40
10 80 67 74 0 0 9 0.26 0.0 0 10.0 23 10 M M 7 13 31 10
11 77 65 71 -3 0 6 T 0.0 0 10.2 21 40 M M 2 29 20
12 78 59 69 -6 0 4 0.00 0.0 0 9.0 17 40 M M 1 25 50
13 79 58 69 -6 0 4 0.00 0.0 0 9.5 20 140 M M 1 1 26 100
14 85 71 78 3 0 13 0.00 0.0 0 13.9 25 160 M M 4 34 160
15 93 73 83 8 0 18 0.00 0.0 0 9.3 22 110 M M 3 18 30 110
16 80 65 73 -2 0 8 T 0.0 0 13.3 25 50 M M 2 12 36 50
17 79 55 67 -9 0 2 0.00 0.0 0 12.3 25 120 M M 0 31 120
18 80 72 76 0 0 11 T 0.0 0 15.2 24 130 M M 4 1 32 130
19 84 72 78 2 0 13 T 0.0 0 15.1 25 140 M M 8 33 140
20 85 75 80 4 0 15 T 0.0 0 13.6 24 130 M M 10 32 120
21 85 72 79 3 0 14 T 0.0 0 7.1 15 160 M M 7 13 19 100
22 82 73 78 2 0 13 0.00 0.0 0 13.7 22 120 M M 5 29 120
23 83 65 74 -2 0 9 1.32 0.0 0 18.5 46 10 M M 8 13 68 30
24 75 62 69 -8 0 4 T 0.0 0 13.3 21 10 M M 9 27 360
25 81 67 74 -3 0 9 0.02 0.0 0 7.6 17 90 M M 6 1 22 90
26 86 72 79 2 0 14 0.00 0.0 0 9.9 22 130 M M 4 1 30 150
27 83 72 78 1 0 13 0.03 0.0 0 7.8 18 90 M M 6 13 26 60
28 85 70 78 1 0 13 0.23 0.0 0 9.6 26 10 M M 7 13 33 360
29 82 59 71 -7 0 6 0.86 0.0 0 17.6 45 320 M M 2 13 62 310
30 88 57 73 -5 0 8 0.00 0.0 M 7.0 14 110 M M 0 18 240
================================================================================
SM 2445 2006 4 288 4.24 0.0 365.2 0 171
================================================================================
AV 81.5 66.9 12.2 FASTST 0 M 6 MAX(MPH)
MISC ----> 46 10 68 30
================================================================================
NOTES:
# LAST OF SEVERAL OCCURRENCES
COLUMN 17 PEAK WIND IN M.P.H.
PRELIMINARY LOCAL CLIMATOLOGICAL DATA (WS FORM: F-6) , PAGE 2
STATION: BAYVIEW
MONTH: APRIL
YEAR: 2023
LATITUDE: 26 10 N
LONGITUDE: 97 20 W
[TEMPERATURE DATA] [PRECIPITATION DATA] SYMBOLS USED IN COLUMN 16
AVERAGE MONTHLY: 74.2 TOTAL FOR MONTH: 4.24 1 = FOG OR MIST
DPTR FM NORMAL: -1.0 DPTR FM NORMAL: 2.96 2 = FOG REDUCING VISIBILITY
HIGHEST: 93 ON 15 GRTST 24HR 1.37 ON 6- 7 TO 1/4 MILE OR LESS
LOWEST: 55 ON 17 3 = THUNDER
SNOW, ICE PELLETS, HAIL 4 = ICE PELLETS
TOTAL MONTH: 0.0 INCH 5 = HAIL
GRTST 24HR 0.0 6 = FREEZING RAIN OR DRIZZLE
GRTST DEPTH: 0 7 = DUSTSTORM OR SANDSTORM:
VSBY 1/2 MILE OR LESS
8 = SMOKE OR HAZE
[NO. OF DAYS WITH] [WEATHER - DAYS WITH] 9 = BLOWING SNOW
X = TORNADO
MAX 32 OR BELOW: 0 0.01 INCH OR MORE: 9
MAX 90 OR ABOVE: 1 0.10 INCH OR MORE: 5
MIN 32 OR BELOW: 0 0.50 INCH OR MORE: 3
MIN 0 OR BELOW: 0 1.00 INCH OR MORE: 2
[HDD (BASE 65) ]
TOTAL THIS MO. 4 CLEAR (SCALE 0-3) 8
DPTR FM NORMAL -3 PTCLDY (SCALE 4-7) 14
TOTAL FM JUL 1 411 CLOUDY (SCALE 8-10) 8
DPTR FM NORMAL -108
[CDD (BASE 65) ]
TOTAL THIS MO. 288
DPTR FM NORMAL -26 [PRESSURE DATA]
TOTAL FM JAN 1 878 HIGHEST SLP M ON M
DPTR FM NORMAL 224 LOWEST SLP 29.57 ON 4
[REMARKS]
#FINAL-04-23#