000
CXUS53 KABR 012159
CF6PIR
PRELIMINARY LOCAL CLIMATOLOGICAL DATA (WS FORM: F-6)
STATION: PIERRE SD
MONTH: MARCH
YEAR: 2023
LATITUDE: 44 22 N
LONGITUDE: 100 17 W
TEMPERATURE IN F: :PCPN: SNOW: WIND :SUNSHINE: SKY :PK WND
================================================================================
1 2 3 4 5 6A 6B 7 8 9 10 11 12 13 14 15 16 17 18
12Z AVG MX 2MIN
DY MAX MIN AVG DEP HDD CDD WTR SNW DPTH SPD SPD DIR MIN PSBL S-S WX SPD DR
================================================================================
1 35 11 23 -5 42 0 0.04 0.5 10 15.8 37 300 M M 9 1 48 300
2 40 11 26 -2 39 0 0.02 0.3 11 7.8 16 140 M M 5 1 19 140
3 44 20 32 3 33 0 0.00 0.0 10 7.4 24 340 M M 3 30 330
4 45 29 37 8 28 0 0.00 0.0 5 9.5 18 270 M M 3 24 250
5 35 29 32 2 33 0 0.09 1.0 2 14.1 25 120 M M 10 1 32 120
6 29 11 20 -10 45 0 0.13 1.6 4 14.2 23 40 M M 7 1 29 40
7 15 8 12 -18 53 0 0.13 1.5 4 9.3 16 70 M M 10 1 20 70
8 22 10 16 -15 49 0 0.00 0.0 4 9.0 16 80 M M 10 1 19 60
9 25 17 21 -10 44 0 0.18 4.2 6 9.8 17 330 M M 10 168 20 300
10 29 21 25 -7 40 0 T T 6 16.2 35 130 M M 10 1 46 150
11 36 21 29 -3 36 0 T T 6 24.7 44 300 M M 5 1 56 300
12 22 10 16 -17 49 0 T T 6 22.0 36 310 M M 8 46 310
13 27 3 15 -18 50 0 0.00 0.0 5 10.7 25 150 M M 0 32 140
14 51 19 35 1 30 0 0.00 0.0 5 10.4 23 140 M M 0 31 120
15 50 26 38 4 27 0 0.00 0.0 3 11.5 28 320 M M 3 1 35 330
16 33 25 29 -5 36 0 T T 2 21.3 31 340 M M 7 1 42 350
17 31 11 21 -14 44 0 T T T 22.6 39 320 M M 9 1 53 320
18 28 7 18 -17 47 0 0.00 0.0 T 11.7 25 340 M M 0 34 340
19 55 15 35 -1 30 0 0.00 0.0 T 10.3 20 350 M M 0 24 350
20 34 16 25 -11 40 0 0.00 0.0 T 11.2 18 90 M M 1 26 90
21 30 18 24 -12 41 0 0.04 T T 10.0 21 300 M M 8 1 29 290
22 31 15 23 -14 42 0 0.00 0.0 T 7.3 21 310 M M 4 28 320
23 38 21 30 -7 35 0 0.00 0.0 T 8.4 16 150 M M 9 1 19 150
24 48 23 36 -2 29 0 0.00 0.0 T 6.1 13 140 M M 1 1 18 150
25 30 23 27 -11 38 0 T T T 8.2 15 30 M M 10 128 20 40
26 36 17 27 -11 38 0 0.00 0.0 T 6.6 15 10 M M 3 18 360
27 35 16 26 -13 39 0 0.00 0.0 T 8.1 17 20 M M 5 21 20
28 37 17 27 -12 38 0 0.00 0.0 T 10.5 20 40 M M 2 25 360
29 33 11 22 -18 43 0 0.00 0.0 T 9.1 18 140 M M 2 24 120
30 42 23 33 -7 32 0 0.00 0.0 T 14.1 21 70 M M 2 27 60
31 27 22 25 -15 40 0 0.96 10.0 T 20.2 37 340 M M 10 1268 53 360
================================================================================
SM 1073 526 1210 0 1.59 19.1 378.1 M 166
================================================================================
AV 34.6 17.0 12.2 FASTST M M 5 MAX(MPH)
MISC ----> 44 300 56 300
================================================================================
NOTES:
# LAST OF SEVERAL OCCURRENCES
COLUMN 17 PEAK WIND IN M.P.H.
PRELIMINARY LOCAL CLIMATOLOGICAL DATA (WS FORM: F-6) , PAGE 2
STATION: PIERRE SD
MONTH: MARCH
YEAR: 2023
LATITUDE: 44 22 N
LONGITUDE: 100 17 W
[TEMPERATURE DATA] [PRECIPITATION DATA] SYMBOLS USED IN COLUMN 16
AVERAGE MONTHLY: 25.8 TOTAL FOR MONTH: 1.59 1 = FOG OR MIST
DPTR FM NORMAL: -8.5 DPTR FM NORMAL: 0.63 2 = FOG REDUCING VISIBILITY
HIGHEST: 55 ON 19 GRTST 24HR 0.96 ON 31-31 TO 1/4 MILE OR LESS
LOWEST: 3 ON 13 3 = THUNDER
SNOW, ICE PELLETS, HAIL 4 = ICE PELLETS
TOTAL MONTH: 19.1 INCHES 5 = HAIL
GRTST 24HR 10.0 ON 31-31 6 = FREEZING RAIN OR DRIZZLE
GRTST DEPTH: 11 ON 2 7 = DUSTSTORM OR SANDSTORM:
VSBY 1/2 MILE OR LESS
8 = SMOKE OR HAZE
[NO. OF DAYS WITH] [WEATHER - DAYS WITH] 9 = BLOWING SNOW
X = TORNADO
MAX 32 OR BELOW: 13 0.01 INCH OR MORE: 8
MAX 90 OR ABOVE: 0 0.10 INCH OR MORE: 4
MIN 32 OR BELOW: 31 0.50 INCH OR MORE: 1
MIN 0 OR BELOW: 0 1.00 INCH OR MORE: 0
[HDD (BASE 65) ]
TOTAL THIS MO. 1210 CLEAR (SCALE 0-3) 12
DPTR FM NORMAL 258 PTCLDY (SCALE 4-7) 8
TOTAL FM JUL 1 6740 CLOUDY (SCALE 8-10) 11
DPTR FM NORMAL 285
[CDD (BASE 65) ]
TOTAL THIS MO. 0
DPTR FM NORMAL 0 [PRESSURE DATA]
TOTAL FM JAN 1 0 HIGHEST SLP 30.58 ON 18
DPTR FM NORMAL 0 LOWEST SLP 29.42 ON 1
[REMARKS]
#FINAL-03-23#