000
CXUS51 KPBZ 010830
CF6PIT
PRELIMINARY LOCAL CLIMATOLOGICAL DATA (WS FORM: F-6)
STATION: PITTSBURGH PA
MONTH: JANUARY
YEAR: 2021
LATITUDE: 40 30 N
LONGITUDE: 80 13 W
TEMPERATURE IN F: :PCPN: SNOW: WIND :SUNSHINE: SKY :PK WND
================================================================================
1 2 3 4 5 6A 6B 7 8 9 10 11 12 13 14 15 16 17 18
12Z AVG MX 2MIN
DY MAX MIN AVG DEP HDD CDD WTR SNW DPTH SPD SPD DIR MIN PSBL S-S WX SPD DR
================================================================================
1 42 28 35 6 30 0 0.67 0.0 0 8.2 16 110 M M 9 16 20 110
2 49 36 43 14 22 0 0.04 0.0 0 9.5 21 300 M M 10 18 26 250
3 41 35 38 9 27 0 0.44 0.0 0 5.7 13 290 M M 10 1 18 270
4 36 32 34 5 31 0 0.02 T 0 2.2 12 230 M M 10 1 14 260
5 35 31 33 5 32 0 0.04 0.2 T 5.4 12 310 M M 10 1 15 320
6 36 30 33 5 32 0 T T 0 8.8 14 350 M M 10 18 20 300
7 34 27 31 3 34 0 0.00 0.0 0 6.7 13 10 M M 10 19 360
8 34 26 30 2 35 0 0.00 0.0 0 7.7 13 10 M M 9 16 10
9 38 20 29 1 36 0 0.00 0.0 0 7.2 12 300 M M 6 14 300
10 37 21 29 1 36 0 0.00 0.0 0 2.9 10 340 M M 7 13 340
11 39 23 31 3 34 0 0.00 0.0 0 5.6 15 250 M M 8 1 20 240
12 29 25 27 -1 38 0 0.00 0.0 0 7.9 16 230 M M 10 18 21 220
13 43 22 33 5 32 0 0.00 0.0 0 7.3 16 220 M M 9 1 22 200
14 45 34 40 12 25 0 T T 0 5.8 14 200 M M 9 1 19 200
15 46 28 37 9 28 0 0.13 T 0 7.5 25 130 M M 8 1 32 140
16 32 25 29 1 36 0 0.21 3.2 0 3.9 15 270 M M 9 12 19 260
17 35 30 33 5 32 0 0.11 0.9 2 7.8 14 240 M M 10 1 19 240
18 32 29 31 3 34 0 0.02 0.2 2 9.0 20 290 M M 10 1 25 290
19 37 29 33 5 32 0 T 0.2 1 8.9 17 280 M M 8 8 24 290
20 34 18 26 -2 39 0 0.02 0.4 1 10.9 23 310 M M 8 1 28 310
21 44 19 32 4 33 0 0.00 0.0 T 11.6 23 260 M M 4 35 260
22 37 25 31 3 34 0 0.01 0.1 T 12.6 22 280 M M 9 29 270
23 25 16 21 -7 44 0 0.01 0.1 T 9.6 21 330 M M 8 25 330
24 27 12 20 -8 45 0 T T T 3.6 10 100 M M 8 1 13 90
25 33 25 29 1 36 0 0.04 0.2 0 4.8 12 90 M M 10 146 16 80
26 43 31 37 9 28 0 0.10 T 0 10.9 22 290 M M 10 126 31 250
27 33 25 29 0 36 0 T T 0 10.6 20 310 M M 10 24 320
28 25 18 22 -7 43 0 0.02 0.8 0 14.4 22 300 M M 10 29 330
29 26 13 20 -9 45 0 T T T 10.8 18 300 M M 7 25 310
30 30 8 19 -10 46 0 0.00 0.0 0 3.2 12 90 M M 7 14 80
31 32 27 30 1 35 0 0.39 4.5 1 10.1 17 100 M M 10 1 21 100
================================================================================
SM 1109 768 1070 0 2.27 10.8 241.1 M 273
================================================================================
AV 35.8 24.8 7.8 FASTST M M 9 MAX(MPH)
MISC ----> 25 130 35 260
================================================================================
NOTES:
# LAST OF SEVERAL OCCURRENCES
COLUMN 17 PEAK WIND IN M.P.H.
PRELIMINARY LOCAL CLIMATOLOGICAL DATA (WS FORM: F-6) , PAGE 2
STATION: PITTSBURGH PA
MONTH: JANUARY
YEAR: 2021
LATITUDE: 40 30 N
LONGITUDE: 80 13 W
[TEMPERATURE DATA] [PRECIPITATION DATA] SYMBOLS USED IN COLUMN 16
AVERAGE MONTHLY: 30.3 TOTAL FOR MONTH: 2.27 1 = FOG OR MIST
DPTR FM NORMAL: 1.9 DPTR FM NORMAL: -0.43 2 = FOG REDUCING VISIBILITY
HIGHEST: 49 ON 2 GRTST 24HR 0.72 ON 1- 2 TO 1/4 MILE OR LESS
LOWEST: 8 ON 30 3 = THUNDER
SNOW, ICE PELLETS, HAIL 4 = ICE PELLETS
TOTAL MONTH: 12.0 INCHES 5 = HAIL
GRTST 24HR 4.5 ON 31-31 6 = FREEZING RAIN OR DRIZZLE
GRTST DEPTH: 2 ON 18,17 7 = DUSTSTORM OR SANDSTORM:
VSBY 1/2 MILE OR LESS
8 = SMOKE OR HAZE
[NO. OF DAYS WITH] [WEATHER - DAYS WITH] 9 = BLOWING SNOW
X = TORNADO
MAX 32 OR BELOW: 9 0.01 INCH OR MORE: 16
MAX 90 OR ABOVE: 0 0.10 INCH OR MORE: 7
MIN 32 OR BELOW: 28 0.50 INCH OR MORE: 1
MIN 0 OR BELOW: 0 1.00 INCH OR MORE: 0
[HDD (BASE 65) ]
TOTAL THIS MO. 1070 CLEAR (SCALE 0-3) 0
DPTR FM NORMAL -64 PTCLDY (SCALE 4-7) 8
TOTAL FM JUL 1 3016 CLOUDY (SCALE 8-10) 23
DPTR FM NORMAL -296
[CDD (BASE 65) ]
TOTAL THIS MO. 0
DPTR FM NORMAL 0 [PRESSURE DATA]
TOTAL FM JAN 1 0 HIGHEST SLP 30.50 ON 28
DPTR FM NORMAL 0 LOWEST SLP 29.56 ON 15
[REMARKS]
#FINAL-01-21#