000
CXUS51 KRLX 012010
CF6PKB
PRELIMINARY LOCAL CLIMATOLOGICAL DATA (WS FORM: F-6)
STATION: PARKERSBURG WV
MONTH: JULY
YEAR: 2023
LATITUDE: 39 20 N
LONGITUDE: 81 26 W
TEMPERATURE IN F: :PCPN: SNOW: WIND :SUNSHINE: SKY :PK WND
================================================================================
1 2 3 4 5 6A 6B 7 8 9 10 11 12 13 14 15 16 17 18
12Z AVG MX 2MIN
DY MAX MIN AVG DEP HDD CDD WTR SNW DPTH SPD SPD DIR MIN PSBL S-S WX SPD DR
================================================================================
1 84 69 77 3 0 12 T M M 4.5 14 290 M M 5 13 22 280
2 85 70 78 4 0 13 0.01 M M 8.3 17 200 M M 5 3 24 200
3 83 68 76 2 0 11 0.07 M M 6.0 15 210 M M 7 13 21 220
4 89 66 78 4 0 13 T M M 2.6 18 50 M M 3 1 23 360
5 90 65 78 3 0 13 0.00 M M 0.7 9 190 M M 2 12 12 170
6 88 65 77 2 0 12 1.43 M M 2.6 22 200 M M 2 13 30 200
7 87 67 77 2 0 12 0.00 M M 1.7 9 300 M M 6 1 14 300
8 86 64 75 0 0 10 T M M 2.1 9 260 M M 2 13 14 250
9 80 66 73 -2 0 8 0.51 M M 1.5 12 310 M M 7 138 16 330
10 84 59 72 -3 0 7 0.00 M M 2.6 9 300 M M 1 1 14 290
11 86 59 73 -2 0 8 0.00 M M 3.1 12 230 M M 2 18 17 250
12 87 62 75 0 0 10 0.00 M M 3.8 12 210 M M 1 17 210
13 90 66 78 3 0 13 0.29 M M 5.6 17 150 M M 5 13 22 150
14 88 67 78 3 0 13 0.60 M M 1.6 13 190 M M 4 13 17 200
15 86 66 76 1 0 11 0.20 M M 3.3 10 180 M M 5 123 13 170
16 85 68 77 2 0 12 0.00 M M 4.1 13 270 M M 5 18 19 290
17 83 65 74 -1 0 9 0.47 M M 5.4 30 290 M M 4 138 46 280
18 82 62 72 -3 0 7 0.43 M M 4.0 16 210 M M 5 13 24 210
19 82 63 73 -2 0 8 0.00 M M 2.0 7 310 M M 7 12 9 170
20 87 67 77 2 0 12 0.40 M M 4.1 17 310 M M 5 123 29 290
21 82 64 73 -2 0 8 0.00 M M 3.6 10 320 M M 6 12 16 290
22 82 59 71 -4 0 6 0.00 M M 1.2 8 330 M M 2 1 10 330
23 84 57 71 -4 0 6 0.00 M M 1.8 8 180 M M 2 1 11 170
24 84 60 72 -3 0 7 0.86 M M 5.1 28 290 M M 1 13 44 290
25 84 63 74 -1 0 9 0.03 M M 1.9 12 260 M M 4 13 15 250
26 90 62 76 1 0 11 0.00 M M 5.3 16 210 M M 3 12 22 200
27 88 72 80 5 0 15 0.71 M M 6.2 16 220 M M 6 1238 23 190
28 87 68 78 3 0 13 0.59 M M 2.8 35 290 M M 3 13 56 270
29 86 69 78 3 0 13 0.00 M M 5.0 17 310 M M 4 13 26 330
30 85 64 75 1 0 10 0.05 M M 1.9 9 340 M M 3 12 16 10
31 81 60 71 -3 0 6 0.00 M M 3.2 10 330 M M 5 12 17 320
================================================================================
SM 2645 2002 0 318 6.65 M 107.6 M 122
================================================================================
AV 85.3 64.6 3.5 FASTST M M 4 MAX(MPH)
MISC ----> 35 290 56 270
================================================================================
NOTES:
# LAST OF SEVERAL OCCURRENCES
COLUMN 17 PEAK WIND IN M.P.H.
PRELIMINARY LOCAL CLIMATOLOGICAL DATA (WS FORM: F-6) , PAGE 2
STATION: PARKERSBURG WV
MONTH: JULY
YEAR: 2023
LATITUDE: 39 20 N
LONGITUDE: 81 26 W
[TEMPERATURE DATA] [PRECIPITATION DATA] SYMBOLS USED IN COLUMN 16
AVERAGE MONTHLY: 75.0 TOTAL FOR MONTH: 6.65 1 = FOG OR MIST
DPTR FM NORMAL: 0.3 DPTR FM NORMAL: 2.20 2 = FOG REDUCING VISIBILITY
HIGHEST: 90 ON 26,13 GRTST 24HR 1.43 ON 6- 6 TO 1/4 MILE OR LESS
LOWEST: 57 ON 23 3 = THUNDER
SNOW, ICE PELLETS, HAIL 4 = ICE PELLETS
TOTAL MONTH: M 5 = HAIL
GRTST 24HR M ON M 6 = FREEZING RAIN OR DRIZZLE
GRTST DEPTH: M ON M 7 = DUSTSTORM OR SANDSTORM:
VSBY 1/2 MILE OR LESS
8 = SMOKE OR HAZE
[NO. OF DAYS WITH] [WEATHER - DAYS WITH] 9 = BLOWING SNOW
X = TORNADO
MAX 32 OR BELOW: 0 0.01 INCH OR MORE: 15
MAX 90 OR ABOVE: 3 0.10 INCH OR MORE: 11
MIN 32 OR BELOW: 0 0.50 INCH OR MORE: 6
MIN 0 OR BELOW: 0 1.00 INCH OR MORE: 1
[HDD (BASE 65) ]
TOTAL THIS MO. 0 CLEAR (SCALE 0-3) 12
DPTR FM NORMAL -1 PTCLDY (SCALE 4-7) 19
TOTAL FM JUL 1 0 CLOUDY (SCALE 8-10) 0
DPTR FM NORMAL 0
[CDD (BASE 65) ]
TOTAL THIS MO. 318
DPTR FM NORMAL 17 [PRESSURE DATA]
TOTAL FM JAN 1 470 HIGHEST SLP 30.17 ON 24
DPTR FM NORMAL -124 LOWEST SLP 29.78 ON 13
[REMARKS]
#FINAL-07-23#