000
CXUS53 KAPX 010631
CF6PLN
PRELIMINARY LOCAL CLIMATOLOGICAL DATA (WS FORM: F-6)
STATION: PELLSTON
MONTH: JUNE
YEAR: 2020
LATITUDE: 45 34 N
LONGITUDE: 84 48 W
TEMPERATURE IN F: :PCPN: SNOW: WIND :SUNSHINE: SKY :PK WND
================================================================================
1 2 3 4 5 6A 6B 7 8 9 10 11 12 13 14 15 16 17 18
12Z AVG MX 2MIN
DY MAX MIN AVG DEP HDD CDD WTR SNW DPTH SPD SPD DIR MIN PSBL S-S WX SPD DR
================================================================================
1 75 39 57 0 8 0 0.13 M M 7.8 21 250 M M 4 1 32 270
2 84 54 69 12 0 4 0.01 M M 5.9 21 280 M M 2 1 31 290
3 81 54 68 11 0 3 T M M 6.1 17 320 M M 2 1 25 10
4 81 47 64 6 1 0 T M M 2.1 14 310 M M 0 1 18 310
5 73 45 59 1 6 0 0.01 M M 2.3 15 330 M M 3 1 20 330
6 68 47 58 0 7 0 0.00 M M 9.4 20 320 M M 1 30 310
7 65 35 50 -9 15 0 T M M 4.1 13 70 M M 1 1 18 50
8 85 47 66 7 0 1 0.00 M M 4.6 14 210 M M 3 20 200
9 87 50 69 10 0 4 T M M 6.1 16 110 M M 0 26 110
10 79 52 66 6 0 1 1.13 M M 13.5 31 230 M M 6 13 49 210
11 70 43 57 -3 8 0 0.07 M M 14.4 28 250 M M 5 1 45 250
12 60 38 49 -11 16 0 0.00 M M 9.8 18 290 M M 4 31 310
13 67 32 50 -10 15 0 0.00 M M 3.1 15 70 M M 0 20 100
14 71 34 53 -8 12 0 0.00 M M 4.3 17 90 M M 0 25 100
15 76 31 54 -7 11 0 0.00 M M 4.1 14 110 M M 0 20 100
16 81 40 61 0 4 0 0.00 M M 4.2 15 240 M M 0 23 260
17 86 47 67 5 0 2 0.00 M M 4.1 15 80 M M 0 1 21 90
18 87 49 68 6 0 3 0.00 M M 3.3 16 340 M M 1 1 21 320
19 89 51 70 8 0 5 0.00 M M 2.7 12 250 M M 0 1 17 250
20 90 52 71 9 0 6 0.07 M M 4.1 16 320 M M 3 1 21 320
21 75 56 66 3 0 1 0.04 M M 6.3 16 270 M M 5 1 22 270
22 81 50 66 3 0 1 0.32 M M 4.1 14 260 M M 6 12 19 260
23 65 55 60 -3 5 0 1.02 M M 11.6 28 310 M M 10 1 39 320
24 70 52 61 -2 4 0 0.01 M M 11.1 22 300 M M 4 35 300
25 78 49 64 0 1 0 0.00 M M 6.9 16 230 M M 1 25 270
26 83 53 68 4 0 3 0.01 M M 6.9 15 230 M M 3 25 250
27 77 57 67 3 0 2 0.00 M M 10.1 21 280 M M 4 1 30 310
28 85 53 69 5 0 4 0.00 M M 3.4 12 320 M M 1 1 17 310
29 90 53 72 8 0 7 0.00 M M 3.1 18 100 M M 1 24 100
30 89 57 73 9 0 8 0.00 M M 4.3 16 90 M M 0 22 90
================================================================================
SM 2348 1422 113 55 2.82 M 183.8 M 70
================================================================================
AV 78.3 47.4 6.1 FASTST M M 2 MAX(MPH)
MISC ----> # 31 230 # 49 210
================================================================================
NOTES:
# LAST OF SEVERAL OCCURRENCES
COLUMN 17 PEAK WIND IN M.P.H.
PRELIMINARY LOCAL CLIMATOLOGICAL DATA (WS FORM: F-6) , PAGE 2
STATION: PELLSTON
MONTH: JUNE
YEAR: 2020
LATITUDE: 45 34 N
LONGITUDE: 84 48 W
[TEMPERATURE DATA] [PRECIPITATION DATA] SYMBOLS USED IN COLUMN 16
AVERAGE MONTHLY: 62.8 TOTAL FOR MONTH: 2.82 1 = FOG OR MIST
DPTR FM NORMAL: 1.8 DPTR FM NORMAL: 0.32 2 = FOG REDUCING VISIBILITY
HIGHEST: 90 ON 29,20 GRTST 24HR 1.13 ON 10-10 TO 1/4 MILE OR LESS
LOWEST: 31 ON 15 3 = THUNDER
SNOW, ICE PELLETS, HAIL 4 = ICE PELLETS
TOTAL MONTH: M 5 = HAIL
GRTST 24HR M ON M 6 = FREEZING RAIN OR DRIZZLE
GRTST DEPTH: M ON M 7 = DUSTSTORM OR SANDSTORM:
VSBY 1/2 MILE OR LESS
8 = SMOKE OR HAZE
[NO. OF DAYS WITH] [WEATHER - DAYS WITH] 9 = BLOWING SNOW
X = TORNADO
MAX 32 OR BELOW: 0 0.01 INCH OR MORE: 11
MAX 90 OR ABOVE: 2 0.10 INCH OR MORE: 4
MIN 32 OR BELOW: 2 0.50 INCH OR MORE: 2
MIN 0 OR BELOW: 0 1.00 INCH OR MORE: 2
[HDD (BASE 65) ]
TOTAL THIS MO. 113 CLEAR (SCALE 0-3) 21
DPTR FM NORMAL -53 PTCLDY (SCALE 4-7) 8
TOTAL FM JUL 1 8078 CLOUDY (SCALE 8-10) 1
DPTR FM NORMAL -576
[CDD (BASE 65) ]
TOTAL THIS MO. 55
DPTR FM NORMAL 11 [PRESSURE DATA]
TOTAL FM JAN 1 86 HIGHEST SLP M ON M
DPTR FM NORMAL 31 LOWEST SLP 29.35 ON 10
[REMARKS]
#FINAL-06-20#
#FINAL-06-20#