000
CXUS56 KLOX 011155
CF6PMD
PRELIMINARY LOCAL CLIMATOLOGICAL DATA (WS FORM: F-6)
STATION: PALMDALE AIRPORT CA
MONTH: JUNE
YEAR: 2022
LATITUDE: 34 37 N
LONGITUDE: 118 5 W
TEMPERATURE IN F: :PCPN: SNOW: WIND :SUNSHINE: SKY :PK WND
================================================================================
1 2 3 4 5 6A 6B 7 8 9 10 11 12 13 14 15 16 17 18
12Z AVG MX 2MIN
DY MAX MIN AVG DEP HDD CDD WTR SNW DPTH SPD SPD DIR MIN PSBL S-S WX SPD DR
================================================================================
1 91 53 72 1 0 7 0.00 M M 7.7 22 230 M M 0 28 230
2 93 58 76 4 0 11 0.00 M M 11.0 24 250 M M 0 32 240
3 90 61 76 4 0 11 0.00 M M 13.8 26 240 M M 0 34 220
4 84 61 73 1 0 8 0.00 M M 15.9 28 250 M M 0 44 270
5 89 64 77 5 0 12 0.00 M M 20.4 37 280 M M 0 44 300
6 94 67 81 8 0 16 0.00 M M 16.4 29 290 M M 0 36 290
7 99 60 80 7 0 15 0.00 M M 9.6 25 290 M M 0 30 290
8 99 59 79 6 0 14 0.00 M M 11.6 28 290 M M 0 37 290
9 101 60 81 7 0 16 0.00 M M 7.9 21 260 M M 0 26 290
10 103 63 83 9 0 18 0.00 M M 8.8 24 240 M M 0 35 240
11 102 69 86 12 0 21 0.00 M M 12.0 24 240 M M 0 34 260
12 94 72 83 9 0 18 0.00 M M 17.4 31 230 M M 0 38 260
13 86 64 75 0 0 10 0.00 M M 24.9 45 280 M M 0 55 280
14 92 59 76 1 0 11 0.00 M M 11.3 28 280 M M 0 36 290
15 99 59 79 4 0 14 0.00 M M 7.3 18 230 M M 0 22 230
16 100 62 81 5 0 16 0.00 M M 12.0 32 210 M M 0 44 230
17 83 57 70 -6 0 5 0.00 M M 16.0 29 250 M M 0 37 230
18 78 53 66 -10 0 1 0.00 M M 15.0 28 240 M M 0 36 260
19 84 54 69 -7 0 4 0.00 M M 12.9 29 280 M M 0 35 280
20 92 52 72 -5 0 7 0.00 M M 5.7 17 90 M M 0 26 90
21 97 57 77 0 0 12 0.00 M M 8.8 24 210 M M 0 32 200
22 78 64 71 -6 0 6 0.30 M M 5.0 15 160 M M 4 3 17 90
23 95 60 78 0 0 13 0.00 M M 8.1 24 230 M M 0 32 240
24 97 65 81 3 0 16 0.00 M M 11.1 23 220 M M 0 29 220
25 100 68 84 6 0 19 0.00 M M 9.5 22 240 M M 0 28 230
26 103 66 85 6 0 20 0.00 M M 8.7 21 210 M M 0 29 230
27 104 68 86 7 0 21 0.00 M M 8.9 25 220 M M 0 32 220
28 103 71 87 8 0 22 0.00 M M 11.6 28 240 M M 0 37 220
29 98 75 87 7 0 22 0.00 M M 14.2 29 220 M M 0 36 200
30 95 74 85 5 0 20 0.00 M M 16.3 28 220 M M 0 35 230
================================================================================
SM 2823 1875 0 406 0.30 M 359.8 M 4
================================================================================
AV 94.1 62.5 12.0 FASTST M M 0 MAX(MPH)
MISC ----> 45 280 55 280
================================================================================
NOTES:
# LAST OF SEVERAL OCCURRENCES
COLUMN 17 PEAK WIND IN M.P.H.
PRELIMINARY LOCAL CLIMATOLOGICAL DATA (WS FORM: F-6) , PAGE 2
STATION: PALMDALE AIRPORT CA
MONTH: JUNE
YEAR: 2022
LATITUDE: 34 37 N
LONGITUDE: 118 5 W
[TEMPERATURE DATA] [PRECIPITATION DATA] SYMBOLS USED IN COLUMN 16
AVERAGE MONTHLY: 78.3 TOTAL FOR MONTH: 0.30 1 = FOG OR MIST
DPTR FM NORMAL: 2.9 DPTR FM NORMAL: 0.28 2 = FOG REDUCING VISIBILITY
HIGHEST: 104 ON 27 GRTST 24HR 0.30 ON 22-22 TO 1/4 MILE OR LESS
LOWEST: 52 ON 20 3 = THUNDER
SNOW, ICE PELLETS, HAIL 4 = ICE PELLETS
TOTAL MONTH: M 5 = HAIL
GRTST 24HR M ON M 6 = FREEZING RAIN OR DRIZZLE
GRTST DEPTH: M ON M 7 = DUSTSTORM OR SANDSTORM:
VSBY 1/2 MILE OR LESS
8 = SMOKE OR HAZE
[NO. OF DAYS WITH] [WEATHER - DAYS WITH] 9 = BLOWING SNOW
X = TORNADO
MAX 32 OR BELOW: 0 0.01 INCH OR MORE: 1
MAX 90 OR ABOVE: 23 0.10 INCH OR MORE: 1
MIN 32 OR BELOW: 0 0.50 INCH OR MORE: 0
MIN 0 OR BELOW: 0 1.00 INCH OR MORE: 0
[HDD (BASE 65) ]
TOTAL THIS MO. 0 CLEAR (SCALE 0-3) 29
DPTR FM NORMAL -8 PTCLDY (SCALE 4-7) 1
TOTAL FM JUL 1 2488 CLOUDY (SCALE 8-10) 0
DPTR FM NORMAL -289
[CDD (BASE 65) ]
TOTAL THIS MO. 406
DPTR FM NORMAL 84 [PRESSURE DATA]
TOTAL FM JAN 1 600 HIGHEST SLP 30.05 ON 22
DPTR FM NORMAL 108 LOWEST SLP 29.64 ON 16
[REMARKS]
#FINAL-06-22#